{"id":871,"date":"2019-10-10T12:43:59","date_gmt":"2019-10-10T10:43:59","guid":{"rendered":"https:\/\/www.xn--bgerogting-0cb.dk\/index.php\/vare\/import-placeholder-for-277\/"},"modified":"2023-12-14T14:00:07","modified_gmt":"2023-12-14T13:00:07","slug":"lille-isbjoern-rejser-jorden-rundt-af-hermann-altenburger","status":"publish","type":"product","link":"https:\/\/www.xn--bgerogting-0cb.dk\/index.php\/vare\/lille-isbjoern-rejser-jorden-rundt-af-hermann-altenburger\/","title":{"rendered":"Lille Isbj\u00f8rn rejser jorden rundt af Hermann Altenburger"},"content":{"rendered":"<p>Lille Isbj\u00f8rn rejser jorden rundt af Hermann Altenburger.<br \/>\nBogklubben Rasmus, 1980 &#8211; Bogklubudgave &#8211; 36 sider &#8211; HardbackIllustreret af forfatteren &#8211; Originaltitel: Reise zu den pinguinen &#8211; P\u00e5 dansk ved Mich Vraa<br \/>\nBogen er i fin stand.<\/p>\n<p>S\u00f8d billedbog om en lille isbj\u00f8rn, som f\u00e5r et br\u00e6ndende \u00f8nske om at se pingvinerne p\u00e5 Sydpolen. Sammen med sin far og mor drager han ud p\u00e5 en lang og sp\u00e6ndende rejse &#8230;<\/p>\n","protected":false},"excerpt":{"rendered":"<p>Lille Isbj\u00f8rn rejser jorden rundt af Hermann Altenburger.<br \/>\nBogklubben Rasmus, 1980 &#8211; Bogklubudgave &#8211; 36 sider &#8211; HardbackIllustreret af forfatteren &#8211; Originaltitel: Reise zu den pinguinen &#8211; P\u00e5 dansk ved Mich Vraa<br \/>\nBogen er i fin stand.<\/p>\n<p>S\u00f8d billedbog om en lille isbj\u00f8rn, som f\u00e5r et br\u00e6ndende \u00f8nske om at se pingvinerne p\u00e5 Sydpolen. Sammen med sin far og mor drager han ud p\u00e5 en lang og sp\u00e6ndende rejse &#8230;<\/p>\n","protected":false},"featured_media":15526,"template":"","meta":[],"product_brand":[],"product_cat":[85,1080,27,35],"product_tag":[243,241,242],"class_list":{"0":"post-871","1":"product","2":"type-product","3":"status-publish","4":"has-post-thumbnail","6":"product_cat-alle-tiders-boerneboeger-1980-1989","7":"product_cat-bogklubben-rasmus","8":"product_cat-boeger","9":"product_cat-barneboger","10":"product_tag-bogklubben-rasmus","11":"product_tag-hermann-altenburger","12":"product_tag-isbjoerne","13":"product_shipping_class-under-1-kg","15":"first","16":"instock","17":"shipping-taxable","18":"purchasable","19":"product-type-simple"},"yoast_head":"<!-- This site is optimized with the Yoast SEO Premium plugin v27.4 (Yoast SEO v27.5) - https:\/\/yoast.com\/product\/yoast-seo-premium-wordpress\/ -->\n<title>Lille Isbj\u00f8rn rejser jorden rundt af Hermann Altenburger - B\u00f8ger og Ting<\/title>\n<meta name=\"robots\" content=\"index, follow, max-snippet:-1, max-image-preview:large, max-video-preview:-1\" \/>\n<link rel=\"canonical\" href=\"https:\/\/www.xn--bgerogting-0cb.dk\/index.php\/vare\/lille-isbjoern-rejser-jorden-rundt-af-hermann-altenburger\/\" \/>\n<meta property=\"og:locale\" content=\"da_DK\" \/>\n<meta property=\"og:type\" content=\"article\" \/>\n<meta property=\"og:title\" content=\"Lille Isbj\u00f8rn rejser jorden rundt af Hermann Altenburger\" \/>\n<meta property=\"og:description\" content=\"Lille Isbj\u00f8rn rejser jorden rundt af Hermann Altenburger. Bogklubben Rasmus, 1980 - Bogklubudgave - 36 sider - HardbackIllustreret af forfatteren - Originaltitel: Reise zu den pinguinen - P\u00e5 dansk ved Mich Vraa Bogen er i fin stand.  S\u00f8d billedbog om en lille isbj\u00f8rn, som f\u00e5r et br\u00e6ndende \u00f8nske om at se pingvinerne p\u00e5 Sydpolen. Sammen med sin far og mor drager han ud p\u00e5 en lang og sp\u00e6ndende rejse ...\" \/>\n<meta property=\"og:url\" content=\"https:\/\/www.xn--bgerogting-0cb.dk\/index.php\/vare\/lille-isbjoern-rejser-jorden-rundt-af-hermann-altenburger\/\" \/>\n<meta property=\"og:site_name\" content=\"B\u00f8ger og Ting\" \/>\n<meta property=\"article:publisher\" content=\"https:\/\/www.facebook.com\/boegerogting\/\" \/>\n<meta property=\"article:modified_time\" content=\"2023-12-14T13:00:07+00:00\" \/>\n<meta property=\"og:image\" content=\"https:\/\/www.xn--bgerogting-0cb.dk\/wp-content\/uploads\/2019\/10\/Lille-Isbjoern-rejser-jorden-rundt-af-Hermann-Altenburger.jpg\" \/>\n\t<meta property=\"og:image:width\" content=\"1920\" \/>\n\t<meta property=\"og:image:height\" content=\"1920\" \/>\n\t<meta property=\"og:image:type\" content=\"image\/jpeg\" \/>\n<meta name=\"twitter:card\" content=\"summary_large_image\" \/>\n<meta name=\"twitter:label1\" content=\"Pris\" \/>\n\t<meta name=\"twitter:data1\" content=\"kr.&nbsp;80,00\" \/>\n\t<meta name=\"twitter:label2\" content=\"Tilg\u00e6ngelighed\" \/>\n\t<meta name=\"twitter:data2\" content=\"P\u00e5 lager\" \/>\n<script type=\"application\/ld+json\" class=\"yoast-schema-graph\">{\"@context\":\"https:\\\/\\\/schema.org\",\"@graph\":[{\"@type\":\"WebPage\",\"@id\":\"https:\\\/\\\/www.xn--bgerogting-0cb.dk\\\/index.php\\\/vare\\\/lille-isbjoern-rejser-jorden-rundt-af-hermann-altenburger\\\/\",\"url\":\"https:\\\/\\\/www.xn--bgerogting-0cb.dk\\\/index.php\\\/vare\\\/lille-isbjoern-rejser-jorden-rundt-af-hermann-altenburger\\\/\",\"name\":\"Lille Isbj\u00f8rn rejser jorden rundt af Hermann Altenburger - B\u00f8ger og Ting\",\"isPartOf\":{\"@id\":\"https:\\\/\\\/www.xn--bgerogting-0cb.dk\\\/#website\"},\"primaryImageOfPage\":{\"@id\":\"https:\\\/\\\/www.xn--bgerogting-0cb.dk\\\/index.php\\\/vare\\\/lille-isbjoern-rejser-jorden-rundt-af-hermann-altenburger\\\/#primaryimage\"},\"image\":{\"@id\":\"https:\\\/\\\/www.xn--bgerogting-0cb.dk\\\/index.php\\\/vare\\\/lille-isbjoern-rejser-jorden-rundt-af-hermann-altenburger\\\/#primaryimage\"},\"thumbnailUrl\":\"https:\\\/\\\/i0.wp.com\\\/www.xn--bgerogting-0cb.dk\\\/wp-content\\\/uploads\\\/2019\\\/10\\\/Lille-Isbjoern-rejser-jorden-rundt-af-Hermann-Altenburger.jpg?fit=1920%2C1920&ssl=1\",\"datePublished\":\"2019-10-10T10:43:59+00:00\",\"dateModified\":\"2023-12-14T13:00:07+00:00\",\"breadcrumb\":{\"@id\":\"https:\\\/\\\/www.xn--bgerogting-0cb.dk\\\/index.php\\\/vare\\\/lille-isbjoern-rejser-jorden-rundt-af-hermann-altenburger\\\/#breadcrumb\"},\"inLanguage\":\"da-DK\",\"potentialAction\":[{\"@type\":\"ReadAction\",\"target\":[\"https:\\\/\\\/www.xn--bgerogting-0cb.dk\\\/index.php\\\/vare\\\/lille-isbjoern-rejser-jorden-rundt-af-hermann-altenburger\\\/\"]}]},{\"@type\":\"ImageObject\",\"inLanguage\":\"da-DK\",\"@id\":\"https:\\\/\\\/www.xn--bgerogting-0cb.dk\\\/index.php\\\/vare\\\/lille-isbjoern-rejser-jorden-rundt-af-hermann-altenburger\\\/#primaryimage\",\"url\":\"https:\\\/\\\/i0.wp.com\\\/www.xn--bgerogting-0cb.dk\\\/wp-content\\\/uploads\\\/2019\\\/10\\\/Lille-Isbjoern-rejser-jorden-rundt-af-Hermann-Altenburger.jpg?fit=1920%2C1920&ssl=1\",\"contentUrl\":\"https:\\\/\\\/i0.wp.com\\\/www.xn--bgerogting-0cb.dk\\\/wp-content\\\/uploads\\\/2019\\\/10\\\/Lille-Isbjoern-rejser-jorden-rundt-af-Hermann-Altenburger.jpg?fit=1920%2C1920&ssl=1\",\"width\":1920,\"height\":1920,\"caption\":\"Lille Isbj\u00f8rn rejser jorden rundt af Hermann Altenburger\"},{\"@type\":\"BreadcrumbList\",\"@id\":\"https:\\\/\\\/www.xn--bgerogting-0cb.dk\\\/index.php\\\/vare\\\/lille-isbjoern-rejser-jorden-rundt-af-hermann-altenburger\\\/#breadcrumb\",\"itemListElement\":[{\"@type\":\"ListItem\",\"position\":1,\"name\":\"Home\",\"item\":\"https:\\\/\\\/www.xn--bgerogting-0cb.dk\\\/\"},{\"@type\":\"ListItem\",\"position\":2,\"name\":\"Butik\",\"item\":\"https:\\\/\\\/www.xn--bgerogting-0cb.dk\\\/index.php\\\/shop\\\/\"},{\"@type\":\"ListItem\",\"position\":3,\"name\":\"Lille Isbj\u00f8rn rejser jorden rundt af Hermann Altenburger\"}]},{\"@type\":\"WebSite\",\"@id\":\"https:\\\/\\\/www.xn--bgerogting-0cb.dk\\\/#website\",\"url\":\"https:\\\/\\\/www.xn--bgerogting-0cb.dk\\\/\",\"name\":\"B\u00f8ger og Ting\",\"description\":\"Antikvarisk, retro, vintage og antik\",\"publisher\":{\"@id\":\"https:\\\/\\\/www.xn--bgerogting-0cb.dk\\\/#organization\"},\"potentialAction\":[{\"@type\":\"SearchAction\",\"target\":{\"@type\":\"EntryPoint\",\"urlTemplate\":\"https:\\\/\\\/www.xn--bgerogting-0cb.dk\\\/?s={search_term_string}\"},\"query-input\":{\"@type\":\"PropertyValueSpecification\",\"valueRequired\":true,\"valueName\":\"search_term_string\"}}],\"inLanguage\":\"da-DK\"},{\"@type\":\"Organization\",\"@id\":\"https:\\\/\\\/www.xn--bgerogting-0cb.dk\\\/#organization\",\"name\":\"B\u00f8ger og Ting\",\"url\":\"https:\\\/\\\/www.xn--bgerogting-0cb.dk\\\/\",\"logo\":{\"@type\":\"ImageObject\",\"inLanguage\":\"da-DK\",\"@id\":\"https:\\\/\\\/www.xn--bgerogting-0cb.dk\\\/#\\\/schema\\\/logo\\\/image\\\/\",\"url\":\"https:\\\/\\\/i0.wp.com\\\/www.xn--bgerogting-0cb.dk\\\/wp-content\\\/uploads\\\/2019\\\/10\\\/webicon.png?fit=205%2C205&ssl=1\",\"contentUrl\":\"https:\\\/\\\/i0.wp.com\\\/www.xn--bgerogting-0cb.dk\\\/wp-content\\\/uploads\\\/2019\\\/10\\\/webicon.png?fit=205%2C205&ssl=1\",\"width\":205,\"height\":205,\"caption\":\"B\u00f8ger og Ting\"},\"image\":{\"@id\":\"https:\\\/\\\/www.xn--bgerogting-0cb.dk\\\/#\\\/schema\\\/logo\\\/image\\\/\"},\"sameAs\":[\"https:\\\/\\\/www.facebook.com\\\/boegerogting\\\/\",\"https:\\\/\\\/www.instagram.com\\\/bogerogting\\\/\"]}]}<\/script>\n<meta property=\"product:price:amount\" content=\"80.00\" \/>\n<meta property=\"product:price:currency\" content=\"DKK\" \/>\n<meta property=\"og:availability\" content=\"instock\" \/>\n<meta property=\"product:availability\" content=\"instock\" \/>\n<meta property=\"product:retailer_item_id\" content=\"10057\" \/>\n<meta property=\"product:condition\" content=\"new\" \/>\n<!-- \/ Yoast SEO Premium plugin. -->","yoast_head_json":{"title":"Lille Isbj\u00f8rn rejser jorden rundt af Hermann Altenburger - B\u00f8ger og Ting","robots":{"index":"index","follow":"follow","max-snippet":"max-snippet:-1","max-image-preview":"max-image-preview:large","max-video-preview":"max-video-preview:-1"},"canonical":"https:\/\/www.xn--bgerogting-0cb.dk\/index.php\/vare\/lille-isbjoern-rejser-jorden-rundt-af-hermann-altenburger\/","og_locale":"da_DK","og_type":"article","og_title":"Lille Isbj\u00f8rn rejser jorden rundt af Hermann Altenburger","og_description":"Lille Isbj\u00f8rn rejser jorden rundt af Hermann Altenburger. Bogklubben Rasmus, 1980 - Bogklubudgave - 36 sider - HardbackIllustreret af forfatteren - Originaltitel: Reise zu den pinguinen - P\u00e5 dansk ved Mich Vraa Bogen er i fin stand.  S\u00f8d billedbog om en lille isbj\u00f8rn, som f\u00e5r et br\u00e6ndende \u00f8nske om at se pingvinerne p\u00e5 Sydpolen. Sammen med sin far og mor drager han ud p\u00e5 en lang og sp\u00e6ndende rejse ...","og_url":"https:\/\/www.xn--bgerogting-0cb.dk\/index.php\/vare\/lille-isbjoern-rejser-jorden-rundt-af-hermann-altenburger\/","og_site_name":"B\u00f8ger og Ting","article_publisher":"https:\/\/www.facebook.com\/boegerogting\/","article_modified_time":"2023-12-14T13:00:07+00:00","og_image":[{"width":1920,"height":1920,"url":"https:\/\/www.xn--bgerogting-0cb.dk\/wp-content\/uploads\/2019\/10\/Lille-Isbjoern-rejser-jorden-rundt-af-Hermann-Altenburger.jpg","type":"image\/jpeg"}],"twitter_card":"summary_large_image","twitter_misc":{"Pris":"kr.&nbsp;80,00","Tilg\u00e6ngelighed":"P\u00e5 lager"},"schema":{"@context":"https:\/\/schema.org","@graph":[{"@type":"WebPage","@id":"https:\/\/www.xn--bgerogting-0cb.dk\/index.php\/vare\/lille-isbjoern-rejser-jorden-rundt-af-hermann-altenburger\/","url":"https:\/\/www.xn--bgerogting-0cb.dk\/index.php\/vare\/lille-isbjoern-rejser-jorden-rundt-af-hermann-altenburger\/","name":"Lille Isbj\u00f8rn rejser jorden rundt af Hermann Altenburger - B\u00f8ger og Ting","isPartOf":{"@id":"https:\/\/www.xn--bgerogting-0cb.dk\/#website"},"primaryImageOfPage":{"@id":"https:\/\/www.xn--bgerogting-0cb.dk\/index.php\/vare\/lille-isbjoern-rejser-jorden-rundt-af-hermann-altenburger\/#primaryimage"},"image":{"@id":"https:\/\/www.xn--bgerogting-0cb.dk\/index.php\/vare\/lille-isbjoern-rejser-jorden-rundt-af-hermann-altenburger\/#primaryimage"},"thumbnailUrl":"https:\/\/i0.wp.com\/www.xn--bgerogting-0cb.dk\/wp-content\/uploads\/2019\/10\/Lille-Isbjoern-rejser-jorden-rundt-af-Hermann-Altenburger.jpg?fit=1920%2C1920&ssl=1","datePublished":"2019-10-10T10:43:59+00:00","dateModified":"2023-12-14T13:00:07+00:00","breadcrumb":{"@id":"https:\/\/www.xn--bgerogting-0cb.dk\/index.php\/vare\/lille-isbjoern-rejser-jorden-rundt-af-hermann-altenburger\/#breadcrumb"},"inLanguage":"da-DK","potentialAction":[{"@type":"ReadAction","target":["https:\/\/www.xn--bgerogting-0cb.dk\/index.php\/vare\/lille-isbjoern-rejser-jorden-rundt-af-hermann-altenburger\/"]}]},{"@type":"ImageObject","inLanguage":"da-DK","@id":"https:\/\/www.xn--bgerogting-0cb.dk\/index.php\/vare\/lille-isbjoern-rejser-jorden-rundt-af-hermann-altenburger\/#primaryimage","url":"https:\/\/i0.wp.com\/www.xn--bgerogting-0cb.dk\/wp-content\/uploads\/2019\/10\/Lille-Isbjoern-rejser-jorden-rundt-af-Hermann-Altenburger.jpg?fit=1920%2C1920&ssl=1","contentUrl":"https:\/\/i0.wp.com\/www.xn--bgerogting-0cb.dk\/wp-content\/uploads\/2019\/10\/Lille-Isbjoern-rejser-jorden-rundt-af-Hermann-Altenburger.jpg?fit=1920%2C1920&ssl=1","width":1920,"height":1920,"caption":"Lille Isbj\u00f8rn rejser jorden rundt af Hermann Altenburger"},{"@type":"BreadcrumbList","@id":"https:\/\/www.xn--bgerogting-0cb.dk\/index.php\/vare\/lille-isbjoern-rejser-jorden-rundt-af-hermann-altenburger\/#breadcrumb","itemListElement":[{"@type":"ListItem","position":1,"name":"Home","item":"https:\/\/www.xn--bgerogting-0cb.dk\/"},{"@type":"ListItem","position":2,"name":"Butik","item":"https:\/\/www.xn--bgerogting-0cb.dk\/index.php\/shop\/"},{"@type":"ListItem","position":3,"name":"Lille Isbj\u00f8rn rejser jorden rundt af Hermann Altenburger"}]},{"@type":"WebSite","@id":"https:\/\/www.xn--bgerogting-0cb.dk\/#website","url":"https:\/\/www.xn--bgerogting-0cb.dk\/","name":"B\u00f8ger og Ting","description":"Antikvarisk, retro, vintage og antik","publisher":{"@id":"https:\/\/www.xn--bgerogting-0cb.dk\/#organization"},"potentialAction":[{"@type":"SearchAction","target":{"@type":"EntryPoint","urlTemplate":"https:\/\/www.xn--bgerogting-0cb.dk\/?s={search_term_string}"},"query-input":{"@type":"PropertyValueSpecification","valueRequired":true,"valueName":"search_term_string"}}],"inLanguage":"da-DK"},{"@type":"Organization","@id":"https:\/\/www.xn--bgerogting-0cb.dk\/#organization","name":"B\u00f8ger og Ting","url":"https:\/\/www.xn--bgerogting-0cb.dk\/","logo":{"@type":"ImageObject","inLanguage":"da-DK","@id":"https:\/\/www.xn--bgerogting-0cb.dk\/#\/schema\/logo\/image\/","url":"https:\/\/i0.wp.com\/www.xn--bgerogting-0cb.dk\/wp-content\/uploads\/2019\/10\/webicon.png?fit=205%2C205&ssl=1","contentUrl":"https:\/\/i0.wp.com\/www.xn--bgerogting-0cb.dk\/wp-content\/uploads\/2019\/10\/webicon.png?fit=205%2C205&ssl=1","width":205,"height":205,"caption":"B\u00f8ger og Ting"},"image":{"@id":"https:\/\/www.xn--bgerogting-0cb.dk\/#\/schema\/logo\/image\/"},"sameAs":["https:\/\/www.facebook.com\/boegerogting\/","https:\/\/www.instagram.com\/bogerogting\/"]}]},"product_price_amount":"80.00","product_price_currency":"DKK","og_availability":"instock","product_availability":"instock","product_retailer_item_id":"10057","product_condition":"new"},"jetpack_sharing_enabled":true,"_links":{"self":[{"href":"https:\/\/www.xn--bgerogting-0cb.dk\/index.php\/wp-json\/wp\/v2\/product\/871","targetHints":{"allow":["GET"]}}],"collection":[{"href":"https:\/\/www.xn--bgerogting-0cb.dk\/index.php\/wp-json\/wp\/v2\/product"}],"about":[{"href":"https:\/\/www.xn--bgerogting-0cb.dk\/index.php\/wp-json\/wp\/v2\/types\/product"}],"wp:featuredmedia":[{"embeddable":true,"href":"https:\/\/www.xn--bgerogting-0cb.dk\/index.php\/wp-json\/wp\/v2\/media\/15526"}],"wp:attachment":[{"href":"https:\/\/www.xn--bgerogting-0cb.dk\/index.php\/wp-json\/wp\/v2\/media?parent=871"}],"wp:term":[{"taxonomy":"product_brand","embeddable":true,"href":"https:\/\/www.xn--bgerogting-0cb.dk\/index.php\/wp-json\/wp\/v2\/product_brand?post=871"},{"taxonomy":"product_cat","embeddable":true,"href":"https:\/\/www.xn--bgerogting-0cb.dk\/index.php\/wp-json\/wp\/v2\/product_cat?post=871"},{"taxonomy":"product_tag","embeddable":true,"href":"https:\/\/www.xn--bgerogting-0cb.dk\/index.php\/wp-json\/wp\/v2\/product_tag?post=871"}],"curies":[{"name":"wp","href":"https:\/\/api.w.org\/{rel}","templated":true}]}}