{"id":833,"date":"2019-10-10T12:43:25","date_gmt":"2019-10-10T10:43:25","guid":{"rendered":"https:\/\/www.xn--bgerogting-0cb.dk\/index.php\/vare\/import-placeholder-for-239\/"},"modified":"2025-02-06T13:17:22","modified_gmt":"2025-02-06T12:17:22","slug":"den-modvillige-drage-af-kenneth-grahame-og-inga-moore","status":"publish","type":"product","link":"https:\/\/www.xn--bgerogting-0cb.dk\/index.php\/vare\/den-modvillige-drage-af-kenneth-grahame-og-inga-moore\/","title":{"rendered":"Den modvillige drage af Kenneth Grahame og Inga Moore"},"content":{"rendered":"<p>&#8220;Den modvillige drage&#8221; af Kenneth Grahame og Inga Moore<br \/>\nGyldendals Bogklubber, 2004 &#8211; 1. bogklubudgave &#8211; 60 sider &#8211; Hardback i stort format.<br \/>\nBogen er illustreret og forkortet af Inga Moore. Originaltitel &#8220;The reluctant dragon&#8221;.<br \/>\nFin stand &#8211; dog er ryggen og lidt af forsiden lidt falmet &#8211; se foto.<\/p>\n<p>Drengen bliver ven med den gode drage. Men landsbybeboerne tilkalder Skt. Georg, s\u00e5 han kan dr\u00e6be den. Drengen f\u00e5r dragen og Skt. Georg til at lade som om de k\u00e6mper, og begge overlever.<\/p>\n","protected":false},"excerpt":{"rendered":"<p>Gyldendals Bogklubber, 2004 &#8211; 1. bogklubudgave &#8211; 60 sider &#8211; Hardback i stort format.<br \/>\nBogen er illustreret og forkortet af Inga Moore. Originaltitel &#8220;The reluctant dragon&#8221;.<br \/>\nFin stand &#8211; dog er ryggen og lidt af forsiden lidt falmet &#8211; se foto.<\/p>\n<p>Drengen bliver ven med den gode drage. Men landsbybeboerne tilkalder Skt. Georg, s\u00e5 han kan dr\u00e6be den. Drengen f\u00e5r dragen og Skt. Georg til at lade som om de k\u00e6mper, og begge overlever.<\/p>\n","protected":false},"featured_media":1904,"template":"","meta":[],"product_brand":[],"product_cat":[126,27],"product_tag":[366,271,56],"class_list":{"0":"post-833","1":"product","2":"type-product","3":"status-publish","4":"has-post-thumbnail","6":"product_cat-alle-tiders-boerneboeger-2000-2009","7":"product_cat-boeger","8":"product_tag-drager","9":"product_tag-engelsk","10":"product_tag-kenneth-grahame","12":"first","13":"instock","14":"shipping-taxable","15":"purchasable","16":"product-type-simple"},"yoast_head":"<!-- This site is optimized with the Yoast SEO Premium plugin v27.4 (Yoast SEO v27.5) - https:\/\/yoast.com\/product\/yoast-seo-premium-wordpress\/ -->\n<title>Den modvillige drage af Kenneth Grahame og Inga Moore - B\u00f8ger og Ting<\/title>\n<meta name=\"description\" content=\"&quot;Den modvillige drage&quot; af Kenneth Grahame og Inga Moore. Gyldendals Bogklubber, 2004,Hardback i stort format. Illustreret og forkortet af Inga Moore.\" \/>\n<meta name=\"robots\" content=\"index, follow, max-snippet:-1, max-image-preview:large, max-video-preview:-1\" \/>\n<link rel=\"canonical\" href=\"https:\/\/www.xn--bgerogting-0cb.dk\/index.php\/vare\/den-modvillige-drage-af-kenneth-grahame-og-inga-moore\/\" \/>\n<meta property=\"og:locale\" content=\"da_DK\" \/>\n<meta property=\"og:type\" content=\"article\" \/>\n<meta property=\"og:title\" content=\"Den modvillige drage af Kenneth Grahame og Inga Moore\" \/>\n<meta property=\"og:description\" content=\"&quot;Den modvillige drage&quot; af Kenneth Grahame og Inga Moore. Gyldendals Bogklubber, 2004,Hardback i stort format. Illustreret og forkortet af Inga Moore.\" \/>\n<meta property=\"og:url\" content=\"https:\/\/www.xn--bgerogting-0cb.dk\/index.php\/vare\/den-modvillige-drage-af-kenneth-grahame-og-inga-moore\/\" \/>\n<meta property=\"og:site_name\" content=\"B\u00f8ger og Ting\" \/>\n<meta property=\"article:publisher\" content=\"https:\/\/www.facebook.com\/boegerogting\/\" \/>\n<meta property=\"article:modified_time\" content=\"2025-02-06T12:17:22+00:00\" \/>\n<meta property=\"og:image\" content=\"https:\/\/www.xn--bgerogting-0cb.dk\/wp-content\/uploads\/2019\/10\/Den-modvillige-drage-af-Kenneth-Grahame.jpg\" \/>\n\t<meta property=\"og:image:width\" content=\"960\" \/>\n\t<meta property=\"og:image:height\" content=\"960\" \/>\n\t<meta property=\"og:image:type\" content=\"image\/jpeg\" \/>\n<meta name=\"twitter:card\" content=\"summary_large_image\" \/>\n<meta name=\"twitter:label1\" content=\"Pris\" \/>\n\t<meta name=\"twitter:data1\" content=\"kr.&nbsp;90,00\" \/>\n\t<meta name=\"twitter:label2\" content=\"Tilg\u00e6ngelighed\" \/>\n\t<meta name=\"twitter:data2\" content=\"P\u00e5 lager\" \/>\n<script type=\"application\/ld+json\" class=\"yoast-schema-graph\">{\"@context\":\"https:\\\/\\\/schema.org\",\"@graph\":[{\"@type\":\"WebPage\",\"@id\":\"https:\\\/\\\/www.xn--bgerogting-0cb.dk\\\/index.php\\\/vare\\\/den-modvillige-drage-af-kenneth-grahame-og-inga-moore\\\/\",\"url\":\"https:\\\/\\\/www.xn--bgerogting-0cb.dk\\\/index.php\\\/vare\\\/den-modvillige-drage-af-kenneth-grahame-og-inga-moore\\\/\",\"name\":\"Den modvillige drage af Kenneth Grahame og Inga Moore - B\u00f8ger og Ting\",\"isPartOf\":{\"@id\":\"https:\\\/\\\/www.xn--bgerogting-0cb.dk\\\/#website\"},\"primaryImageOfPage\":{\"@id\":\"https:\\\/\\\/www.xn--bgerogting-0cb.dk\\\/index.php\\\/vare\\\/den-modvillige-drage-af-kenneth-grahame-og-inga-moore\\\/#primaryimage\"},\"image\":{\"@id\":\"https:\\\/\\\/www.xn--bgerogting-0cb.dk\\\/index.php\\\/vare\\\/den-modvillige-drage-af-kenneth-grahame-og-inga-moore\\\/#primaryimage\"},\"thumbnailUrl\":\"https:\\\/\\\/i0.wp.com\\\/www.xn--bgerogting-0cb.dk\\\/wp-content\\\/uploads\\\/2019\\\/10\\\/Den-modvillige-drage-af-Kenneth-Grahame.jpg?fit=960%2C960&ssl=1\",\"datePublished\":\"2019-10-10T10:43:25+00:00\",\"dateModified\":\"2025-02-06T12:17:22+00:00\",\"description\":\"\\\"Den modvillige drage\\\" af Kenneth Grahame og Inga Moore. Gyldendals Bogklubber, 2004,Hardback i stort format. Illustreret og forkortet af Inga Moore.\",\"breadcrumb\":{\"@id\":\"https:\\\/\\\/www.xn--bgerogting-0cb.dk\\\/index.php\\\/vare\\\/den-modvillige-drage-af-kenneth-grahame-og-inga-moore\\\/#breadcrumb\"},\"inLanguage\":\"da-DK\",\"potentialAction\":[{\"@type\":\"ReadAction\",\"target\":[\"https:\\\/\\\/www.xn--bgerogting-0cb.dk\\\/index.php\\\/vare\\\/den-modvillige-drage-af-kenneth-grahame-og-inga-moore\\\/\"]}]},{\"@type\":\"ImageObject\",\"inLanguage\":\"da-DK\",\"@id\":\"https:\\\/\\\/www.xn--bgerogting-0cb.dk\\\/index.php\\\/vare\\\/den-modvillige-drage-af-kenneth-grahame-og-inga-moore\\\/#primaryimage\",\"url\":\"https:\\\/\\\/i0.wp.com\\\/www.xn--bgerogting-0cb.dk\\\/wp-content\\\/uploads\\\/2019\\\/10\\\/Den-modvillige-drage-af-Kenneth-Grahame.jpg?fit=960%2C960&ssl=1\",\"contentUrl\":\"https:\\\/\\\/i0.wp.com\\\/www.xn--bgerogting-0cb.dk\\\/wp-content\\\/uploads\\\/2019\\\/10\\\/Den-modvillige-drage-af-Kenneth-Grahame.jpg?fit=960%2C960&ssl=1\",\"width\":960,\"height\":960,\"caption\":\"Den modvillige drage af Kenneth Grahame\"},{\"@type\":\"BreadcrumbList\",\"@id\":\"https:\\\/\\\/www.xn--bgerogting-0cb.dk\\\/index.php\\\/vare\\\/den-modvillige-drage-af-kenneth-grahame-og-inga-moore\\\/#breadcrumb\",\"itemListElement\":[{\"@type\":\"ListItem\",\"position\":1,\"name\":\"Home\",\"item\":\"https:\\\/\\\/www.xn--bgerogting-0cb.dk\\\/\"},{\"@type\":\"ListItem\",\"position\":2,\"name\":\"Butik\",\"item\":\"https:\\\/\\\/www.xn--bgerogting-0cb.dk\\\/index.php\\\/shop\\\/\"},{\"@type\":\"ListItem\",\"position\":3,\"name\":\"Den modvillige drage af Kenneth Grahame og Inga Moore\"}]},{\"@type\":\"WebSite\",\"@id\":\"https:\\\/\\\/www.xn--bgerogting-0cb.dk\\\/#website\",\"url\":\"https:\\\/\\\/www.xn--bgerogting-0cb.dk\\\/\",\"name\":\"B\u00f8ger og Ting\",\"description\":\"Antikvarisk, retro, vintage og antik\",\"publisher\":{\"@id\":\"https:\\\/\\\/www.xn--bgerogting-0cb.dk\\\/#organization\"},\"potentialAction\":[{\"@type\":\"SearchAction\",\"target\":{\"@type\":\"EntryPoint\",\"urlTemplate\":\"https:\\\/\\\/www.xn--bgerogting-0cb.dk\\\/?s={search_term_string}\"},\"query-input\":{\"@type\":\"PropertyValueSpecification\",\"valueRequired\":true,\"valueName\":\"search_term_string\"}}],\"inLanguage\":\"da-DK\"},{\"@type\":\"Organization\",\"@id\":\"https:\\\/\\\/www.xn--bgerogting-0cb.dk\\\/#organization\",\"name\":\"B\u00f8ger og Ting\",\"url\":\"https:\\\/\\\/www.xn--bgerogting-0cb.dk\\\/\",\"logo\":{\"@type\":\"ImageObject\",\"inLanguage\":\"da-DK\",\"@id\":\"https:\\\/\\\/www.xn--bgerogting-0cb.dk\\\/#\\\/schema\\\/logo\\\/image\\\/\",\"url\":\"https:\\\/\\\/i0.wp.com\\\/www.xn--bgerogting-0cb.dk\\\/wp-content\\\/uploads\\\/2019\\\/10\\\/webicon.png?fit=205%2C205&ssl=1\",\"contentUrl\":\"https:\\\/\\\/i0.wp.com\\\/www.xn--bgerogting-0cb.dk\\\/wp-content\\\/uploads\\\/2019\\\/10\\\/webicon.png?fit=205%2C205&ssl=1\",\"width\":205,\"height\":205,\"caption\":\"B\u00f8ger og Ting\"},\"image\":{\"@id\":\"https:\\\/\\\/www.xn--bgerogting-0cb.dk\\\/#\\\/schema\\\/logo\\\/image\\\/\"},\"sameAs\":[\"https:\\\/\\\/www.facebook.com\\\/boegerogting\\\/\",\"https:\\\/\\\/www.instagram.com\\\/bogerogting\\\/\"]}]}<\/script>\n<meta property=\"product:price:amount\" content=\"90.00\" \/>\n<meta property=\"product:price:currency\" content=\"DKK\" \/>\n<meta property=\"og:availability\" content=\"instock\" \/>\n<meta property=\"product:availability\" content=\"instock\" \/>\n<meta property=\"product:retailer_item_id\" content=\"1924\" \/>\n<meta property=\"product:condition\" content=\"new\" \/>\n<!-- \/ Yoast SEO Premium plugin. -->","yoast_head_json":{"title":"Den modvillige drage af Kenneth Grahame og Inga Moore - B\u00f8ger og Ting","description":"\"Den modvillige drage\" af Kenneth Grahame og Inga Moore. Gyldendals Bogklubber, 2004,Hardback i stort format. Illustreret og forkortet af Inga Moore.","robots":{"index":"index","follow":"follow","max-snippet":"max-snippet:-1","max-image-preview":"max-image-preview:large","max-video-preview":"max-video-preview:-1"},"canonical":"https:\/\/www.xn--bgerogting-0cb.dk\/index.php\/vare\/den-modvillige-drage-af-kenneth-grahame-og-inga-moore\/","og_locale":"da_DK","og_type":"article","og_title":"Den modvillige drage af Kenneth Grahame og Inga Moore","og_description":"\"Den modvillige drage\" af Kenneth Grahame og Inga Moore. Gyldendals Bogklubber, 2004,Hardback i stort format. Illustreret og forkortet af Inga Moore.","og_url":"https:\/\/www.xn--bgerogting-0cb.dk\/index.php\/vare\/den-modvillige-drage-af-kenneth-grahame-og-inga-moore\/","og_site_name":"B\u00f8ger og Ting","article_publisher":"https:\/\/www.facebook.com\/boegerogting\/","article_modified_time":"2025-02-06T12:17:22+00:00","og_image":[{"width":960,"height":960,"url":"https:\/\/www.xn--bgerogting-0cb.dk\/wp-content\/uploads\/2019\/10\/Den-modvillige-drage-af-Kenneth-Grahame.jpg","type":"image\/jpeg"}],"twitter_card":"summary_large_image","twitter_misc":{"Pris":"kr.&nbsp;90,00","Tilg\u00e6ngelighed":"P\u00e5 lager"},"schema":{"@context":"https:\/\/schema.org","@graph":[{"@type":"WebPage","@id":"https:\/\/www.xn--bgerogting-0cb.dk\/index.php\/vare\/den-modvillige-drage-af-kenneth-grahame-og-inga-moore\/","url":"https:\/\/www.xn--bgerogting-0cb.dk\/index.php\/vare\/den-modvillige-drage-af-kenneth-grahame-og-inga-moore\/","name":"Den modvillige drage af Kenneth Grahame og Inga Moore - B\u00f8ger og Ting","isPartOf":{"@id":"https:\/\/www.xn--bgerogting-0cb.dk\/#website"},"primaryImageOfPage":{"@id":"https:\/\/www.xn--bgerogting-0cb.dk\/index.php\/vare\/den-modvillige-drage-af-kenneth-grahame-og-inga-moore\/#primaryimage"},"image":{"@id":"https:\/\/www.xn--bgerogting-0cb.dk\/index.php\/vare\/den-modvillige-drage-af-kenneth-grahame-og-inga-moore\/#primaryimage"},"thumbnailUrl":"https:\/\/i0.wp.com\/www.xn--bgerogting-0cb.dk\/wp-content\/uploads\/2019\/10\/Den-modvillige-drage-af-Kenneth-Grahame.jpg?fit=960%2C960&ssl=1","datePublished":"2019-10-10T10:43:25+00:00","dateModified":"2025-02-06T12:17:22+00:00","description":"\"Den modvillige drage\" af Kenneth Grahame og Inga Moore. Gyldendals Bogklubber, 2004,Hardback i stort format. Illustreret og forkortet af Inga Moore.","breadcrumb":{"@id":"https:\/\/www.xn--bgerogting-0cb.dk\/index.php\/vare\/den-modvillige-drage-af-kenneth-grahame-og-inga-moore\/#breadcrumb"},"inLanguage":"da-DK","potentialAction":[{"@type":"ReadAction","target":["https:\/\/www.xn--bgerogting-0cb.dk\/index.php\/vare\/den-modvillige-drage-af-kenneth-grahame-og-inga-moore\/"]}]},{"@type":"ImageObject","inLanguage":"da-DK","@id":"https:\/\/www.xn--bgerogting-0cb.dk\/index.php\/vare\/den-modvillige-drage-af-kenneth-grahame-og-inga-moore\/#primaryimage","url":"https:\/\/i0.wp.com\/www.xn--bgerogting-0cb.dk\/wp-content\/uploads\/2019\/10\/Den-modvillige-drage-af-Kenneth-Grahame.jpg?fit=960%2C960&ssl=1","contentUrl":"https:\/\/i0.wp.com\/www.xn--bgerogting-0cb.dk\/wp-content\/uploads\/2019\/10\/Den-modvillige-drage-af-Kenneth-Grahame.jpg?fit=960%2C960&ssl=1","width":960,"height":960,"caption":"Den modvillige drage af Kenneth Grahame"},{"@type":"BreadcrumbList","@id":"https:\/\/www.xn--bgerogting-0cb.dk\/index.php\/vare\/den-modvillige-drage-af-kenneth-grahame-og-inga-moore\/#breadcrumb","itemListElement":[{"@type":"ListItem","position":1,"name":"Home","item":"https:\/\/www.xn--bgerogting-0cb.dk\/"},{"@type":"ListItem","position":2,"name":"Butik","item":"https:\/\/www.xn--bgerogting-0cb.dk\/index.php\/shop\/"},{"@type":"ListItem","position":3,"name":"Den modvillige drage af Kenneth Grahame og Inga Moore"}]},{"@type":"WebSite","@id":"https:\/\/www.xn--bgerogting-0cb.dk\/#website","url":"https:\/\/www.xn--bgerogting-0cb.dk\/","name":"B\u00f8ger og Ting","description":"Antikvarisk, retro, vintage og antik","publisher":{"@id":"https:\/\/www.xn--bgerogting-0cb.dk\/#organization"},"potentialAction":[{"@type":"SearchAction","target":{"@type":"EntryPoint","urlTemplate":"https:\/\/www.xn--bgerogting-0cb.dk\/?s={search_term_string}"},"query-input":{"@type":"PropertyValueSpecification","valueRequired":true,"valueName":"search_term_string"}}],"inLanguage":"da-DK"},{"@type":"Organization","@id":"https:\/\/www.xn--bgerogting-0cb.dk\/#organization","name":"B\u00f8ger og Ting","url":"https:\/\/www.xn--bgerogting-0cb.dk\/","logo":{"@type":"ImageObject","inLanguage":"da-DK","@id":"https:\/\/www.xn--bgerogting-0cb.dk\/#\/schema\/logo\/image\/","url":"https:\/\/i0.wp.com\/www.xn--bgerogting-0cb.dk\/wp-content\/uploads\/2019\/10\/webicon.png?fit=205%2C205&ssl=1","contentUrl":"https:\/\/i0.wp.com\/www.xn--bgerogting-0cb.dk\/wp-content\/uploads\/2019\/10\/webicon.png?fit=205%2C205&ssl=1","width":205,"height":205,"caption":"B\u00f8ger og Ting"},"image":{"@id":"https:\/\/www.xn--bgerogting-0cb.dk\/#\/schema\/logo\/image\/"},"sameAs":["https:\/\/www.facebook.com\/boegerogting\/","https:\/\/www.instagram.com\/bogerogting\/"]}]},"product_price_amount":"90.00","product_price_currency":"DKK","og_availability":"instock","product_availability":"instock","product_retailer_item_id":"1924","product_condition":"new"},"jetpack_sharing_enabled":true,"_links":{"self":[{"href":"https:\/\/www.xn--bgerogting-0cb.dk\/index.php\/wp-json\/wp\/v2\/product\/833","targetHints":{"allow":["GET"]}}],"collection":[{"href":"https:\/\/www.xn--bgerogting-0cb.dk\/index.php\/wp-json\/wp\/v2\/product"}],"about":[{"href":"https:\/\/www.xn--bgerogting-0cb.dk\/index.php\/wp-json\/wp\/v2\/types\/product"}],"wp:featuredmedia":[{"embeddable":true,"href":"https:\/\/www.xn--bgerogting-0cb.dk\/index.php\/wp-json\/wp\/v2\/media\/1904"}],"wp:attachment":[{"href":"https:\/\/www.xn--bgerogting-0cb.dk\/index.php\/wp-json\/wp\/v2\/media?parent=833"}],"wp:term":[{"taxonomy":"product_brand","embeddable":true,"href":"https:\/\/www.xn--bgerogting-0cb.dk\/index.php\/wp-json\/wp\/v2\/product_brand?post=833"},{"taxonomy":"product_cat","embeddable":true,"href":"https:\/\/www.xn--bgerogting-0cb.dk\/index.php\/wp-json\/wp\/v2\/product_cat?post=833"},{"taxonomy":"product_tag","embeddable":true,"href":"https:\/\/www.xn--bgerogting-0cb.dk\/index.php\/wp-json\/wp\/v2\/product_tag?post=833"}],"curies":[{"name":"wp","href":"https:\/\/api.w.org\/{rel}","templated":true}]}}