{"id":18792,"date":"2026-04-16T15:06:30","date_gmt":"2026-04-16T13:06:30","guid":{"rendered":"https:\/\/www.xn--bgerogting-0cb.dk\/?post_type=product&#038;p=18792"},"modified":"2026-04-16T16:21:48","modified_gmt":"2026-04-16T14:21:48","slug":"peter-plys-micimacko-af-a-a-milne-ungarsk-udgave","status":"publish","type":"product","link":"https:\/\/www.xn--bgerogting-0cb.dk\/index.php\/vare\/peter-plys-micimacko-af-a-a-milne-ungarsk-udgave\/","title":{"rendered":"Peter Plys &#8211; Micimacko af A.A. Milne (ungarsk udgave)"},"content":{"rendered":"<p>Peter Plys &#8211; Micimacko af A.A. Milne (ungarsk udgave)<br \/>\nMora Ferenc K\u00f6nyvkiado, 1982 &#8211; 262\u00a0 sider &#8211; H\u00e6ftet med kartonomslag.<br \/>\nIllustreret af Ernest H, Shepard.<br \/>\nBogen er generelt i god stand, men snittet har en stor plet, der dog ikke g\u00e5r ind p\u00e5 siderne &#8211; se billede.<\/p>\n<p>En kuriositet for Peter Plys samlere \ud83d\ude42<br \/>\nDet er sjovt at se den kendte og elskede tekst p\u00e5 et helt ul\u00e6seligt fremmedsprog.<br \/>\nB\u00f8gerne om den k\u00e6re bj\u00f8rn er udgivet p\u00e5 mere end 50 sprog!<\/p>\n","protected":false},"excerpt":{"rendered":"<p>Peter Plys &#8211; Micimacko af A.A. Milne (ungarsk udgave)<br \/>\nMora Ferenc K\u00f6nyvkiado, 1982 &#8211; 262\u00a0 sider &#8211; H\u00e6ftet med kartonomslag.<br \/>\nIllustreret af Ernest H, Shepard.<br \/>\nBogen er generelt i god stand, men snittet har en stor plet, der dog ikke g\u00e5r ind p\u00e5 siderne &#8211; se billede.<\/p>\n<p>En kuriositet for Peter Plys samlere \ud83d\ude42<br \/>\nDet er sjovt at se den kendte og elskede tekst p\u00e5 et helt ul\u00e6seligt fremmedsprog.<br \/>\nB\u00f8gerne om den k\u00e6re bj\u00f8rn er udgivet p\u00e5 mere end 50 sprog!<\/p>\n","protected":false},"featured_media":18823,"template":"","meta":[],"product_brand":[],"product_cat":[793,85,27,1629,35],"product_tag":[397,268,55,271,251,1780],"class_list":{"0":"post-18792","1":"product","2":"type-product","3":"status-publish","4":"has-post-thumbnail","6":"product_cat-alle-tiders-boerneboeger-1920-1929","7":"product_cat-alle-tiders-boerneboeger-1980-1989","8":"product_cat-boeger","9":"product_cat-andre-sprog","10":"product_cat-barneboger","11":"product_tag-a-a-milne","12":"product_tag-bamser","13":"product_tag-boernebogsklassiker","14":"product_tag-engelsk","15":"product_tag-hoejtlaesning","16":"product_tag-ungarsk","18":"first","19":"instock","20":"shipping-taxable","21":"purchasable","22":"product-type-simple"},"yoast_head":"<!-- This site is optimized with the Yoast SEO Premium plugin v26.9 (Yoast SEO v27.4) - https:\/\/yoast.com\/product\/yoast-seo-premium-wordpress\/ -->\n<title>Peter Plys - Micimacko af A.A. Milne (ungarsk udgave) - B\u00f8ger og Ting<\/title>\n<meta name=\"description\" content=\"Peter Plys - Micimacko af A.A. Milne (ungarsk udgave) - Mora Ferenc K\u00f6nyvkiado, 1982 - 262\u00a0 sider - H\u00e6ftet med kartonomslag - Illustreret af Ernest H, Shepard.\" \/>\n<meta name=\"robots\" content=\"index, follow, max-snippet:-1, max-image-preview:large, max-video-preview:-1\" \/>\n<link rel=\"canonical\" href=\"https:\/\/www.xn--bgerogting-0cb.dk\/index.php\/vare\/peter-plys-micimacko-af-a-a-milne-ungarsk-udgave\/\" \/>\n<meta property=\"og:locale\" content=\"da_DK\" \/>\n<meta property=\"og:type\" content=\"article\" \/>\n<meta property=\"og:title\" content=\"Peter Plys - Micimacko af A.A. Milne (ungarsk udgave)\" \/>\n<meta property=\"og:description\" content=\"Peter Plys - Micimacko af A.A. Milne (ungarsk udgave) - Mora Ferenc K\u00f6nyvkiado, 1982 - 262\u00a0 sider - H\u00e6ftet med kartonomslag - Illustreret af Ernest H, Shepard.\" \/>\n<meta property=\"og:url\" content=\"https:\/\/www.xn--bgerogting-0cb.dk\/index.php\/vare\/peter-plys-micimacko-af-a-a-milne-ungarsk-udgave\/\" \/>\n<meta property=\"og:site_name\" content=\"B\u00f8ger og Ting\" \/>\n<meta property=\"article:publisher\" content=\"https:\/\/www.facebook.com\/boegerogting\/\" \/>\n<meta property=\"article:modified_time\" content=\"2026-04-16T14:21:48+00:00\" \/>\n<meta property=\"og:image\" content=\"https:\/\/www.xn--bgerogting-0cb.dk\/wp-content\/uploads\/2026\/04\/IMG_20260416_160116_Bokeh-1.jpg\" \/>\n\t<meta property=\"og:image:width\" content=\"1920\" \/>\n\t<meta property=\"og:image:height\" content=\"1920\" \/>\n\t<meta property=\"og:image:type\" content=\"image\/jpeg\" \/>\n<meta name=\"twitter:card\" content=\"summary_large_image\" \/>\n<meta name=\"twitter:label1\" content=\"Pris\" \/>\n\t<meta name=\"twitter:data1\" content=\"kr.&nbsp;75,00\" \/>\n\t<meta name=\"twitter:label2\" content=\"Tilg\u00e6ngelighed\" \/>\n\t<meta name=\"twitter:data2\" content=\"P\u00e5 lager\" \/>\n<script type=\"application\/ld+json\" class=\"yoast-schema-graph\">{\"@context\":\"https:\\\/\\\/schema.org\",\"@graph\":[{\"@type\":\"WebPage\",\"@id\":\"https:\\\/\\\/www.xn--bgerogting-0cb.dk\\\/index.php\\\/vare\\\/peter-plys-micimacko-af-a-a-milne-ungarsk-udgave\\\/\",\"url\":\"https:\\\/\\\/www.xn--bgerogting-0cb.dk\\\/index.php\\\/vare\\\/peter-plys-micimacko-af-a-a-milne-ungarsk-udgave\\\/\",\"name\":\"Peter Plys - Micimacko af A.A. Milne (ungarsk udgave) - B\u00f8ger og Ting\",\"isPartOf\":{\"@id\":\"https:\\\/\\\/www.xn--bgerogting-0cb.dk\\\/#website\"},\"primaryImageOfPage\":{\"@id\":\"https:\\\/\\\/www.xn--bgerogting-0cb.dk\\\/index.php\\\/vare\\\/peter-plys-micimacko-af-a-a-milne-ungarsk-udgave\\\/#primaryimage\"},\"image\":{\"@id\":\"https:\\\/\\\/www.xn--bgerogting-0cb.dk\\\/index.php\\\/vare\\\/peter-plys-micimacko-af-a-a-milne-ungarsk-udgave\\\/#primaryimage\"},\"thumbnailUrl\":\"https:\\\/\\\/i0.wp.com\\\/www.xn--bgerogting-0cb.dk\\\/wp-content\\\/uploads\\\/2026\\\/04\\\/IMG_20260416_160116_Bokeh-1.jpg?fit=1920%2C1920&ssl=1\",\"datePublished\":\"2026-04-16T13:06:30+00:00\",\"dateModified\":\"2026-04-16T14:21:48+00:00\",\"description\":\"Peter Plys - Micimacko af A.A. Milne (ungarsk udgave) - Mora Ferenc K\u00f6nyvkiado, 1982 - 262\u00a0 sider - H\u00e6ftet med kartonomslag - Illustreret af Ernest H, Shepard.\",\"breadcrumb\":{\"@id\":\"https:\\\/\\\/www.xn--bgerogting-0cb.dk\\\/index.php\\\/vare\\\/peter-plys-micimacko-af-a-a-milne-ungarsk-udgave\\\/#breadcrumb\"},\"inLanguage\":\"da-DK\",\"potentialAction\":[{\"@type\":\"ReadAction\",\"target\":[\"https:\\\/\\\/www.xn--bgerogting-0cb.dk\\\/index.php\\\/vare\\\/peter-plys-micimacko-af-a-a-milne-ungarsk-udgave\\\/\"]}]},{\"@type\":\"ImageObject\",\"inLanguage\":\"da-DK\",\"@id\":\"https:\\\/\\\/www.xn--bgerogting-0cb.dk\\\/index.php\\\/vare\\\/peter-plys-micimacko-af-a-a-milne-ungarsk-udgave\\\/#primaryimage\",\"url\":\"https:\\\/\\\/i0.wp.com\\\/www.xn--bgerogting-0cb.dk\\\/wp-content\\\/uploads\\\/2026\\\/04\\\/IMG_20260416_160116_Bokeh-1.jpg?fit=1920%2C1920&ssl=1\",\"contentUrl\":\"https:\\\/\\\/i0.wp.com\\\/www.xn--bgerogting-0cb.dk\\\/wp-content\\\/uploads\\\/2026\\\/04\\\/IMG_20260416_160116_Bokeh-1.jpg?fit=1920%2C1920&ssl=1\",\"width\":1920,\"height\":1920},{\"@type\":\"BreadcrumbList\",\"@id\":\"https:\\\/\\\/www.xn--bgerogting-0cb.dk\\\/index.php\\\/vare\\\/peter-plys-micimacko-af-a-a-milne-ungarsk-udgave\\\/#breadcrumb\",\"itemListElement\":[{\"@type\":\"ListItem\",\"position\":1,\"name\":\"Home\",\"item\":\"https:\\\/\\\/www.xn--bgerogting-0cb.dk\\\/\"},{\"@type\":\"ListItem\",\"position\":2,\"name\":\"Butik\",\"item\":\"https:\\\/\\\/www.xn--bgerogting-0cb.dk\\\/index.php\\\/shop\\\/\"},{\"@type\":\"ListItem\",\"position\":3,\"name\":\"Peter Plys &#8211; Micimacko af A.A. Milne (ungarsk udgave)\"}]},{\"@type\":\"WebSite\",\"@id\":\"https:\\\/\\\/www.xn--bgerogting-0cb.dk\\\/#website\",\"url\":\"https:\\\/\\\/www.xn--bgerogting-0cb.dk\\\/\",\"name\":\"B\u00f8ger og Ting\",\"description\":\"Antikvarisk, retro, vintage og antik\",\"publisher\":{\"@id\":\"https:\\\/\\\/www.xn--bgerogting-0cb.dk\\\/#organization\"},\"potentialAction\":[{\"@type\":\"SearchAction\",\"target\":{\"@type\":\"EntryPoint\",\"urlTemplate\":\"https:\\\/\\\/www.xn--bgerogting-0cb.dk\\\/?s={search_term_string}\"},\"query-input\":{\"@type\":\"PropertyValueSpecification\",\"valueRequired\":true,\"valueName\":\"search_term_string\"}}],\"inLanguage\":\"da-DK\"},{\"@type\":\"Organization\",\"@id\":\"https:\\\/\\\/www.xn--bgerogting-0cb.dk\\\/#organization\",\"name\":\"B\u00f8ger og Ting\",\"url\":\"https:\\\/\\\/www.xn--bgerogting-0cb.dk\\\/\",\"logo\":{\"@type\":\"ImageObject\",\"inLanguage\":\"da-DK\",\"@id\":\"https:\\\/\\\/www.xn--bgerogting-0cb.dk\\\/#\\\/schema\\\/logo\\\/image\\\/\",\"url\":\"https:\\\/\\\/i0.wp.com\\\/www.xn--bgerogting-0cb.dk\\\/wp-content\\\/uploads\\\/2019\\\/10\\\/webicon.png?fit=205%2C205&ssl=1\",\"contentUrl\":\"https:\\\/\\\/i0.wp.com\\\/www.xn--bgerogting-0cb.dk\\\/wp-content\\\/uploads\\\/2019\\\/10\\\/webicon.png?fit=205%2C205&ssl=1\",\"width\":205,\"height\":205,\"caption\":\"B\u00f8ger og Ting\"},\"image\":{\"@id\":\"https:\\\/\\\/www.xn--bgerogting-0cb.dk\\\/#\\\/schema\\\/logo\\\/image\\\/\"},\"sameAs\":[\"https:\\\/\\\/www.facebook.com\\\/boegerogting\\\/\",\"https:\\\/\\\/www.instagram.com\\\/bogerogting\\\/\"]}]}<\/script>\n<meta property=\"product:price:amount\" content=\"75.00\" \/>\n<meta property=\"product:price:currency\" content=\"DKK\" \/>\n<meta property=\"og:availability\" content=\"instock\" \/>\n<meta property=\"product:availability\" content=\"instock\" \/>\n<meta property=\"product:retailer_item_id\" content=\"11043\" \/>\n<meta property=\"product:condition\" content=\"new\" \/>\n<!-- \/ Yoast SEO Premium plugin. -->","yoast_head_json":{"title":"Peter Plys - Micimacko af A.A. Milne (ungarsk udgave) - B\u00f8ger og Ting","description":"Peter Plys - Micimacko af A.A. Milne (ungarsk udgave) - Mora Ferenc K\u00f6nyvkiado, 1982 - 262\u00a0 sider - H\u00e6ftet med kartonomslag - Illustreret af Ernest H, Shepard.","robots":{"index":"index","follow":"follow","max-snippet":"max-snippet:-1","max-image-preview":"max-image-preview:large","max-video-preview":"max-video-preview:-1"},"canonical":"https:\/\/www.xn--bgerogting-0cb.dk\/index.php\/vare\/peter-plys-micimacko-af-a-a-milne-ungarsk-udgave\/","og_locale":"da_DK","og_type":"article","og_title":"Peter Plys - Micimacko af A.A. Milne (ungarsk udgave)","og_description":"Peter Plys - Micimacko af A.A. Milne (ungarsk udgave) - Mora Ferenc K\u00f6nyvkiado, 1982 - 262\u00a0 sider - H\u00e6ftet med kartonomslag - Illustreret af Ernest H, Shepard.","og_url":"https:\/\/www.xn--bgerogting-0cb.dk\/index.php\/vare\/peter-plys-micimacko-af-a-a-milne-ungarsk-udgave\/","og_site_name":"B\u00f8ger og Ting","article_publisher":"https:\/\/www.facebook.com\/boegerogting\/","article_modified_time":"2026-04-16T14:21:48+00:00","og_image":[{"width":1920,"height":1920,"url":"https:\/\/www.xn--bgerogting-0cb.dk\/wp-content\/uploads\/2026\/04\/IMG_20260416_160116_Bokeh-1.jpg","type":"image\/jpeg"}],"twitter_card":"summary_large_image","twitter_misc":{"Pris":"kr.&nbsp;75,00","Tilg\u00e6ngelighed":"P\u00e5 lager"},"schema":{"@context":"https:\/\/schema.org","@graph":[{"@type":"WebPage","@id":"https:\/\/www.xn--bgerogting-0cb.dk\/index.php\/vare\/peter-plys-micimacko-af-a-a-milne-ungarsk-udgave\/","url":"https:\/\/www.xn--bgerogting-0cb.dk\/index.php\/vare\/peter-plys-micimacko-af-a-a-milne-ungarsk-udgave\/","name":"Peter Plys - Micimacko af A.A. Milne (ungarsk udgave) - B\u00f8ger og Ting","isPartOf":{"@id":"https:\/\/www.xn--bgerogting-0cb.dk\/#website"},"primaryImageOfPage":{"@id":"https:\/\/www.xn--bgerogting-0cb.dk\/index.php\/vare\/peter-plys-micimacko-af-a-a-milne-ungarsk-udgave\/#primaryimage"},"image":{"@id":"https:\/\/www.xn--bgerogting-0cb.dk\/index.php\/vare\/peter-plys-micimacko-af-a-a-milne-ungarsk-udgave\/#primaryimage"},"thumbnailUrl":"https:\/\/i0.wp.com\/www.xn--bgerogting-0cb.dk\/wp-content\/uploads\/2026\/04\/IMG_20260416_160116_Bokeh-1.jpg?fit=1920%2C1920&ssl=1","datePublished":"2026-04-16T13:06:30+00:00","dateModified":"2026-04-16T14:21:48+00:00","description":"Peter Plys - Micimacko af A.A. Milne (ungarsk udgave) - Mora Ferenc K\u00f6nyvkiado, 1982 - 262\u00a0 sider - H\u00e6ftet med kartonomslag - Illustreret af Ernest H, Shepard.","breadcrumb":{"@id":"https:\/\/www.xn--bgerogting-0cb.dk\/index.php\/vare\/peter-plys-micimacko-af-a-a-milne-ungarsk-udgave\/#breadcrumb"},"inLanguage":"da-DK","potentialAction":[{"@type":"ReadAction","target":["https:\/\/www.xn--bgerogting-0cb.dk\/index.php\/vare\/peter-plys-micimacko-af-a-a-milne-ungarsk-udgave\/"]}]},{"@type":"ImageObject","inLanguage":"da-DK","@id":"https:\/\/www.xn--bgerogting-0cb.dk\/index.php\/vare\/peter-plys-micimacko-af-a-a-milne-ungarsk-udgave\/#primaryimage","url":"https:\/\/i0.wp.com\/www.xn--bgerogting-0cb.dk\/wp-content\/uploads\/2026\/04\/IMG_20260416_160116_Bokeh-1.jpg?fit=1920%2C1920&ssl=1","contentUrl":"https:\/\/i0.wp.com\/www.xn--bgerogting-0cb.dk\/wp-content\/uploads\/2026\/04\/IMG_20260416_160116_Bokeh-1.jpg?fit=1920%2C1920&ssl=1","width":1920,"height":1920},{"@type":"BreadcrumbList","@id":"https:\/\/www.xn--bgerogting-0cb.dk\/index.php\/vare\/peter-plys-micimacko-af-a-a-milne-ungarsk-udgave\/#breadcrumb","itemListElement":[{"@type":"ListItem","position":1,"name":"Home","item":"https:\/\/www.xn--bgerogting-0cb.dk\/"},{"@type":"ListItem","position":2,"name":"Butik","item":"https:\/\/www.xn--bgerogting-0cb.dk\/index.php\/shop\/"},{"@type":"ListItem","position":3,"name":"Peter Plys &#8211; Micimacko af A.A. Milne (ungarsk udgave)"}]},{"@type":"WebSite","@id":"https:\/\/www.xn--bgerogting-0cb.dk\/#website","url":"https:\/\/www.xn--bgerogting-0cb.dk\/","name":"B\u00f8ger og Ting","description":"Antikvarisk, retro, vintage og antik","publisher":{"@id":"https:\/\/www.xn--bgerogting-0cb.dk\/#organization"},"potentialAction":[{"@type":"SearchAction","target":{"@type":"EntryPoint","urlTemplate":"https:\/\/www.xn--bgerogting-0cb.dk\/?s={search_term_string}"},"query-input":{"@type":"PropertyValueSpecification","valueRequired":true,"valueName":"search_term_string"}}],"inLanguage":"da-DK"},{"@type":"Organization","@id":"https:\/\/www.xn--bgerogting-0cb.dk\/#organization","name":"B\u00f8ger og Ting","url":"https:\/\/www.xn--bgerogting-0cb.dk\/","logo":{"@type":"ImageObject","inLanguage":"da-DK","@id":"https:\/\/www.xn--bgerogting-0cb.dk\/#\/schema\/logo\/image\/","url":"https:\/\/i0.wp.com\/www.xn--bgerogting-0cb.dk\/wp-content\/uploads\/2019\/10\/webicon.png?fit=205%2C205&ssl=1","contentUrl":"https:\/\/i0.wp.com\/www.xn--bgerogting-0cb.dk\/wp-content\/uploads\/2019\/10\/webicon.png?fit=205%2C205&ssl=1","width":205,"height":205,"caption":"B\u00f8ger og Ting"},"image":{"@id":"https:\/\/www.xn--bgerogting-0cb.dk\/#\/schema\/logo\/image\/"},"sameAs":["https:\/\/www.facebook.com\/boegerogting\/","https:\/\/www.instagram.com\/bogerogting\/"]}]},"product_price_amount":"75.00","product_price_currency":"DKK","og_availability":"instock","product_availability":"instock","product_retailer_item_id":"11043","product_condition":"new"},"jetpack_sharing_enabled":true,"_links":{"self":[{"href":"https:\/\/www.xn--bgerogting-0cb.dk\/index.php\/wp-json\/wp\/v2\/product\/18792","targetHints":{"allow":["GET"]}}],"collection":[{"href":"https:\/\/www.xn--bgerogting-0cb.dk\/index.php\/wp-json\/wp\/v2\/product"}],"about":[{"href":"https:\/\/www.xn--bgerogting-0cb.dk\/index.php\/wp-json\/wp\/v2\/types\/product"}],"wp:featuredmedia":[{"embeddable":true,"href":"https:\/\/www.xn--bgerogting-0cb.dk\/index.php\/wp-json\/wp\/v2\/media\/18823"}],"wp:attachment":[{"href":"https:\/\/www.xn--bgerogting-0cb.dk\/index.php\/wp-json\/wp\/v2\/media?parent=18792"}],"wp:term":[{"taxonomy":"product_brand","embeddable":true,"href":"https:\/\/www.xn--bgerogting-0cb.dk\/index.php\/wp-json\/wp\/v2\/product_brand?post=18792"},{"taxonomy":"product_cat","embeddable":true,"href":"https:\/\/www.xn--bgerogting-0cb.dk\/index.php\/wp-json\/wp\/v2\/product_cat?post=18792"},{"taxonomy":"product_tag","embeddable":true,"href":"https:\/\/www.xn--bgerogting-0cb.dk\/index.php\/wp-json\/wp\/v2\/product_tag?post=18792"}],"curies":[{"name":"wp","href":"https:\/\/api.w.org\/{rel}","templated":true}]}}