{"id":18586,"date":"2026-03-04T16:18:24","date_gmt":"2026-03-04T15:18:24","guid":{"rendered":"https:\/\/www.xn--bgerogting-0cb.dk\/?post_type=product&#038;p=18586"},"modified":"2026-03-05T13:27:19","modified_gmt":"2026-03-05T12:27:19","slug":"tidsskrift-for-populaere-fremstillinger-af-naturvidenskaben-bd-1-2-1855","status":"publish","type":"product","link":"https:\/\/www.xn--bgerogting-0cb.dk\/index.php\/vare\/tidsskrift-for-populaere-fremstillinger-af-naturvidenskaben-bd-1-2-1855\/","title":{"rendered":"Tidsskrift for popul\u00e6re Fremstillinger af Naturvidenskaben Bd. 1 &#8211; 2, 1855"},"content":{"rendered":"<p>Tidsskrift for popul\u00e6re Fremstillinger af Naturvidenskaben 1855 udgivet af C. Fogh, Chr. L\u00fctken og Chr. Vaupell.<br \/>\nP.G. Philipsens Forlag, 1855 &#8211; 416 + 414 sider &#8211; Halvbind med ejernavn i guldtryk p\u00e5 forsiden.<br \/>\nIllustreret med tr\u00e6snit, chemitypier og enkelte litograferede tavler.<br \/>\nDe to bind er sammenbundne i \u00e9t bind af \u00e6ldre dato.<\/p>\n<p>Bogen fremtr\u00e6der med brugsspor og slid. En del af\u00a0 siderne har mange aldersrelaterede pletter, mens andre er fine om end gulnede.<br \/>\nNyere ejernavn skrevet med kuglepen p\u00e5 f\u00f8rste titelblad.<\/p>\n<p>1. \u00e5rgang af det popul\u00e6rvidenskabelige tidsskrift, som udkom 1855 &#8211; 1883.<br \/>\nDet var anlagt p\u00e5 lange artikler med f\u00e5 illustrationer. Det blev skrevet af danske naturvidenskabsm\u00e6nd og bragte ogs\u00e5\u00a0 oversatte oversatte tyske og engelske artikler.<br \/>\nTidsskriftet udkom seks til ti gange \u00e5rligt i h\u00e6fter med 64-128 sider.<br \/>\nM\u00e5lgruppen var &#8220;Pr\u00e6ster, L\u00e6ger og den dannede Landbostand og andre som have naturvidenskabelige Interesser og \u00f8nske at udvide deres naturhistoriske Blik.&#8221; \u00a0Der var omkring 1000 abonnenter i slutningen af 1850&#8217;erne; derefter faldt oplagstallet og udgifterne steg s\u00e5 tidsskriftet m\u00e5tte oph\u00f8re 1883 efter nogle \u00e5r med tab.<br \/>\nTak til Wikipedia.<\/p>\n<p>Af interessante artikler kan n\u00e6vnes: Den udd\u00f8de pattedyrsskabning af Chr. L\u00fctken &#8211; med en stentrykstavle: Gjennemsnit af en Knoglehule ved Gilenreuth i Franken og<br \/>\nNaturen i de amerikanske Fristater og den Indvirkning p\u00e5 Befolkningen af C. Fogh &#8211; med et litograferet kort.<\/p>\n","protected":false},"excerpt":{"rendered":"<p>Tidsskrift for popul\u00e6re Fremstillinger af Naturvidenskaben 1855 udgivet af C. Fogh, Chr. L\u00fctken og Chr. Vaupell.<br \/>\nP.G. Philipsens Forlag, 1855 &#8211; 416 + 414 sider &#8211; Halvbind med ejernavn i guldtryk p\u00e5 forsiden.<br \/>\nIllustreret med tr\u00e6snit, chemitypier og enkelte litograferede tavler.<br \/>\nDe to bind er sammenbundne i \u00e9t bind af \u00e6ldre dato.<\/p>\n<p>Bogen fremtr\u00e6der med brugsspor og slid. En del af\u00a0 siderne har mange aldersrelaterede pletter, mens andre er fine om end gulnede.<br \/>\nNyere ejernavn skrevet med kuglepen p\u00e5 f\u00f8rste titelblad.<\/p>\n<p>1. \u00e5rgang af det popul\u00e6rvidenskabelige tidsskrift, som udkom 1855 &#8211; 1883.<br \/>\nDet var anlagt p\u00e5 lange artikler med f\u00e5 illustrationer. Det blev skrevet af danske naturvidenskabsm\u00e6nd og bragte ogs\u00e5\u00a0 oversatte oversatte tyske og engelske artikler.<br \/>\nTidsskriftet udkom seks til ti gange \u00e5rligt i h\u00e6fter med 64-128 sider.<br \/>\nM\u00e5lgruppen var &#8220;Pr\u00e6ster, L\u00e6ger og den dannede Landbostand og andre som have naturvidenskabelige Interesser og \u00f8nske at udvide deres naturhistoriske Blik.&#8221; \u00a0Der var omkring 1000 abonnenter i slutningen af 1850&#8217;erne; derefter faldt oplagstallet og udgifterne steg s\u00e5 tidsskriftet m\u00e5tte oph\u00f8re 1883 efter nogle \u00e5r med tab.<br \/>\nTak til Wikipedia.<\/p>\n<p>Af interessante artikler kan n\u00e6vnes: Den udd\u00f8de pattedyrsskabning af Chr. L\u00fctken &#8211; med en stentrykstavle: Gjennemsnit af en Knoglehule ved Gilenreuth i Franken og<br \/>\nNaturen i de amerikanske Fristater og den Indvirkning p\u00e5 Befolkningen af C. Fogh &#8211; med et litograferet kort.<\/p>\n","protected":false},"featured_media":18598,"template":"","meta":[],"product_brand":[],"product_cat":[1015,287,27,28,29,44,48],"product_tag":[451],"class_list":{"0":"post-18586","1":"product","2":"type-product","3":"status-publish","4":"has-post-thumbnail","6":"product_cat-antikke-boeger","7":"product_cat-blade","8":"product_cat-boeger","9":"product_cat-fagboeger","10":"product_cat-naturvidenskab-og-teknik","11":"product_cat-natur","12":"product_cat-tema","13":"product_tag-naturvidenskab","15":"first","16":"instock","17":"shipping-taxable","18":"purchasable","19":"product-type-simple"},"yoast_head":"<!-- This site is optimized with the Yoast SEO Premium plugin v27.4 (Yoast SEO v27.4) - https:\/\/yoast.com\/product\/yoast-seo-premium-wordpress\/ -->\n<title>Tidsskrift for popul\u00e6re Fremstillinger af Naturvidenskaben Bd. 1 - 2, 1855 - B\u00f8ger og Ting<\/title>\n<meta name=\"description\" content=\"Tidsskrift for popul\u00e6re Fremstillinger af Naturvidenskaben - Philipsens Forlag, 1855 - 416 + 414 sider - Sambundne i halvbind med ejernavn i guldtryk p\u00e5 forsiden.\" \/>\n<meta name=\"robots\" content=\"index, follow, max-snippet:-1, max-image-preview:large, max-video-preview:-1\" \/>\n<link rel=\"canonical\" href=\"https:\/\/www.xn--bgerogting-0cb.dk\/index.php\/vare\/tidsskrift-for-populaere-fremstillinger-af-naturvidenskaben-bd-1-2-1855\/\" \/>\n<meta property=\"og:locale\" content=\"da_DK\" \/>\n<meta property=\"og:type\" content=\"article\" \/>\n<meta property=\"og:title\" content=\"Tidsskrift for popul\u00e6re Fremstillinger af Naturvidenskaben Bd. 1 - 2, 1855\" \/>\n<meta property=\"og:description\" content=\"Tidsskrift for popul\u00e6re Fremstillinger af Naturvidenskaben - Philipsens Forlag, 1855 - 416 + 414 sider - Sambundne i halvbind med ejernavn i guldtryk p\u00e5 forsiden.\" \/>\n<meta property=\"og:url\" content=\"https:\/\/www.xn--bgerogting-0cb.dk\/index.php\/vare\/tidsskrift-for-populaere-fremstillinger-af-naturvidenskaben-bd-1-2-1855\/\" \/>\n<meta property=\"og:site_name\" content=\"B\u00f8ger og Ting\" \/>\n<meta property=\"article:publisher\" content=\"https:\/\/www.facebook.com\/boegerogting\/\" \/>\n<meta property=\"article:modified_time\" content=\"2026-03-05T12:27:19+00:00\" \/>\n<meta property=\"og:image\" content=\"https:\/\/www.xn--bgerogting-0cb.dk\/wp-content\/uploads\/2026\/03\/Tidsskrift-for-populaere-Fremstillinger-af-Naturvidenskaben.jpg\" \/>\n\t<meta property=\"og:image:width\" content=\"1920\" \/>\n\t<meta property=\"og:image:height\" content=\"1920\" \/>\n\t<meta property=\"og:image:type\" content=\"image\/jpeg\" \/>\n<meta name=\"twitter:card\" content=\"summary_large_image\" \/>\n<meta name=\"twitter:label1\" content=\"Pris\" \/>\n\t<meta name=\"twitter:data1\" content=\"kr.&nbsp;250,00\" \/>\n\t<meta name=\"twitter:label2\" content=\"Tilg\u00e6ngelighed\" \/>\n\t<meta name=\"twitter:data2\" content=\"P\u00e5 lager\" \/>\n<script type=\"application\/ld+json\" class=\"yoast-schema-graph\">{\"@context\":\"https:\\\/\\\/schema.org\",\"@graph\":[{\"@type\":\"WebPage\",\"@id\":\"https:\\\/\\\/www.xn--bgerogting-0cb.dk\\\/index.php\\\/vare\\\/tidsskrift-for-populaere-fremstillinger-af-naturvidenskaben-bd-1-2-1855\\\/\",\"url\":\"https:\\\/\\\/www.xn--bgerogting-0cb.dk\\\/index.php\\\/vare\\\/tidsskrift-for-populaere-fremstillinger-af-naturvidenskaben-bd-1-2-1855\\\/\",\"name\":\"Tidsskrift for popul\u00e6re Fremstillinger af Naturvidenskaben Bd. 1 - 2, 1855 - B\u00f8ger og Ting\",\"isPartOf\":{\"@id\":\"https:\\\/\\\/www.xn--bgerogting-0cb.dk\\\/#website\"},\"primaryImageOfPage\":{\"@id\":\"https:\\\/\\\/www.xn--bgerogting-0cb.dk\\\/index.php\\\/vare\\\/tidsskrift-for-populaere-fremstillinger-af-naturvidenskaben-bd-1-2-1855\\\/#primaryimage\"},\"image\":{\"@id\":\"https:\\\/\\\/www.xn--bgerogting-0cb.dk\\\/index.php\\\/vare\\\/tidsskrift-for-populaere-fremstillinger-af-naturvidenskaben-bd-1-2-1855\\\/#primaryimage\"},\"thumbnailUrl\":\"https:\\\/\\\/i0.wp.com\\\/www.xn--bgerogting-0cb.dk\\\/wp-content\\\/uploads\\\/2026\\\/03\\\/Tidsskrift-for-populaere-Fremstillinger-af-Naturvidenskaben.jpg?fit=1920%2C1920&ssl=1\",\"datePublished\":\"2026-03-04T15:18:24+00:00\",\"dateModified\":\"2026-03-05T12:27:19+00:00\",\"description\":\"Tidsskrift for popul\u00e6re Fremstillinger af Naturvidenskaben - Philipsens Forlag, 1855 - 416 + 414 sider - Sambundne i halvbind med ejernavn i guldtryk p\u00e5 forsiden.\",\"breadcrumb\":{\"@id\":\"https:\\\/\\\/www.xn--bgerogting-0cb.dk\\\/index.php\\\/vare\\\/tidsskrift-for-populaere-fremstillinger-af-naturvidenskaben-bd-1-2-1855\\\/#breadcrumb\"},\"inLanguage\":\"da-DK\",\"potentialAction\":[{\"@type\":\"ReadAction\",\"target\":[\"https:\\\/\\\/www.xn--bgerogting-0cb.dk\\\/index.php\\\/vare\\\/tidsskrift-for-populaere-fremstillinger-af-naturvidenskaben-bd-1-2-1855\\\/\"]}]},{\"@type\":\"ImageObject\",\"inLanguage\":\"da-DK\",\"@id\":\"https:\\\/\\\/www.xn--bgerogting-0cb.dk\\\/index.php\\\/vare\\\/tidsskrift-for-populaere-fremstillinger-af-naturvidenskaben-bd-1-2-1855\\\/#primaryimage\",\"url\":\"https:\\\/\\\/i0.wp.com\\\/www.xn--bgerogting-0cb.dk\\\/wp-content\\\/uploads\\\/2026\\\/03\\\/Tidsskrift-for-populaere-Fremstillinger-af-Naturvidenskaben.jpg?fit=1920%2C1920&ssl=1\",\"contentUrl\":\"https:\\\/\\\/i0.wp.com\\\/www.xn--bgerogting-0cb.dk\\\/wp-content\\\/uploads\\\/2026\\\/03\\\/Tidsskrift-for-populaere-Fremstillinger-af-Naturvidenskaben.jpg?fit=1920%2C1920&ssl=1\",\"width\":1920,\"height\":1920,\"caption\":\"Tidsskrift for popul\u00e6re Fremstillinger af Naturvidenskaben\"},{\"@type\":\"BreadcrumbList\",\"@id\":\"https:\\\/\\\/www.xn--bgerogting-0cb.dk\\\/index.php\\\/vare\\\/tidsskrift-for-populaere-fremstillinger-af-naturvidenskaben-bd-1-2-1855\\\/#breadcrumb\",\"itemListElement\":[{\"@type\":\"ListItem\",\"position\":1,\"name\":\"Home\",\"item\":\"https:\\\/\\\/www.xn--bgerogting-0cb.dk\\\/\"},{\"@type\":\"ListItem\",\"position\":2,\"name\":\"Butik\",\"item\":\"https:\\\/\\\/www.xn--bgerogting-0cb.dk\\\/index.php\\\/shop\\\/\"},{\"@type\":\"ListItem\",\"position\":3,\"name\":\"Tidsskrift for popul\u00e6re Fremstillinger af Naturvidenskaben Bd. 1 &#8211; 2, 1855\"}]},{\"@type\":\"WebSite\",\"@id\":\"https:\\\/\\\/www.xn--bgerogting-0cb.dk\\\/#website\",\"url\":\"https:\\\/\\\/www.xn--bgerogting-0cb.dk\\\/\",\"name\":\"B\u00f8ger og Ting\",\"description\":\"Antikvarisk, retro, vintage og antik\",\"publisher\":{\"@id\":\"https:\\\/\\\/www.xn--bgerogting-0cb.dk\\\/#organization\"},\"potentialAction\":[{\"@type\":\"SearchAction\",\"target\":{\"@type\":\"EntryPoint\",\"urlTemplate\":\"https:\\\/\\\/www.xn--bgerogting-0cb.dk\\\/?s={search_term_string}\"},\"query-input\":{\"@type\":\"PropertyValueSpecification\",\"valueRequired\":true,\"valueName\":\"search_term_string\"}}],\"inLanguage\":\"da-DK\"},{\"@type\":\"Organization\",\"@id\":\"https:\\\/\\\/www.xn--bgerogting-0cb.dk\\\/#organization\",\"name\":\"B\u00f8ger og Ting\",\"url\":\"https:\\\/\\\/www.xn--bgerogting-0cb.dk\\\/\",\"logo\":{\"@type\":\"ImageObject\",\"inLanguage\":\"da-DK\",\"@id\":\"https:\\\/\\\/www.xn--bgerogting-0cb.dk\\\/#\\\/schema\\\/logo\\\/image\\\/\",\"url\":\"https:\\\/\\\/i0.wp.com\\\/www.xn--bgerogting-0cb.dk\\\/wp-content\\\/uploads\\\/2019\\\/10\\\/webicon.png?fit=205%2C205&ssl=1\",\"contentUrl\":\"https:\\\/\\\/i0.wp.com\\\/www.xn--bgerogting-0cb.dk\\\/wp-content\\\/uploads\\\/2019\\\/10\\\/webicon.png?fit=205%2C205&ssl=1\",\"width\":205,\"height\":205,\"caption\":\"B\u00f8ger og Ting\"},\"image\":{\"@id\":\"https:\\\/\\\/www.xn--bgerogting-0cb.dk\\\/#\\\/schema\\\/logo\\\/image\\\/\"},\"sameAs\":[\"https:\\\/\\\/www.facebook.com\\\/boegerogting\\\/\",\"https:\\\/\\\/www.instagram.com\\\/bogerogting\\\/\"]}]}<\/script>\n<meta property=\"product:price:amount\" content=\"250.00\" \/>\n<meta property=\"product:price:currency\" content=\"DKK\" \/>\n<meta property=\"og:availability\" content=\"instock\" \/>\n<meta property=\"product:availability\" content=\"instock\" \/>\n<meta property=\"product:retailer_item_id\" content=\"6761\" \/>\n<meta property=\"product:condition\" content=\"new\" \/>\n<!-- \/ Yoast SEO Premium plugin. -->","yoast_head_json":{"title":"Tidsskrift for popul\u00e6re Fremstillinger af Naturvidenskaben Bd. 1 - 2, 1855 - B\u00f8ger og Ting","description":"Tidsskrift for popul\u00e6re Fremstillinger af Naturvidenskaben - Philipsens Forlag, 1855 - 416 + 414 sider - Sambundne i halvbind med ejernavn i guldtryk p\u00e5 forsiden.","robots":{"index":"index","follow":"follow","max-snippet":"max-snippet:-1","max-image-preview":"max-image-preview:large","max-video-preview":"max-video-preview:-1"},"canonical":"https:\/\/www.xn--bgerogting-0cb.dk\/index.php\/vare\/tidsskrift-for-populaere-fremstillinger-af-naturvidenskaben-bd-1-2-1855\/","og_locale":"da_DK","og_type":"article","og_title":"Tidsskrift for popul\u00e6re Fremstillinger af Naturvidenskaben Bd. 1 - 2, 1855","og_description":"Tidsskrift for popul\u00e6re Fremstillinger af Naturvidenskaben - Philipsens Forlag, 1855 - 416 + 414 sider - Sambundne i halvbind med ejernavn i guldtryk p\u00e5 forsiden.","og_url":"https:\/\/www.xn--bgerogting-0cb.dk\/index.php\/vare\/tidsskrift-for-populaere-fremstillinger-af-naturvidenskaben-bd-1-2-1855\/","og_site_name":"B\u00f8ger og Ting","article_publisher":"https:\/\/www.facebook.com\/boegerogting\/","article_modified_time":"2026-03-05T12:27:19+00:00","og_image":[{"width":1920,"height":1920,"url":"https:\/\/www.xn--bgerogting-0cb.dk\/wp-content\/uploads\/2026\/03\/Tidsskrift-for-populaere-Fremstillinger-af-Naturvidenskaben.jpg","type":"image\/jpeg"}],"twitter_card":"summary_large_image","twitter_misc":{"Pris":"kr.&nbsp;250,00","Tilg\u00e6ngelighed":"P\u00e5 lager"},"schema":{"@context":"https:\/\/schema.org","@graph":[{"@type":"WebPage","@id":"https:\/\/www.xn--bgerogting-0cb.dk\/index.php\/vare\/tidsskrift-for-populaere-fremstillinger-af-naturvidenskaben-bd-1-2-1855\/","url":"https:\/\/www.xn--bgerogting-0cb.dk\/index.php\/vare\/tidsskrift-for-populaere-fremstillinger-af-naturvidenskaben-bd-1-2-1855\/","name":"Tidsskrift for popul\u00e6re Fremstillinger af Naturvidenskaben Bd. 1 - 2, 1855 - B\u00f8ger og Ting","isPartOf":{"@id":"https:\/\/www.xn--bgerogting-0cb.dk\/#website"},"primaryImageOfPage":{"@id":"https:\/\/www.xn--bgerogting-0cb.dk\/index.php\/vare\/tidsskrift-for-populaere-fremstillinger-af-naturvidenskaben-bd-1-2-1855\/#primaryimage"},"image":{"@id":"https:\/\/www.xn--bgerogting-0cb.dk\/index.php\/vare\/tidsskrift-for-populaere-fremstillinger-af-naturvidenskaben-bd-1-2-1855\/#primaryimage"},"thumbnailUrl":"https:\/\/i0.wp.com\/www.xn--bgerogting-0cb.dk\/wp-content\/uploads\/2026\/03\/Tidsskrift-for-populaere-Fremstillinger-af-Naturvidenskaben.jpg?fit=1920%2C1920&ssl=1","datePublished":"2026-03-04T15:18:24+00:00","dateModified":"2026-03-05T12:27:19+00:00","description":"Tidsskrift for popul\u00e6re Fremstillinger af Naturvidenskaben - Philipsens Forlag, 1855 - 416 + 414 sider - Sambundne i halvbind med ejernavn i guldtryk p\u00e5 forsiden.","breadcrumb":{"@id":"https:\/\/www.xn--bgerogting-0cb.dk\/index.php\/vare\/tidsskrift-for-populaere-fremstillinger-af-naturvidenskaben-bd-1-2-1855\/#breadcrumb"},"inLanguage":"da-DK","potentialAction":[{"@type":"ReadAction","target":["https:\/\/www.xn--bgerogting-0cb.dk\/index.php\/vare\/tidsskrift-for-populaere-fremstillinger-af-naturvidenskaben-bd-1-2-1855\/"]}]},{"@type":"ImageObject","inLanguage":"da-DK","@id":"https:\/\/www.xn--bgerogting-0cb.dk\/index.php\/vare\/tidsskrift-for-populaere-fremstillinger-af-naturvidenskaben-bd-1-2-1855\/#primaryimage","url":"https:\/\/i0.wp.com\/www.xn--bgerogting-0cb.dk\/wp-content\/uploads\/2026\/03\/Tidsskrift-for-populaere-Fremstillinger-af-Naturvidenskaben.jpg?fit=1920%2C1920&ssl=1","contentUrl":"https:\/\/i0.wp.com\/www.xn--bgerogting-0cb.dk\/wp-content\/uploads\/2026\/03\/Tidsskrift-for-populaere-Fremstillinger-af-Naturvidenskaben.jpg?fit=1920%2C1920&ssl=1","width":1920,"height":1920,"caption":"Tidsskrift for popul\u00e6re Fremstillinger af Naturvidenskaben"},{"@type":"BreadcrumbList","@id":"https:\/\/www.xn--bgerogting-0cb.dk\/index.php\/vare\/tidsskrift-for-populaere-fremstillinger-af-naturvidenskaben-bd-1-2-1855\/#breadcrumb","itemListElement":[{"@type":"ListItem","position":1,"name":"Home","item":"https:\/\/www.xn--bgerogting-0cb.dk\/"},{"@type":"ListItem","position":2,"name":"Butik","item":"https:\/\/www.xn--bgerogting-0cb.dk\/index.php\/shop\/"},{"@type":"ListItem","position":3,"name":"Tidsskrift for popul\u00e6re Fremstillinger af Naturvidenskaben Bd. 1 &#8211; 2, 1855"}]},{"@type":"WebSite","@id":"https:\/\/www.xn--bgerogting-0cb.dk\/#website","url":"https:\/\/www.xn--bgerogting-0cb.dk\/","name":"B\u00f8ger og Ting","description":"Antikvarisk, retro, vintage og antik","publisher":{"@id":"https:\/\/www.xn--bgerogting-0cb.dk\/#organization"},"potentialAction":[{"@type":"SearchAction","target":{"@type":"EntryPoint","urlTemplate":"https:\/\/www.xn--bgerogting-0cb.dk\/?s={search_term_string}"},"query-input":{"@type":"PropertyValueSpecification","valueRequired":true,"valueName":"search_term_string"}}],"inLanguage":"da-DK"},{"@type":"Organization","@id":"https:\/\/www.xn--bgerogting-0cb.dk\/#organization","name":"B\u00f8ger og Ting","url":"https:\/\/www.xn--bgerogting-0cb.dk\/","logo":{"@type":"ImageObject","inLanguage":"da-DK","@id":"https:\/\/www.xn--bgerogting-0cb.dk\/#\/schema\/logo\/image\/","url":"https:\/\/i0.wp.com\/www.xn--bgerogting-0cb.dk\/wp-content\/uploads\/2019\/10\/webicon.png?fit=205%2C205&ssl=1","contentUrl":"https:\/\/i0.wp.com\/www.xn--bgerogting-0cb.dk\/wp-content\/uploads\/2019\/10\/webicon.png?fit=205%2C205&ssl=1","width":205,"height":205,"caption":"B\u00f8ger og Ting"},"image":{"@id":"https:\/\/www.xn--bgerogting-0cb.dk\/#\/schema\/logo\/image\/"},"sameAs":["https:\/\/www.facebook.com\/boegerogting\/","https:\/\/www.instagram.com\/bogerogting\/"]}]},"product_price_amount":"250.00","product_price_currency":"DKK","og_availability":"instock","product_availability":"instock","product_retailer_item_id":"6761","product_condition":"new"},"jetpack_sharing_enabled":true,"_links":{"self":[{"href":"https:\/\/www.xn--bgerogting-0cb.dk\/index.php\/wp-json\/wp\/v2\/product\/18586","targetHints":{"allow":["GET"]}}],"collection":[{"href":"https:\/\/www.xn--bgerogting-0cb.dk\/index.php\/wp-json\/wp\/v2\/product"}],"about":[{"href":"https:\/\/www.xn--bgerogting-0cb.dk\/index.php\/wp-json\/wp\/v2\/types\/product"}],"wp:featuredmedia":[{"embeddable":true,"href":"https:\/\/www.xn--bgerogting-0cb.dk\/index.php\/wp-json\/wp\/v2\/media\/18598"}],"wp:attachment":[{"href":"https:\/\/www.xn--bgerogting-0cb.dk\/index.php\/wp-json\/wp\/v2\/media?parent=18586"}],"wp:term":[{"taxonomy":"product_brand","embeddable":true,"href":"https:\/\/www.xn--bgerogting-0cb.dk\/index.php\/wp-json\/wp\/v2\/product_brand?post=18586"},{"taxonomy":"product_cat","embeddable":true,"href":"https:\/\/www.xn--bgerogting-0cb.dk\/index.php\/wp-json\/wp\/v2\/product_cat?post=18586"},{"taxonomy":"product_tag","embeddable":true,"href":"https:\/\/www.xn--bgerogting-0cb.dk\/index.php\/wp-json\/wp\/v2\/product_tag?post=18586"}],"curies":[{"name":"wp","href":"https:\/\/api.w.org\/{rel}","templated":true}]}}