{"id":17766,"date":"2025-08-28T16:03:57","date_gmt":"2025-08-28T14:03:57","guid":{"rendered":"https:\/\/www.xn--bgerogting-0cb.dk\/?post_type=product&#038;p=17766"},"modified":"2025-08-28T16:05:01","modified_gmt":"2025-08-28T14:05:01","slug":"dyr-som-slet-ikke-findes-eventyrbog-for-voksne-og-andre-boern-af-beppe-wolgers","status":"publish","type":"product","link":"https:\/\/www.xn--bgerogting-0cb.dk\/index.php\/vare\/dyr-som-slet-ikke-findes-eventyrbog-for-voksne-og-andre-boern-af-beppe-wolgers\/","title":{"rendered":"Dyr, som slet ikke findes : eventyrbog for voksne og andre b\u00f8rn af Beppe Wolgers"},"content":{"rendered":"<p>Dyr, som slet ikke findes : eventyrbog for voksne og andre b\u00f8rn af Beppe Wolgers.<br \/>\nChr. Erichsens Forlag, 1976 &#8211; 45 sider &#8211; H\u00e6ftet med kartonbind i tv\u00e6rformat (22,5 x 16,5 cm.)<br \/>\nIllustreret af Mie Luf .<br \/>\nBogen er i fin stand, dog er kartonbindet let gulnet p\u00e5 forsiden.<\/p>\n<p>Indholdet er et udpluk af de sk\u00f8re og m\u00e6rkelige dyr, som optr\u00e6der i forfatterens bog: &#8220;Djur som inte &#8230;&#8221;.<\/p>\n<p>Beppe Wolgers (1928 &#8211; 1986),\u00a0 elsket svensk forfatter, skuespiller, entertainer, kunstner og hele Sveriges finurlige godnat onkel i b\u00f8rneTV.<br \/>\nHan skrev syv b\u00f8rneb\u00f8ger &#8211; i Danmark er den kendteste nok Dunderklumpen, som er baseret p\u00e5 b\u00f8rnefilmen af samme navn.<\/p>\n<p>&nbsp;<\/p>\n","protected":false},"excerpt":{"rendered":"<p>Dyr, som slet ikke findes : eventyrbog for voksne og andre b\u00f8rn af Beppe Wolgers.<br \/>\nChr. Erichsens Forlag, 1976 &#8211; 45 sider &#8211; H\u00e6ftet med kartonbind i tv\u00e6rformat (22,5 x 16,5 cm.)<br \/>\nIllustreret af Mie Luf .<br \/>\nBogen er i fin stand, dog er kartonbindet let gulnet p\u00e5 forsiden.<\/p>\n<p>Indholdet er et udpluk af de sk\u00f8re og m\u00e6rkelige dyr, som optr\u00e6der i forfatterens bog: &#8220;Djur som inte &#8230;&#8221;.<\/p>\n<p>Beppe Wolgers (1928 &#8211; 1986),\u00a0 elsket svensk forfatter, skuespiller, entertainer, kunstner og hele Sveriges finurlige godnat onkel i b\u00f8rneTV.<br \/>\nHan skrev syv b\u00f8rneb\u00f8ger &#8211; i Danmark er den kendteste nok Dunderklumpen, som er baseret p\u00e5 b\u00f8rnefilmen af samme navn.<\/p>\n<p>&nbsp;<\/p>\n","protected":false},"featured_media":17770,"template":"","meta":[],"product_brand":[],"product_cat":[80,416,27,996,35,25],"product_tag":[1643,573,159],"class_list":{"0":"post-17766","1":"product","2":"type-product","3":"status-publish","4":"has-post-thumbnail","6":"product_cat-alle-tiders-boerneboeger-1970-1979","7":"product_cat-voksne","8":"product_cat-boeger","9":"product_cat-boerneboeger-til-voksne","10":"product_cat-barneboger","11":"product_cat-varia","12":"product_tag-beppe-wolgers","13":"product_tag-sjove-boeger","14":"product_tag-svensk","16":"first","17":"instock","18":"shipping-taxable","19":"purchasable","20":"product-type-simple"},"yoast_head":"<!-- This site is optimized with the Yoast SEO Premium plugin v26.9 (Yoast SEO v27.4) - https:\/\/yoast.com\/product\/yoast-seo-premium-wordpress\/ -->\n<title>Dyr, som slet ikke findes : eventyrbog for voksne og andre b\u00f8rn af Beppe Wolgers - B\u00f8ger og Ting<\/title>\n<meta name=\"description\" content=\"Dyr, som slet ikke findes : eventyrbog for voksne og andre b\u00f8rn af Beppe Wolgers - Chr. Erichsens Forlag, 1976 - 45 sider - H\u00e6ftet med kartonbind.\" \/>\n<meta name=\"robots\" content=\"index, follow, max-snippet:-1, max-image-preview:large, max-video-preview:-1\" \/>\n<link rel=\"canonical\" href=\"https:\/\/www.xn--bgerogting-0cb.dk\/index.php\/vare\/dyr-som-slet-ikke-findes-eventyrbog-for-voksne-og-andre-boern-af-beppe-wolgers\/\" \/>\n<meta property=\"og:locale\" content=\"da_DK\" \/>\n<meta property=\"og:type\" content=\"article\" \/>\n<meta property=\"og:title\" content=\"Dyr, som slet ikke findes : eventyrbog for voksne og andre b\u00f8rn af Beppe Wolgers\" \/>\n<meta property=\"og:description\" content=\"Dyr, som slet ikke findes : eventyrbog for voksne og andre b\u00f8rn af Beppe Wolgers - Chr. Erichsens Forlag, 1976 - 45 sider - H\u00e6ftet med kartonbind.\" \/>\n<meta property=\"og:url\" content=\"https:\/\/www.xn--bgerogting-0cb.dk\/index.php\/vare\/dyr-som-slet-ikke-findes-eventyrbog-for-voksne-og-andre-boern-af-beppe-wolgers\/\" \/>\n<meta property=\"og:site_name\" content=\"B\u00f8ger og Ting\" \/>\n<meta property=\"article:publisher\" content=\"https:\/\/www.facebook.com\/boegerogting\/\" \/>\n<meta property=\"article:modified_time\" content=\"2025-08-28T14:05:01+00:00\" \/>\n<meta property=\"og:image\" content=\"https:\/\/www.xn--bgerogting-0cb.dk\/wp-content\/uploads\/2025\/08\/Dyr-som-slet-ikke-findes-af-Beppe-Wolgers.jpg\" \/>\n\t<meta property=\"og:image:width\" content=\"1920\" \/>\n\t<meta property=\"og:image:height\" content=\"1920\" \/>\n\t<meta property=\"og:image:type\" content=\"image\/jpeg\" \/>\n<meta name=\"twitter:card\" content=\"summary_large_image\" \/>\n<meta name=\"twitter:label1\" content=\"Pris\" \/>\n\t<meta name=\"twitter:data1\" content=\"kr.&nbsp;90,00\" \/>\n\t<meta name=\"twitter:label2\" content=\"Tilg\u00e6ngelighed\" \/>\n\t<meta name=\"twitter:data2\" content=\"P\u00e5 lager\" \/>\n<script type=\"application\/ld+json\" class=\"yoast-schema-graph\">{\"@context\":\"https:\\\/\\\/schema.org\",\"@graph\":[{\"@type\":\"WebPage\",\"@id\":\"https:\\\/\\\/www.xn--bgerogting-0cb.dk\\\/index.php\\\/vare\\\/dyr-som-slet-ikke-findes-eventyrbog-for-voksne-og-andre-boern-af-beppe-wolgers\\\/\",\"url\":\"https:\\\/\\\/www.xn--bgerogting-0cb.dk\\\/index.php\\\/vare\\\/dyr-som-slet-ikke-findes-eventyrbog-for-voksne-og-andre-boern-af-beppe-wolgers\\\/\",\"name\":\"Dyr, som slet ikke findes : eventyrbog for voksne og andre b\u00f8rn af Beppe Wolgers - B\u00f8ger og Ting\",\"isPartOf\":{\"@id\":\"https:\\\/\\\/www.xn--bgerogting-0cb.dk\\\/#website\"},\"primaryImageOfPage\":{\"@id\":\"https:\\\/\\\/www.xn--bgerogting-0cb.dk\\\/index.php\\\/vare\\\/dyr-som-slet-ikke-findes-eventyrbog-for-voksne-og-andre-boern-af-beppe-wolgers\\\/#primaryimage\"},\"image\":{\"@id\":\"https:\\\/\\\/www.xn--bgerogting-0cb.dk\\\/index.php\\\/vare\\\/dyr-som-slet-ikke-findes-eventyrbog-for-voksne-og-andre-boern-af-beppe-wolgers\\\/#primaryimage\"},\"thumbnailUrl\":\"https:\\\/\\\/i0.wp.com\\\/www.xn--bgerogting-0cb.dk\\\/wp-content\\\/uploads\\\/2025\\\/08\\\/Dyr-som-slet-ikke-findes-af-Beppe-Wolgers.jpg?fit=1920%2C1920&ssl=1\",\"datePublished\":\"2025-08-28T14:03:57+00:00\",\"dateModified\":\"2025-08-28T14:05:01+00:00\",\"description\":\"Dyr, som slet ikke findes : eventyrbog for voksne og andre b\u00f8rn af Beppe Wolgers - Chr. Erichsens Forlag, 1976 - 45 sider - H\u00e6ftet med kartonbind.\",\"breadcrumb\":{\"@id\":\"https:\\\/\\\/www.xn--bgerogting-0cb.dk\\\/index.php\\\/vare\\\/dyr-som-slet-ikke-findes-eventyrbog-for-voksne-og-andre-boern-af-beppe-wolgers\\\/#breadcrumb\"},\"inLanguage\":\"da-DK\",\"potentialAction\":[{\"@type\":\"ReadAction\",\"target\":[\"https:\\\/\\\/www.xn--bgerogting-0cb.dk\\\/index.php\\\/vare\\\/dyr-som-slet-ikke-findes-eventyrbog-for-voksne-og-andre-boern-af-beppe-wolgers\\\/\"]}]},{\"@type\":\"ImageObject\",\"inLanguage\":\"da-DK\",\"@id\":\"https:\\\/\\\/www.xn--bgerogting-0cb.dk\\\/index.php\\\/vare\\\/dyr-som-slet-ikke-findes-eventyrbog-for-voksne-og-andre-boern-af-beppe-wolgers\\\/#primaryimage\",\"url\":\"https:\\\/\\\/i0.wp.com\\\/www.xn--bgerogting-0cb.dk\\\/wp-content\\\/uploads\\\/2025\\\/08\\\/Dyr-som-slet-ikke-findes-af-Beppe-Wolgers.jpg?fit=1920%2C1920&ssl=1\",\"contentUrl\":\"https:\\\/\\\/i0.wp.com\\\/www.xn--bgerogting-0cb.dk\\\/wp-content\\\/uploads\\\/2025\\\/08\\\/Dyr-som-slet-ikke-findes-af-Beppe-Wolgers.jpg?fit=1920%2C1920&ssl=1\",\"width\":1920,\"height\":1920,\"caption\":\"Dyr, som slet ikke findes af Beppe Wolgers\"},{\"@type\":\"BreadcrumbList\",\"@id\":\"https:\\\/\\\/www.xn--bgerogting-0cb.dk\\\/index.php\\\/vare\\\/dyr-som-slet-ikke-findes-eventyrbog-for-voksne-og-andre-boern-af-beppe-wolgers\\\/#breadcrumb\",\"itemListElement\":[{\"@type\":\"ListItem\",\"position\":1,\"name\":\"Home\",\"item\":\"https:\\\/\\\/www.xn--bgerogting-0cb.dk\\\/\"},{\"@type\":\"ListItem\",\"position\":2,\"name\":\"Butik\",\"item\":\"https:\\\/\\\/www.xn--bgerogting-0cb.dk\\\/index.php\\\/shop\\\/\"},{\"@type\":\"ListItem\",\"position\":3,\"name\":\"Dyr, som slet ikke findes : eventyrbog for voksne og andre b\u00f8rn af Beppe Wolgers\"}]},{\"@type\":\"WebSite\",\"@id\":\"https:\\\/\\\/www.xn--bgerogting-0cb.dk\\\/#website\",\"url\":\"https:\\\/\\\/www.xn--bgerogting-0cb.dk\\\/\",\"name\":\"B\u00f8ger og Ting\",\"description\":\"Antikvarisk, retro, vintage og antik\",\"publisher\":{\"@id\":\"https:\\\/\\\/www.xn--bgerogting-0cb.dk\\\/#organization\"},\"potentialAction\":[{\"@type\":\"SearchAction\",\"target\":{\"@type\":\"EntryPoint\",\"urlTemplate\":\"https:\\\/\\\/www.xn--bgerogting-0cb.dk\\\/?s={search_term_string}\"},\"query-input\":{\"@type\":\"PropertyValueSpecification\",\"valueRequired\":true,\"valueName\":\"search_term_string\"}}],\"inLanguage\":\"da-DK\"},{\"@type\":\"Organization\",\"@id\":\"https:\\\/\\\/www.xn--bgerogting-0cb.dk\\\/#organization\",\"name\":\"B\u00f8ger og Ting\",\"url\":\"https:\\\/\\\/www.xn--bgerogting-0cb.dk\\\/\",\"logo\":{\"@type\":\"ImageObject\",\"inLanguage\":\"da-DK\",\"@id\":\"https:\\\/\\\/www.xn--bgerogting-0cb.dk\\\/#\\\/schema\\\/logo\\\/image\\\/\",\"url\":\"https:\\\/\\\/i0.wp.com\\\/www.xn--bgerogting-0cb.dk\\\/wp-content\\\/uploads\\\/2019\\\/10\\\/webicon.png?fit=205%2C205&ssl=1\",\"contentUrl\":\"https:\\\/\\\/i0.wp.com\\\/www.xn--bgerogting-0cb.dk\\\/wp-content\\\/uploads\\\/2019\\\/10\\\/webicon.png?fit=205%2C205&ssl=1\",\"width\":205,\"height\":205,\"caption\":\"B\u00f8ger og Ting\"},\"image\":{\"@id\":\"https:\\\/\\\/www.xn--bgerogting-0cb.dk\\\/#\\\/schema\\\/logo\\\/image\\\/\"},\"sameAs\":[\"https:\\\/\\\/www.facebook.com\\\/boegerogting\\\/\",\"https:\\\/\\\/www.instagram.com\\\/bogerogting\\\/\"]}]}<\/script>\n<meta property=\"product:price:amount\" content=\"90.00\" \/>\n<meta property=\"product:price:currency\" content=\"DKK\" \/>\n<meta property=\"og:availability\" content=\"instock\" \/>\n<meta property=\"product:availability\" content=\"instock\" \/>\n<meta property=\"product:retailer_item_id\" content=\"6351\" \/>\n<meta property=\"product:condition\" content=\"new\" \/>\n<!-- \/ Yoast SEO Premium plugin. -->","yoast_head_json":{"title":"Dyr, som slet ikke findes : eventyrbog for voksne og andre b\u00f8rn af Beppe Wolgers - B\u00f8ger og Ting","description":"Dyr, som slet ikke findes : eventyrbog for voksne og andre b\u00f8rn af Beppe Wolgers - Chr. Erichsens Forlag, 1976 - 45 sider - H\u00e6ftet med kartonbind.","robots":{"index":"index","follow":"follow","max-snippet":"max-snippet:-1","max-image-preview":"max-image-preview:large","max-video-preview":"max-video-preview:-1"},"canonical":"https:\/\/www.xn--bgerogting-0cb.dk\/index.php\/vare\/dyr-som-slet-ikke-findes-eventyrbog-for-voksne-og-andre-boern-af-beppe-wolgers\/","og_locale":"da_DK","og_type":"article","og_title":"Dyr, som slet ikke findes : eventyrbog for voksne og andre b\u00f8rn af Beppe Wolgers","og_description":"Dyr, som slet ikke findes : eventyrbog for voksne og andre b\u00f8rn af Beppe Wolgers - Chr. Erichsens Forlag, 1976 - 45 sider - H\u00e6ftet med kartonbind.","og_url":"https:\/\/www.xn--bgerogting-0cb.dk\/index.php\/vare\/dyr-som-slet-ikke-findes-eventyrbog-for-voksne-og-andre-boern-af-beppe-wolgers\/","og_site_name":"B\u00f8ger og Ting","article_publisher":"https:\/\/www.facebook.com\/boegerogting\/","article_modified_time":"2025-08-28T14:05:01+00:00","og_image":[{"width":1920,"height":1920,"url":"https:\/\/www.xn--bgerogting-0cb.dk\/wp-content\/uploads\/2025\/08\/Dyr-som-slet-ikke-findes-af-Beppe-Wolgers.jpg","type":"image\/jpeg"}],"twitter_card":"summary_large_image","twitter_misc":{"Pris":"kr.&nbsp;90,00","Tilg\u00e6ngelighed":"P\u00e5 lager"},"schema":{"@context":"https:\/\/schema.org","@graph":[{"@type":"WebPage","@id":"https:\/\/www.xn--bgerogting-0cb.dk\/index.php\/vare\/dyr-som-slet-ikke-findes-eventyrbog-for-voksne-og-andre-boern-af-beppe-wolgers\/","url":"https:\/\/www.xn--bgerogting-0cb.dk\/index.php\/vare\/dyr-som-slet-ikke-findes-eventyrbog-for-voksne-og-andre-boern-af-beppe-wolgers\/","name":"Dyr, som slet ikke findes : eventyrbog for voksne og andre b\u00f8rn af Beppe Wolgers - B\u00f8ger og Ting","isPartOf":{"@id":"https:\/\/www.xn--bgerogting-0cb.dk\/#website"},"primaryImageOfPage":{"@id":"https:\/\/www.xn--bgerogting-0cb.dk\/index.php\/vare\/dyr-som-slet-ikke-findes-eventyrbog-for-voksne-og-andre-boern-af-beppe-wolgers\/#primaryimage"},"image":{"@id":"https:\/\/www.xn--bgerogting-0cb.dk\/index.php\/vare\/dyr-som-slet-ikke-findes-eventyrbog-for-voksne-og-andre-boern-af-beppe-wolgers\/#primaryimage"},"thumbnailUrl":"https:\/\/i0.wp.com\/www.xn--bgerogting-0cb.dk\/wp-content\/uploads\/2025\/08\/Dyr-som-slet-ikke-findes-af-Beppe-Wolgers.jpg?fit=1920%2C1920&ssl=1","datePublished":"2025-08-28T14:03:57+00:00","dateModified":"2025-08-28T14:05:01+00:00","description":"Dyr, som slet ikke findes : eventyrbog for voksne og andre b\u00f8rn af Beppe Wolgers - Chr. Erichsens Forlag, 1976 - 45 sider - H\u00e6ftet med kartonbind.","breadcrumb":{"@id":"https:\/\/www.xn--bgerogting-0cb.dk\/index.php\/vare\/dyr-som-slet-ikke-findes-eventyrbog-for-voksne-og-andre-boern-af-beppe-wolgers\/#breadcrumb"},"inLanguage":"da-DK","potentialAction":[{"@type":"ReadAction","target":["https:\/\/www.xn--bgerogting-0cb.dk\/index.php\/vare\/dyr-som-slet-ikke-findes-eventyrbog-for-voksne-og-andre-boern-af-beppe-wolgers\/"]}]},{"@type":"ImageObject","inLanguage":"da-DK","@id":"https:\/\/www.xn--bgerogting-0cb.dk\/index.php\/vare\/dyr-som-slet-ikke-findes-eventyrbog-for-voksne-og-andre-boern-af-beppe-wolgers\/#primaryimage","url":"https:\/\/i0.wp.com\/www.xn--bgerogting-0cb.dk\/wp-content\/uploads\/2025\/08\/Dyr-som-slet-ikke-findes-af-Beppe-Wolgers.jpg?fit=1920%2C1920&ssl=1","contentUrl":"https:\/\/i0.wp.com\/www.xn--bgerogting-0cb.dk\/wp-content\/uploads\/2025\/08\/Dyr-som-slet-ikke-findes-af-Beppe-Wolgers.jpg?fit=1920%2C1920&ssl=1","width":1920,"height":1920,"caption":"Dyr, som slet ikke findes af Beppe Wolgers"},{"@type":"BreadcrumbList","@id":"https:\/\/www.xn--bgerogting-0cb.dk\/index.php\/vare\/dyr-som-slet-ikke-findes-eventyrbog-for-voksne-og-andre-boern-af-beppe-wolgers\/#breadcrumb","itemListElement":[{"@type":"ListItem","position":1,"name":"Home","item":"https:\/\/www.xn--bgerogting-0cb.dk\/"},{"@type":"ListItem","position":2,"name":"Butik","item":"https:\/\/www.xn--bgerogting-0cb.dk\/index.php\/shop\/"},{"@type":"ListItem","position":3,"name":"Dyr, som slet ikke findes : eventyrbog for voksne og andre b\u00f8rn af Beppe Wolgers"}]},{"@type":"WebSite","@id":"https:\/\/www.xn--bgerogting-0cb.dk\/#website","url":"https:\/\/www.xn--bgerogting-0cb.dk\/","name":"B\u00f8ger og Ting","description":"Antikvarisk, retro, vintage og antik","publisher":{"@id":"https:\/\/www.xn--bgerogting-0cb.dk\/#organization"},"potentialAction":[{"@type":"SearchAction","target":{"@type":"EntryPoint","urlTemplate":"https:\/\/www.xn--bgerogting-0cb.dk\/?s={search_term_string}"},"query-input":{"@type":"PropertyValueSpecification","valueRequired":true,"valueName":"search_term_string"}}],"inLanguage":"da-DK"},{"@type":"Organization","@id":"https:\/\/www.xn--bgerogting-0cb.dk\/#organization","name":"B\u00f8ger og Ting","url":"https:\/\/www.xn--bgerogting-0cb.dk\/","logo":{"@type":"ImageObject","inLanguage":"da-DK","@id":"https:\/\/www.xn--bgerogting-0cb.dk\/#\/schema\/logo\/image\/","url":"https:\/\/i0.wp.com\/www.xn--bgerogting-0cb.dk\/wp-content\/uploads\/2019\/10\/webicon.png?fit=205%2C205&ssl=1","contentUrl":"https:\/\/i0.wp.com\/www.xn--bgerogting-0cb.dk\/wp-content\/uploads\/2019\/10\/webicon.png?fit=205%2C205&ssl=1","width":205,"height":205,"caption":"B\u00f8ger og Ting"},"image":{"@id":"https:\/\/www.xn--bgerogting-0cb.dk\/#\/schema\/logo\/image\/"},"sameAs":["https:\/\/www.facebook.com\/boegerogting\/","https:\/\/www.instagram.com\/bogerogting\/"]}]},"product_price_amount":"90.00","product_price_currency":"DKK","og_availability":"instock","product_availability":"instock","product_retailer_item_id":"6351","product_condition":"new"},"jetpack_sharing_enabled":true,"_links":{"self":[{"href":"https:\/\/www.xn--bgerogting-0cb.dk\/index.php\/wp-json\/wp\/v2\/product\/17766","targetHints":{"allow":["GET"]}}],"collection":[{"href":"https:\/\/www.xn--bgerogting-0cb.dk\/index.php\/wp-json\/wp\/v2\/product"}],"about":[{"href":"https:\/\/www.xn--bgerogting-0cb.dk\/index.php\/wp-json\/wp\/v2\/types\/product"}],"wp:featuredmedia":[{"embeddable":true,"href":"https:\/\/www.xn--bgerogting-0cb.dk\/index.php\/wp-json\/wp\/v2\/media\/17770"}],"wp:attachment":[{"href":"https:\/\/www.xn--bgerogting-0cb.dk\/index.php\/wp-json\/wp\/v2\/media?parent=17766"}],"wp:term":[{"taxonomy":"product_brand","embeddable":true,"href":"https:\/\/www.xn--bgerogting-0cb.dk\/index.php\/wp-json\/wp\/v2\/product_brand?post=17766"},{"taxonomy":"product_cat","embeddable":true,"href":"https:\/\/www.xn--bgerogting-0cb.dk\/index.php\/wp-json\/wp\/v2\/product_cat?post=17766"},{"taxonomy":"product_tag","embeddable":true,"href":"https:\/\/www.xn--bgerogting-0cb.dk\/index.php\/wp-json\/wp\/v2\/product_tag?post=17766"}],"curies":[{"name":"wp","href":"https:\/\/api.w.org\/{rel}","templated":true}]}}