{"id":17671,"date":"2025-08-19T19:42:24","date_gmt":"2025-08-19T17:42:24","guid":{"rendered":"https:\/\/www.xn--bgerogting-0cb.dk\/?post_type=product&#038;p=17671"},"modified":"2025-08-19T19:45:24","modified_gmt":"2025-08-19T17:45:24","slug":"rama-sama-af-conrad-staugaard-2","status":"publish","type":"product","link":"https:\/\/www.xn--bgerogting-0cb.dk\/index.php\/vare\/rama-sama-af-conrad-staugaard-2\/","title":{"rendered":"Rama Sama af Conrad Staugaard"},"content":{"rendered":"<p>Rama Sama af Conrad Staugaard.<br \/>\nGyldendal, 1976 &#8211; 2. udgave &#8211; H\u00e6ftet med kartonbind.<br \/>\nBogen udkom f\u00f8rste gang 1898 &#8211; Illustreret med udklip fra samtidige blade.<br \/>\nBogen er fin stand. Ejernavn p\u00e5 forsats.<\/p>\n<p>Conrad Staugaard (1852- 1922) var direkt\u00f8r for Kreditbanken i Randers og han introducerede med sin fabulerende historie for f\u00f8rste gang nonsenselitteraturen\u00a0 i Danmark.<br \/>\nDen lille dreng Hans jages ud i den vide verden af sin mor &#8220;for hun var ikke rar&#8221;. Han har mange sp\u00e6ndende oplevelser og m\u00f8der blandt andre vildmanden Rama Sama. Historien ender heldigvis godt. Hans vinder en masse penge og hans mor bliver glad, for nu kan hun k\u00f8be en vogn med fire heste, et stort stykke chokolade og mange andre fine ting.<\/p>\n<p>Titelfiguren &#8220;Rama Sama&#8221; er taget direkte fra en annonce for vildmanden Rham A. Shama, der i 1984 optr\u00e5dte p\u00e5 Vimmelskaftet i K\u00f8benhavn som &#8220;Himalayas afskyelige snemand&#8221;. Han vakte meget opsigt, og mindet om ham er bevaret i ordet &#8220;ramasjang&#8221;.<\/p>\n<p>&nbsp;<\/p>\n","protected":false},"excerpt":{"rendered":"<p>Rama Sama af Conrad Staugaard.<br \/>\nGyldendal, 1976 &#8211; 2. udgave &#8211; H\u00e6ftet med kartonbind.<br \/>\nBogen udkom f\u00f8rste gang 1898 &#8211; Illustreret med udklip fra samtidige blade.<br \/>\nBogen er i fin stand. Ejernavn p\u00e5 forsats.<\/p>\n<p>Conrad Staugaard (1852- 1922) var direkt\u00f8r for Kreditbanken i Randers og han introducerede med sin fabulerende historie for f\u00f8rste gang nonsenselitteraturen\u00a0 i Danmark.<br \/>\nDen lille dreng Hans jages ud i den vide verden af sin mor &#8220;for hun var ikke rar&#8221;. Han har mange sp\u00e6ndende oplevelser og m\u00f8der blandt andre vildmanden Rama Sama. Historien ender heldigvis godt. Hans vinder en masse penge og hans mor bliver glad, for nu kan hun k\u00f8be en vogn med fire heste, et stort stykke chokolade og mange andre fine ting&#8230;<\/p>\n<p>Titelfiguren &#8220;Rama Sama&#8221; er taget direkte fra en annonce for vildmanden Rham A. Shama, der i 1984 optr\u00e5dte p\u00e5 Vimmelskaftet i K\u00f8benhavn som &#8220;Himalayas afskyelige snemand&#8221;. Han vakte meget opsigt, og mindet om ham er bevaret i ordet &#8220;ramasjang&#8221;.<\/p>\n","protected":false},"featured_media":15615,"template":"","meta":[],"product_brand":[],"product_cat":[796,80,81,27,35],"product_tag":[1169,1168,1170],"class_list":{"0":"post-17671","1":"product","2":"type-product","3":"status-publish","4":"has-post-thumbnail","6":"product_cat-alle-tiders-boerneboeger-1800-1899","7":"product_cat-alle-tiders-boerneboeger-1970-1979","8":"product_cat-billedboeger","9":"product_cat-boeger","10":"product_cat-barneboger","11":"product_tag-conrad-staugaard","12":"product_tag-nonsens","13":"product_tag-udklip","15":"first","16":"instock","17":"shipping-taxable","18":"purchasable","19":"product-type-simple"},"yoast_head":"<!-- This site is optimized with the Yoast SEO Premium plugin v26.9 (Yoast SEO v27.4) - https:\/\/yoast.com\/product\/yoast-seo-premium-wordpress\/ -->\n<title>Rama Sama af Conrad Staugaard - B\u00f8ger og Ting<\/title>\n<meta name=\"description\" content=\"Rama Sama af Conrad Staugaard - Gyldendal, 1976 - 2. udgave - H\u00e6ftet med kartonbind - Bogen er i fin stand.\" \/>\n<meta name=\"robots\" content=\"index, follow, max-snippet:-1, max-image-preview:large, max-video-preview:-1\" \/>\n<link rel=\"canonical\" href=\"https:\/\/www.xn--bgerogting-0cb.dk\/index.php\/vare\/rama-sama-af-conrad-staugaard-2\/\" \/>\n<meta property=\"og:locale\" content=\"da_DK\" \/>\n<meta property=\"og:type\" content=\"article\" \/>\n<meta property=\"og:title\" content=\"Rama Sama af Conrad Staugaard\" \/>\n<meta property=\"og:description\" content=\"Rama Sama af Conrad Staugaard - Gyldendal, 1976 - 2. udgave - H\u00e6ftet med kartonbind - Bogen er i fin stand.\" \/>\n<meta property=\"og:url\" content=\"https:\/\/www.xn--bgerogting-0cb.dk\/index.php\/vare\/rama-sama-af-conrad-staugaard-2\/\" \/>\n<meta property=\"og:site_name\" content=\"B\u00f8ger og Ting\" \/>\n<meta property=\"article:publisher\" content=\"https:\/\/www.facebook.com\/boegerogting\/\" \/>\n<meta property=\"article:modified_time\" content=\"2025-08-19T17:45:24+00:00\" \/>\n<meta property=\"og:image\" content=\"https:\/\/www.xn--bgerogting-0cb.dk\/wp-content\/uploads\/2022\/03\/Rama-Sama-af-Conrad-Staugaard-9831.jpg\" \/>\n\t<meta property=\"og:image:width\" content=\"1920\" \/>\n\t<meta property=\"og:image:height\" content=\"1920\" \/>\n\t<meta property=\"og:image:type\" content=\"image\/jpeg\" \/>\n<meta name=\"twitter:card\" content=\"summary_large_image\" \/>\n<meta name=\"twitter:label1\" content=\"Pris\" \/>\n\t<meta name=\"twitter:data1\" content=\"kr.&nbsp;80,00\" \/>\n\t<meta name=\"twitter:label2\" content=\"Tilg\u00e6ngelighed\" \/>\n\t<meta name=\"twitter:data2\" content=\"P\u00e5 lager\" \/>\n<script type=\"application\/ld+json\" class=\"yoast-schema-graph\">{\"@context\":\"https:\\\/\\\/schema.org\",\"@graph\":[{\"@type\":\"WebPage\",\"@id\":\"https:\\\/\\\/www.xn--bgerogting-0cb.dk\\\/index.php\\\/vare\\\/rama-sama-af-conrad-staugaard-2\\\/\",\"url\":\"https:\\\/\\\/www.xn--bgerogting-0cb.dk\\\/index.php\\\/vare\\\/rama-sama-af-conrad-staugaard-2\\\/\",\"name\":\"Rama Sama af Conrad Staugaard - B\u00f8ger og Ting\",\"isPartOf\":{\"@id\":\"https:\\\/\\\/www.xn--bgerogting-0cb.dk\\\/#website\"},\"primaryImageOfPage\":{\"@id\":\"https:\\\/\\\/www.xn--bgerogting-0cb.dk\\\/index.php\\\/vare\\\/rama-sama-af-conrad-staugaard-2\\\/#primaryimage\"},\"image\":{\"@id\":\"https:\\\/\\\/www.xn--bgerogting-0cb.dk\\\/index.php\\\/vare\\\/rama-sama-af-conrad-staugaard-2\\\/#primaryimage\"},\"thumbnailUrl\":\"https:\\\/\\\/i0.wp.com\\\/www.xn--bgerogting-0cb.dk\\\/wp-content\\\/uploads\\\/2022\\\/03\\\/Rama-Sama-af-Conrad-Staugaard-9831.jpg?fit=1920%2C1920&ssl=1\",\"datePublished\":\"2025-08-19T17:42:24+00:00\",\"dateModified\":\"2025-08-19T17:45:24+00:00\",\"description\":\"Rama Sama af Conrad Staugaard - Gyldendal, 1976 - 2. udgave - H\u00e6ftet med kartonbind - Bogen er i fin stand.\",\"breadcrumb\":{\"@id\":\"https:\\\/\\\/www.xn--bgerogting-0cb.dk\\\/index.php\\\/vare\\\/rama-sama-af-conrad-staugaard-2\\\/#breadcrumb\"},\"inLanguage\":\"da-DK\",\"potentialAction\":[{\"@type\":\"ReadAction\",\"target\":[\"https:\\\/\\\/www.xn--bgerogting-0cb.dk\\\/index.php\\\/vare\\\/rama-sama-af-conrad-staugaard-2\\\/\"]}]},{\"@type\":\"ImageObject\",\"inLanguage\":\"da-DK\",\"@id\":\"https:\\\/\\\/www.xn--bgerogting-0cb.dk\\\/index.php\\\/vare\\\/rama-sama-af-conrad-staugaard-2\\\/#primaryimage\",\"url\":\"https:\\\/\\\/i0.wp.com\\\/www.xn--bgerogting-0cb.dk\\\/wp-content\\\/uploads\\\/2022\\\/03\\\/Rama-Sama-af-Conrad-Staugaard-9831.jpg?fit=1920%2C1920&ssl=1\",\"contentUrl\":\"https:\\\/\\\/i0.wp.com\\\/www.xn--bgerogting-0cb.dk\\\/wp-content\\\/uploads\\\/2022\\\/03\\\/Rama-Sama-af-Conrad-Staugaard-9831.jpg?fit=1920%2C1920&ssl=1\",\"width\":1920,\"height\":1920,\"caption\":\"Rama Sama af Conrad Staugaard\"},{\"@type\":\"BreadcrumbList\",\"@id\":\"https:\\\/\\\/www.xn--bgerogting-0cb.dk\\\/index.php\\\/vare\\\/rama-sama-af-conrad-staugaard-2\\\/#breadcrumb\",\"itemListElement\":[{\"@type\":\"ListItem\",\"position\":1,\"name\":\"Home\",\"item\":\"https:\\\/\\\/www.xn--bgerogting-0cb.dk\\\/\"},{\"@type\":\"ListItem\",\"position\":2,\"name\":\"Butik\",\"item\":\"https:\\\/\\\/www.xn--bgerogting-0cb.dk\\\/index.php\\\/shop\\\/\"},{\"@type\":\"ListItem\",\"position\":3,\"name\":\"Rama Sama af Conrad Staugaard\"}]},{\"@type\":\"WebSite\",\"@id\":\"https:\\\/\\\/www.xn--bgerogting-0cb.dk\\\/#website\",\"url\":\"https:\\\/\\\/www.xn--bgerogting-0cb.dk\\\/\",\"name\":\"B\u00f8ger og Ting\",\"description\":\"Antikvarisk, retro, vintage og antik\",\"publisher\":{\"@id\":\"https:\\\/\\\/www.xn--bgerogting-0cb.dk\\\/#organization\"},\"potentialAction\":[{\"@type\":\"SearchAction\",\"target\":{\"@type\":\"EntryPoint\",\"urlTemplate\":\"https:\\\/\\\/www.xn--bgerogting-0cb.dk\\\/?s={search_term_string}\"},\"query-input\":{\"@type\":\"PropertyValueSpecification\",\"valueRequired\":true,\"valueName\":\"search_term_string\"}}],\"inLanguage\":\"da-DK\"},{\"@type\":\"Organization\",\"@id\":\"https:\\\/\\\/www.xn--bgerogting-0cb.dk\\\/#organization\",\"name\":\"B\u00f8ger og Ting\",\"url\":\"https:\\\/\\\/www.xn--bgerogting-0cb.dk\\\/\",\"logo\":{\"@type\":\"ImageObject\",\"inLanguage\":\"da-DK\",\"@id\":\"https:\\\/\\\/www.xn--bgerogting-0cb.dk\\\/#\\\/schema\\\/logo\\\/image\\\/\",\"url\":\"https:\\\/\\\/i0.wp.com\\\/www.xn--bgerogting-0cb.dk\\\/wp-content\\\/uploads\\\/2019\\\/10\\\/webicon.png?fit=205%2C205&ssl=1\",\"contentUrl\":\"https:\\\/\\\/i0.wp.com\\\/www.xn--bgerogting-0cb.dk\\\/wp-content\\\/uploads\\\/2019\\\/10\\\/webicon.png?fit=205%2C205&ssl=1\",\"width\":205,\"height\":205,\"caption\":\"B\u00f8ger og Ting\"},\"image\":{\"@id\":\"https:\\\/\\\/www.xn--bgerogting-0cb.dk\\\/#\\\/schema\\\/logo\\\/image\\\/\"},\"sameAs\":[\"https:\\\/\\\/www.facebook.com\\\/boegerogting\\\/\",\"https:\\\/\\\/www.instagram.com\\\/bogerogting\\\/\"]}]}<\/script>\n<meta property=\"product:price:amount\" content=\"80.00\" \/>\n<meta property=\"product:price:currency\" content=\"DKK\" \/>\n<meta property=\"og:availability\" content=\"instock\" \/>\n<meta property=\"product:availability\" content=\"instock\" \/>\n<meta property=\"product:retailer_item_id\" content=\"10790\" \/>\n<meta property=\"product:condition\" content=\"new\" \/>\n<!-- \/ Yoast SEO Premium plugin. -->","yoast_head_json":{"title":"Rama Sama af Conrad Staugaard - B\u00f8ger og Ting","description":"Rama Sama af Conrad Staugaard - Gyldendal, 1976 - 2. udgave - H\u00e6ftet med kartonbind - Bogen er i fin stand.","robots":{"index":"index","follow":"follow","max-snippet":"max-snippet:-1","max-image-preview":"max-image-preview:large","max-video-preview":"max-video-preview:-1"},"canonical":"https:\/\/www.xn--bgerogting-0cb.dk\/index.php\/vare\/rama-sama-af-conrad-staugaard-2\/","og_locale":"da_DK","og_type":"article","og_title":"Rama Sama af Conrad Staugaard","og_description":"Rama Sama af Conrad Staugaard - Gyldendal, 1976 - 2. udgave - H\u00e6ftet med kartonbind - Bogen er i fin stand.","og_url":"https:\/\/www.xn--bgerogting-0cb.dk\/index.php\/vare\/rama-sama-af-conrad-staugaard-2\/","og_site_name":"B\u00f8ger og Ting","article_publisher":"https:\/\/www.facebook.com\/boegerogting\/","article_modified_time":"2025-08-19T17:45:24+00:00","og_image":[{"width":1920,"height":1920,"url":"https:\/\/www.xn--bgerogting-0cb.dk\/wp-content\/uploads\/2022\/03\/Rama-Sama-af-Conrad-Staugaard-9831.jpg","type":"image\/jpeg"}],"twitter_card":"summary_large_image","twitter_misc":{"Pris":"kr.&nbsp;80,00","Tilg\u00e6ngelighed":"P\u00e5 lager"},"schema":{"@context":"https:\/\/schema.org","@graph":[{"@type":"WebPage","@id":"https:\/\/www.xn--bgerogting-0cb.dk\/index.php\/vare\/rama-sama-af-conrad-staugaard-2\/","url":"https:\/\/www.xn--bgerogting-0cb.dk\/index.php\/vare\/rama-sama-af-conrad-staugaard-2\/","name":"Rama Sama af Conrad Staugaard - B\u00f8ger og Ting","isPartOf":{"@id":"https:\/\/www.xn--bgerogting-0cb.dk\/#website"},"primaryImageOfPage":{"@id":"https:\/\/www.xn--bgerogting-0cb.dk\/index.php\/vare\/rama-sama-af-conrad-staugaard-2\/#primaryimage"},"image":{"@id":"https:\/\/www.xn--bgerogting-0cb.dk\/index.php\/vare\/rama-sama-af-conrad-staugaard-2\/#primaryimage"},"thumbnailUrl":"https:\/\/i0.wp.com\/www.xn--bgerogting-0cb.dk\/wp-content\/uploads\/2022\/03\/Rama-Sama-af-Conrad-Staugaard-9831.jpg?fit=1920%2C1920&ssl=1","datePublished":"2025-08-19T17:42:24+00:00","dateModified":"2025-08-19T17:45:24+00:00","description":"Rama Sama af Conrad Staugaard - Gyldendal, 1976 - 2. udgave - H\u00e6ftet med kartonbind - Bogen er i fin stand.","breadcrumb":{"@id":"https:\/\/www.xn--bgerogting-0cb.dk\/index.php\/vare\/rama-sama-af-conrad-staugaard-2\/#breadcrumb"},"inLanguage":"da-DK","potentialAction":[{"@type":"ReadAction","target":["https:\/\/www.xn--bgerogting-0cb.dk\/index.php\/vare\/rama-sama-af-conrad-staugaard-2\/"]}]},{"@type":"ImageObject","inLanguage":"da-DK","@id":"https:\/\/www.xn--bgerogting-0cb.dk\/index.php\/vare\/rama-sama-af-conrad-staugaard-2\/#primaryimage","url":"https:\/\/i0.wp.com\/www.xn--bgerogting-0cb.dk\/wp-content\/uploads\/2022\/03\/Rama-Sama-af-Conrad-Staugaard-9831.jpg?fit=1920%2C1920&ssl=1","contentUrl":"https:\/\/i0.wp.com\/www.xn--bgerogting-0cb.dk\/wp-content\/uploads\/2022\/03\/Rama-Sama-af-Conrad-Staugaard-9831.jpg?fit=1920%2C1920&ssl=1","width":1920,"height":1920,"caption":"Rama Sama af Conrad Staugaard"},{"@type":"BreadcrumbList","@id":"https:\/\/www.xn--bgerogting-0cb.dk\/index.php\/vare\/rama-sama-af-conrad-staugaard-2\/#breadcrumb","itemListElement":[{"@type":"ListItem","position":1,"name":"Home","item":"https:\/\/www.xn--bgerogting-0cb.dk\/"},{"@type":"ListItem","position":2,"name":"Butik","item":"https:\/\/www.xn--bgerogting-0cb.dk\/index.php\/shop\/"},{"@type":"ListItem","position":3,"name":"Rama Sama af Conrad Staugaard"}]},{"@type":"WebSite","@id":"https:\/\/www.xn--bgerogting-0cb.dk\/#website","url":"https:\/\/www.xn--bgerogting-0cb.dk\/","name":"B\u00f8ger og Ting","description":"Antikvarisk, retro, vintage og antik","publisher":{"@id":"https:\/\/www.xn--bgerogting-0cb.dk\/#organization"},"potentialAction":[{"@type":"SearchAction","target":{"@type":"EntryPoint","urlTemplate":"https:\/\/www.xn--bgerogting-0cb.dk\/?s={search_term_string}"},"query-input":{"@type":"PropertyValueSpecification","valueRequired":true,"valueName":"search_term_string"}}],"inLanguage":"da-DK"},{"@type":"Organization","@id":"https:\/\/www.xn--bgerogting-0cb.dk\/#organization","name":"B\u00f8ger og Ting","url":"https:\/\/www.xn--bgerogting-0cb.dk\/","logo":{"@type":"ImageObject","inLanguage":"da-DK","@id":"https:\/\/www.xn--bgerogting-0cb.dk\/#\/schema\/logo\/image\/","url":"https:\/\/i0.wp.com\/www.xn--bgerogting-0cb.dk\/wp-content\/uploads\/2019\/10\/webicon.png?fit=205%2C205&ssl=1","contentUrl":"https:\/\/i0.wp.com\/www.xn--bgerogting-0cb.dk\/wp-content\/uploads\/2019\/10\/webicon.png?fit=205%2C205&ssl=1","width":205,"height":205,"caption":"B\u00f8ger og Ting"},"image":{"@id":"https:\/\/www.xn--bgerogting-0cb.dk\/#\/schema\/logo\/image\/"},"sameAs":["https:\/\/www.facebook.com\/boegerogting\/","https:\/\/www.instagram.com\/bogerogting\/"]}]},"product_price_amount":"80.00","product_price_currency":"DKK","og_availability":"instock","product_availability":"instock","product_retailer_item_id":"10790","product_condition":"new"},"jetpack_sharing_enabled":true,"_links":{"self":[{"href":"https:\/\/www.xn--bgerogting-0cb.dk\/index.php\/wp-json\/wp\/v2\/product\/17671","targetHints":{"allow":["GET"]}}],"collection":[{"href":"https:\/\/www.xn--bgerogting-0cb.dk\/index.php\/wp-json\/wp\/v2\/product"}],"about":[{"href":"https:\/\/www.xn--bgerogting-0cb.dk\/index.php\/wp-json\/wp\/v2\/types\/product"}],"wp:featuredmedia":[{"embeddable":true,"href":"https:\/\/www.xn--bgerogting-0cb.dk\/index.php\/wp-json\/wp\/v2\/media\/15615"}],"wp:attachment":[{"href":"https:\/\/www.xn--bgerogting-0cb.dk\/index.php\/wp-json\/wp\/v2\/media?parent=17671"}],"wp:term":[{"taxonomy":"product_brand","embeddable":true,"href":"https:\/\/www.xn--bgerogting-0cb.dk\/index.php\/wp-json\/wp\/v2\/product_brand?post=17671"},{"taxonomy":"product_cat","embeddable":true,"href":"https:\/\/www.xn--bgerogting-0cb.dk\/index.php\/wp-json\/wp\/v2\/product_cat?post=17671"},{"taxonomy":"product_tag","embeddable":true,"href":"https:\/\/www.xn--bgerogting-0cb.dk\/index.php\/wp-json\/wp\/v2\/product_tag?post=17671"}],"curies":[{"name":"wp","href":"https:\/\/api.w.org\/{rel}","templated":true}]}}