{"id":17010,"date":"2025-01-23T16:21:18","date_gmt":"2025-01-23T15:21:18","guid":{"rendered":"https:\/\/www.xn--bgerogting-0cb.dk\/?post_type=product&#038;p=17010"},"modified":"2025-01-29T20:13:19","modified_gmt":"2025-01-29T19:13:19","slug":"boernene-i-amerika-af-estrid-ott","status":"publish","type":"product","link":"https:\/\/www.xn--bgerogting-0cb.dk\/index.php\/vare\/boernene-i-amerika-af-estrid-ott\/","title":{"rendered":"B\u00f8rnene i Amerika af Estrid Ott"},"content":{"rendered":"<p>B\u00f8rnene i Amerika af Estrid Ott.<br \/>\nJespersen og Pios Forlag, 1932 &#8211; 169 sider &#8211; Indbundet i p\u00e6nt privatbind med l\u00e6rredsryg. Ingen rygtekst, forsidefoto mangler.<br \/>\nIllustreret med fotografier af Peter Martini.<br \/>\nBogen er i fin stand.<\/p>\n<p>Forn\u00f8jelig skildring af forfatterindes egen families liv i &#8220;Eventyrhuset i Skoven&#8221;, hvor de boede i nogle \u00e5r.<br \/>\nI bogens forord skriver forfatteren Karin Michaelis:<br \/>\n&#8220;Bogen skildrer B\u00f8rnenes daglige Liv i det store Amerika, hvor de sammen med Mor og Far g\u00e5r p\u00e5 v\u00e6ldige og sp\u00e6ndende Opdagelsesrejser, og disse Skildringer er uovertr\u00e6ffelige. Ikke en falsk Tone, ikke et sentimentalt Udbrud. Amerika set med flunkende klare \u00d8jne og oplevet med et hedt bankende Hjerte.&#8221;<\/p>\n","protected":false},"excerpt":{"rendered":"<p>B\u00f8rnene i Amerika af Estrid Ott.<br \/>\nJespersen og Pios Forlag, 1932 &#8211; 169 sider &#8211; Indbundet i p\u00e6nt privatbind med l\u00e6rredsryg. Ingen rygtekst, forsidefoto mangler.<br \/>\nIllustreret med fotografier af Peter Martini.<br \/>\nBogen er i fin stand.<\/p>\n<p>F\u00f8rste del af serie.<br \/>\nForn\u00f8jelig skildring af forfatterindes egen families liv i &#8220;Eventyrhuset i Skoven&#8221; i det \u00f8stlige USA, hvor de boede nogle \u00e5r, inden familien vendte tilbage til Danmark.<br \/>\nI bogens forord skriver forfatteren Karin Michaelis:<br \/>\n&#8220;Bogen skildrer B\u00f8rnenes daglige Liv i det store Amerika, hvor de sammen med Mor og Far g\u00e5r p\u00e5 v\u00e6ldige og sp\u00e6ndende Opdagelsesrejser, og disse Skildringer er uovertr\u00e6ffelige. Ikke en falsk Tone, ikke et sentimentalt Udbrud. Amerika set med flunkende klare \u00d8jne og oplevet med et hedt bankende Hjerte.&#8221;<\/p>\n","protected":false},"featured_media":17012,"template":"","meta":[],"product_brand":[],"product_cat":[150,27,35],"product_tag":[1621,97],"class_list":{"0":"post-17010","1":"product","2":"type-product","3":"status-publish","4":"has-post-thumbnail","6":"product_cat-alle-tiders-boerneboeger-1930-1939","7":"product_cat-boeger","8":"product_cat-barneboger","9":"product_tag-amerika","10":"product_tag-estrid-ott","12":"first","13":"instock","14":"shipping-taxable","15":"purchasable","16":"product-type-simple"},"yoast_head":"<!-- This site is optimized with the Yoast SEO Premium plugin v27.4 (Yoast SEO v27.5) - https:\/\/yoast.com\/product\/yoast-seo-premium-wordpress\/ -->\n<title>B\u00f8rnene i Amerika af Estrid Ott - B\u00f8ger og Ting<\/title>\n<meta name=\"description\" content=\"B\u00f8rnene i Amerika af Estrid Ott - Jespersen og Pios Forlag, 1932 - 169 sider - Indbundet i p\u00e6nt privatbind med l\u00e6rredsryg. Fin stand.\" \/>\n<meta name=\"robots\" content=\"index, follow, max-snippet:-1, max-image-preview:large, max-video-preview:-1\" \/>\n<link rel=\"canonical\" href=\"https:\/\/www.xn--bgerogting-0cb.dk\/index.php\/vare\/boernene-i-amerika-af-estrid-ott\/\" \/>\n<meta property=\"og:locale\" content=\"da_DK\" \/>\n<meta property=\"og:type\" content=\"article\" \/>\n<meta property=\"og:title\" content=\"B\u00f8rnene i Amerika af Estrid Ott\" \/>\n<meta property=\"og:description\" content=\"B\u00f8rnene i Amerika af Estrid Ott - Jespersen og Pios Forlag, 1932 - 169 sider - Indbundet i p\u00e6nt privatbind med l\u00e6rredsryg. Fin stand.\" \/>\n<meta property=\"og:url\" content=\"https:\/\/www.xn--bgerogting-0cb.dk\/index.php\/vare\/boernene-i-amerika-af-estrid-ott\/\" \/>\n<meta property=\"og:site_name\" content=\"B\u00f8ger og Ting\" \/>\n<meta property=\"article:publisher\" content=\"https:\/\/www.facebook.com\/boegerogting\/\" \/>\n<meta property=\"article:modified_time\" content=\"2025-01-29T19:13:19+00:00\" \/>\n<meta property=\"og:image\" content=\"https:\/\/www.xn--bgerogting-0cb.dk\/wp-content\/uploads\/2025\/01\/Boernene-i-Amerika-af-Estrid-Ott.jpg\" \/>\n\t<meta property=\"og:image:width\" content=\"1920\" \/>\n\t<meta property=\"og:image:height\" content=\"1920\" \/>\n\t<meta property=\"og:image:type\" content=\"image\/jpeg\" \/>\n<meta name=\"twitter:card\" content=\"summary_large_image\" \/>\n<meta name=\"twitter:label1\" content=\"Pris\" \/>\n\t<meta name=\"twitter:data1\" content=\"kr.&nbsp;125,00\" \/>\n\t<meta name=\"twitter:label2\" content=\"Tilg\u00e6ngelighed\" \/>\n\t<meta name=\"twitter:data2\" content=\"P\u00e5 lager\" \/>\n<script type=\"application\/ld+json\" class=\"yoast-schema-graph\">{\"@context\":\"https:\\\/\\\/schema.org\",\"@graph\":[{\"@type\":\"WebPage\",\"@id\":\"https:\\\/\\\/www.xn--bgerogting-0cb.dk\\\/index.php\\\/vare\\\/boernene-i-amerika-af-estrid-ott\\\/\",\"url\":\"https:\\\/\\\/www.xn--bgerogting-0cb.dk\\\/index.php\\\/vare\\\/boernene-i-amerika-af-estrid-ott\\\/\",\"name\":\"B\u00f8rnene i Amerika af Estrid Ott - B\u00f8ger og Ting\",\"isPartOf\":{\"@id\":\"https:\\\/\\\/www.xn--bgerogting-0cb.dk\\\/#website\"},\"primaryImageOfPage\":{\"@id\":\"https:\\\/\\\/www.xn--bgerogting-0cb.dk\\\/index.php\\\/vare\\\/boernene-i-amerika-af-estrid-ott\\\/#primaryimage\"},\"image\":{\"@id\":\"https:\\\/\\\/www.xn--bgerogting-0cb.dk\\\/index.php\\\/vare\\\/boernene-i-amerika-af-estrid-ott\\\/#primaryimage\"},\"thumbnailUrl\":\"https:\\\/\\\/i0.wp.com\\\/www.xn--bgerogting-0cb.dk\\\/wp-content\\\/uploads\\\/2025\\\/01\\\/Boernene-i-Amerika-af-Estrid-Ott.jpg?fit=1920%2C1920&ssl=1\",\"datePublished\":\"2025-01-23T15:21:18+00:00\",\"dateModified\":\"2025-01-29T19:13:19+00:00\",\"description\":\"B\u00f8rnene i Amerika af Estrid Ott - Jespersen og Pios Forlag, 1932 - 169 sider - Indbundet i p\u00e6nt privatbind med l\u00e6rredsryg. Fin stand.\",\"breadcrumb\":{\"@id\":\"https:\\\/\\\/www.xn--bgerogting-0cb.dk\\\/index.php\\\/vare\\\/boernene-i-amerika-af-estrid-ott\\\/#breadcrumb\"},\"inLanguage\":\"da-DK\",\"potentialAction\":[{\"@type\":\"ReadAction\",\"target\":[\"https:\\\/\\\/www.xn--bgerogting-0cb.dk\\\/index.php\\\/vare\\\/boernene-i-amerika-af-estrid-ott\\\/\"]}]},{\"@type\":\"ImageObject\",\"inLanguage\":\"da-DK\",\"@id\":\"https:\\\/\\\/www.xn--bgerogting-0cb.dk\\\/index.php\\\/vare\\\/boernene-i-amerika-af-estrid-ott\\\/#primaryimage\",\"url\":\"https:\\\/\\\/i0.wp.com\\\/www.xn--bgerogting-0cb.dk\\\/wp-content\\\/uploads\\\/2025\\\/01\\\/Boernene-i-Amerika-af-Estrid-Ott.jpg?fit=1920%2C1920&ssl=1\",\"contentUrl\":\"https:\\\/\\\/i0.wp.com\\\/www.xn--bgerogting-0cb.dk\\\/wp-content\\\/uploads\\\/2025\\\/01\\\/Boernene-i-Amerika-af-Estrid-Ott.jpg?fit=1920%2C1920&ssl=1\",\"width\":1920,\"height\":1920,\"caption\":\"B\u00f8rnene i Amerika af Estrid Ott\"},{\"@type\":\"BreadcrumbList\",\"@id\":\"https:\\\/\\\/www.xn--bgerogting-0cb.dk\\\/index.php\\\/vare\\\/boernene-i-amerika-af-estrid-ott\\\/#breadcrumb\",\"itemListElement\":[{\"@type\":\"ListItem\",\"position\":1,\"name\":\"Home\",\"item\":\"https:\\\/\\\/www.xn--bgerogting-0cb.dk\\\/\"},{\"@type\":\"ListItem\",\"position\":2,\"name\":\"Butik\",\"item\":\"https:\\\/\\\/www.xn--bgerogting-0cb.dk\\\/index.php\\\/shop\\\/\"},{\"@type\":\"ListItem\",\"position\":3,\"name\":\"B\u00f8rnene i Amerika af Estrid Ott\"}]},{\"@type\":\"WebSite\",\"@id\":\"https:\\\/\\\/www.xn--bgerogting-0cb.dk\\\/#website\",\"url\":\"https:\\\/\\\/www.xn--bgerogting-0cb.dk\\\/\",\"name\":\"B\u00f8ger og Ting\",\"description\":\"Antikvarisk, retro, vintage og antik\",\"publisher\":{\"@id\":\"https:\\\/\\\/www.xn--bgerogting-0cb.dk\\\/#organization\"},\"potentialAction\":[{\"@type\":\"SearchAction\",\"target\":{\"@type\":\"EntryPoint\",\"urlTemplate\":\"https:\\\/\\\/www.xn--bgerogting-0cb.dk\\\/?s={search_term_string}\"},\"query-input\":{\"@type\":\"PropertyValueSpecification\",\"valueRequired\":true,\"valueName\":\"search_term_string\"}}],\"inLanguage\":\"da-DK\"},{\"@type\":\"Organization\",\"@id\":\"https:\\\/\\\/www.xn--bgerogting-0cb.dk\\\/#organization\",\"name\":\"B\u00f8ger og Ting\",\"url\":\"https:\\\/\\\/www.xn--bgerogting-0cb.dk\\\/\",\"logo\":{\"@type\":\"ImageObject\",\"inLanguage\":\"da-DK\",\"@id\":\"https:\\\/\\\/www.xn--bgerogting-0cb.dk\\\/#\\\/schema\\\/logo\\\/image\\\/\",\"url\":\"https:\\\/\\\/i0.wp.com\\\/www.xn--bgerogting-0cb.dk\\\/wp-content\\\/uploads\\\/2019\\\/10\\\/webicon.png?fit=205%2C205&ssl=1\",\"contentUrl\":\"https:\\\/\\\/i0.wp.com\\\/www.xn--bgerogting-0cb.dk\\\/wp-content\\\/uploads\\\/2019\\\/10\\\/webicon.png?fit=205%2C205&ssl=1\",\"width\":205,\"height\":205,\"caption\":\"B\u00f8ger og Ting\"},\"image\":{\"@id\":\"https:\\\/\\\/www.xn--bgerogting-0cb.dk\\\/#\\\/schema\\\/logo\\\/image\\\/\"},\"sameAs\":[\"https:\\\/\\\/www.facebook.com\\\/boegerogting\\\/\",\"https:\\\/\\\/www.instagram.com\\\/bogerogting\\\/\"]}]}<\/script>\n<meta property=\"product:price:amount\" content=\"125.00\" \/>\n<meta property=\"product:price:currency\" content=\"DKK\" \/>\n<meta property=\"og:availability\" content=\"instock\" \/>\n<meta property=\"product:availability\" content=\"instock\" \/>\n<meta property=\"product:retailer_item_id\" content=\"7846\" \/>\n<meta property=\"product:condition\" content=\"new\" \/>\n<!-- \/ Yoast SEO Premium plugin. -->","yoast_head_json":{"title":"B\u00f8rnene i Amerika af Estrid Ott - B\u00f8ger og Ting","description":"B\u00f8rnene i Amerika af Estrid Ott - Jespersen og Pios Forlag, 1932 - 169 sider - Indbundet i p\u00e6nt privatbind med l\u00e6rredsryg. Fin stand.","robots":{"index":"index","follow":"follow","max-snippet":"max-snippet:-1","max-image-preview":"max-image-preview:large","max-video-preview":"max-video-preview:-1"},"canonical":"https:\/\/www.xn--bgerogting-0cb.dk\/index.php\/vare\/boernene-i-amerika-af-estrid-ott\/","og_locale":"da_DK","og_type":"article","og_title":"B\u00f8rnene i Amerika af Estrid Ott","og_description":"B\u00f8rnene i Amerika af Estrid Ott - Jespersen og Pios Forlag, 1932 - 169 sider - Indbundet i p\u00e6nt privatbind med l\u00e6rredsryg. Fin stand.","og_url":"https:\/\/www.xn--bgerogting-0cb.dk\/index.php\/vare\/boernene-i-amerika-af-estrid-ott\/","og_site_name":"B\u00f8ger og Ting","article_publisher":"https:\/\/www.facebook.com\/boegerogting\/","article_modified_time":"2025-01-29T19:13:19+00:00","og_image":[{"width":1920,"height":1920,"url":"https:\/\/www.xn--bgerogting-0cb.dk\/wp-content\/uploads\/2025\/01\/Boernene-i-Amerika-af-Estrid-Ott.jpg","type":"image\/jpeg"}],"twitter_card":"summary_large_image","twitter_misc":{"Pris":"kr.&nbsp;125,00","Tilg\u00e6ngelighed":"P\u00e5 lager"},"schema":{"@context":"https:\/\/schema.org","@graph":[{"@type":"WebPage","@id":"https:\/\/www.xn--bgerogting-0cb.dk\/index.php\/vare\/boernene-i-amerika-af-estrid-ott\/","url":"https:\/\/www.xn--bgerogting-0cb.dk\/index.php\/vare\/boernene-i-amerika-af-estrid-ott\/","name":"B\u00f8rnene i Amerika af Estrid Ott - B\u00f8ger og Ting","isPartOf":{"@id":"https:\/\/www.xn--bgerogting-0cb.dk\/#website"},"primaryImageOfPage":{"@id":"https:\/\/www.xn--bgerogting-0cb.dk\/index.php\/vare\/boernene-i-amerika-af-estrid-ott\/#primaryimage"},"image":{"@id":"https:\/\/www.xn--bgerogting-0cb.dk\/index.php\/vare\/boernene-i-amerika-af-estrid-ott\/#primaryimage"},"thumbnailUrl":"https:\/\/i0.wp.com\/www.xn--bgerogting-0cb.dk\/wp-content\/uploads\/2025\/01\/Boernene-i-Amerika-af-Estrid-Ott.jpg?fit=1920%2C1920&ssl=1","datePublished":"2025-01-23T15:21:18+00:00","dateModified":"2025-01-29T19:13:19+00:00","description":"B\u00f8rnene i Amerika af Estrid Ott - Jespersen og Pios Forlag, 1932 - 169 sider - Indbundet i p\u00e6nt privatbind med l\u00e6rredsryg. Fin stand.","breadcrumb":{"@id":"https:\/\/www.xn--bgerogting-0cb.dk\/index.php\/vare\/boernene-i-amerika-af-estrid-ott\/#breadcrumb"},"inLanguage":"da-DK","potentialAction":[{"@type":"ReadAction","target":["https:\/\/www.xn--bgerogting-0cb.dk\/index.php\/vare\/boernene-i-amerika-af-estrid-ott\/"]}]},{"@type":"ImageObject","inLanguage":"da-DK","@id":"https:\/\/www.xn--bgerogting-0cb.dk\/index.php\/vare\/boernene-i-amerika-af-estrid-ott\/#primaryimage","url":"https:\/\/i0.wp.com\/www.xn--bgerogting-0cb.dk\/wp-content\/uploads\/2025\/01\/Boernene-i-Amerika-af-Estrid-Ott.jpg?fit=1920%2C1920&ssl=1","contentUrl":"https:\/\/i0.wp.com\/www.xn--bgerogting-0cb.dk\/wp-content\/uploads\/2025\/01\/Boernene-i-Amerika-af-Estrid-Ott.jpg?fit=1920%2C1920&ssl=1","width":1920,"height":1920,"caption":"B\u00f8rnene i Amerika af Estrid Ott"},{"@type":"BreadcrumbList","@id":"https:\/\/www.xn--bgerogting-0cb.dk\/index.php\/vare\/boernene-i-amerika-af-estrid-ott\/#breadcrumb","itemListElement":[{"@type":"ListItem","position":1,"name":"Home","item":"https:\/\/www.xn--bgerogting-0cb.dk\/"},{"@type":"ListItem","position":2,"name":"Butik","item":"https:\/\/www.xn--bgerogting-0cb.dk\/index.php\/shop\/"},{"@type":"ListItem","position":3,"name":"B\u00f8rnene i Amerika af Estrid Ott"}]},{"@type":"WebSite","@id":"https:\/\/www.xn--bgerogting-0cb.dk\/#website","url":"https:\/\/www.xn--bgerogting-0cb.dk\/","name":"B\u00f8ger og Ting","description":"Antikvarisk, retro, vintage og antik","publisher":{"@id":"https:\/\/www.xn--bgerogting-0cb.dk\/#organization"},"potentialAction":[{"@type":"SearchAction","target":{"@type":"EntryPoint","urlTemplate":"https:\/\/www.xn--bgerogting-0cb.dk\/?s={search_term_string}"},"query-input":{"@type":"PropertyValueSpecification","valueRequired":true,"valueName":"search_term_string"}}],"inLanguage":"da-DK"},{"@type":"Organization","@id":"https:\/\/www.xn--bgerogting-0cb.dk\/#organization","name":"B\u00f8ger og Ting","url":"https:\/\/www.xn--bgerogting-0cb.dk\/","logo":{"@type":"ImageObject","inLanguage":"da-DK","@id":"https:\/\/www.xn--bgerogting-0cb.dk\/#\/schema\/logo\/image\/","url":"https:\/\/i0.wp.com\/www.xn--bgerogting-0cb.dk\/wp-content\/uploads\/2019\/10\/webicon.png?fit=205%2C205&ssl=1","contentUrl":"https:\/\/i0.wp.com\/www.xn--bgerogting-0cb.dk\/wp-content\/uploads\/2019\/10\/webicon.png?fit=205%2C205&ssl=1","width":205,"height":205,"caption":"B\u00f8ger og Ting"},"image":{"@id":"https:\/\/www.xn--bgerogting-0cb.dk\/#\/schema\/logo\/image\/"},"sameAs":["https:\/\/www.facebook.com\/boegerogting\/","https:\/\/www.instagram.com\/bogerogting\/"]}]},"product_price_amount":"125.00","product_price_currency":"DKK","og_availability":"instock","product_availability":"instock","product_retailer_item_id":"7846","product_condition":"new"},"jetpack_sharing_enabled":true,"_links":{"self":[{"href":"https:\/\/www.xn--bgerogting-0cb.dk\/index.php\/wp-json\/wp\/v2\/product\/17010","targetHints":{"allow":["GET"]}}],"collection":[{"href":"https:\/\/www.xn--bgerogting-0cb.dk\/index.php\/wp-json\/wp\/v2\/product"}],"about":[{"href":"https:\/\/www.xn--bgerogting-0cb.dk\/index.php\/wp-json\/wp\/v2\/types\/product"}],"wp:featuredmedia":[{"embeddable":true,"href":"https:\/\/www.xn--bgerogting-0cb.dk\/index.php\/wp-json\/wp\/v2\/media\/17012"}],"wp:attachment":[{"href":"https:\/\/www.xn--bgerogting-0cb.dk\/index.php\/wp-json\/wp\/v2\/media?parent=17010"}],"wp:term":[{"taxonomy":"product_brand","embeddable":true,"href":"https:\/\/www.xn--bgerogting-0cb.dk\/index.php\/wp-json\/wp\/v2\/product_brand?post=17010"},{"taxonomy":"product_cat","embeddable":true,"href":"https:\/\/www.xn--bgerogting-0cb.dk\/index.php\/wp-json\/wp\/v2\/product_cat?post=17010"},{"taxonomy":"product_tag","embeddable":true,"href":"https:\/\/www.xn--bgerogting-0cb.dk\/index.php\/wp-json\/wp\/v2\/product_tag?post=17010"}],"curies":[{"name":"wp","href":"https:\/\/api.w.org\/{rel}","templated":true}]}}