{"id":16734,"date":"2024-11-27T16:12:17","date_gmt":"2024-11-27T15:12:17","guid":{"rendered":"https:\/\/www.xn--bgerogting-0cb.dk\/?post_type=product&#038;p=16734"},"modified":"2024-11-27T16:13:10","modified_gmt":"2024-11-27T15:13:10","slug":"sallys-loese-tand-af-robert-mccloskey","status":"publish","type":"product","link":"https:\/\/www.xn--bgerogting-0cb.dk\/index.php\/vare\/sallys-loese-tand-af-robert-mccloskey\/","title":{"rendered":"Sally&#8217;s l\u00f8se tand af Robert McCloskey"},"content":{"rendered":"<p>Sally&#8217;s l\u00f8se tand af Robert McCloskey.<br \/>\nCarlsen\/Illustrationsforlaget, u.\u00e5r (1968) &#8211; F\u00f8l bog &#8211; Paperback.<br \/>\nIllustreret af forfatteren.<br \/>\nAmerikansk originaltitel: One Morning in Maine, 1952.<br \/>\nBogen er i fin stand, dog med let slid p\u00e5 ryggen.<\/p>\n<p>S\u00f8d historie om en lille pige og hendes families hverdag p\u00e5 en lille \u00f8 i New England.<br \/>\nSally v\u00e5gner en morgen og opdager, at hun er ved at tabe en tand.<br \/>\nNede p\u00e5 standen hj\u00e6lper hun sin far med at samle muslinger til frokost, og s\u00e5 falder tanden ud! Senere sejler de ind til byen for at handle, og alle skal h\u00f8re om den store begivenhed!<\/p>\n<p>&nbsp;<\/p>\n","protected":false},"excerpt":{"rendered":"<p>Sally&#8217;s l\u00f8se tand af Robert McCloskey.<br \/>\nCarlsen\/Illustrationsforlaget, u.\u00e5r (1968) &#8211; F\u00f8l bog &#8211; Paperback.<br \/>\nBogen er illustreret med fine tegninger af forfatteren.<br \/>\nAmerikansk originaltitel: One Morning in Maine, 1952.<br \/>\nBogen er i fin stand, dog med let slid p\u00e5 ryggen.<\/p>\n<p>S\u00f8d historie om en lille pige og hendes families hverdag p\u00e5 en lille \u00f8 i New England.<br \/>\nSally v\u00e5gner en morgen og opdager, at hun er ved at tabe en tand.<br \/>\nNede p\u00e5 standen hj\u00e6lper hun sin far med at samle muslinger til frokost, og s\u00e5 falder tanden ud! Senere sejler de ind til byen for at handle, og alle skal h\u00f8re om den store begivenhed!<\/p>\n<p>&nbsp;<\/p>\n","protected":false},"featured_media":16753,"template":"","meta":[],"product_brand":[],"product_cat":[61,81,27,984,35],"product_tag":[219,1602],"class_list":{"0":"post-16734","1":"product","2":"type-product","3":"status-publish","4":"has-post-thumbnail","6":"product_cat-alle-tiders-boerneboeger-1960-1969","7":"product_cat-billedboeger","8":"product_cat-boeger","9":"product_cat-foel-boegerne","10":"product_cat-barneboger","11":"product_tag-amerikansk","12":"product_tag-robert-mcclosky","14":"first","15":"instock","16":"shipping-taxable","17":"purchasable","18":"product-type-simple"},"yoast_head":"<!-- This site is optimized with the Yoast SEO Premium plugin v26.9 (Yoast SEO v27.4) - https:\/\/yoast.com\/product\/yoast-seo-premium-wordpress\/ -->\n<title>Sally&#039;s l\u00f8se tand af Robert McCloskey - B\u00f8ger og Ting<\/title>\n<meta name=\"description\" content=\"Sally&#039;s l\u00f8se tand af Robert McCloskey - Carlsen\/Illustrationsforlaget, u.\u00e5r (1968) - F\u00f8l bog - Paperback- Fin stand.\" \/>\n<meta name=\"robots\" content=\"index, follow, max-snippet:-1, max-image-preview:large, max-video-preview:-1\" \/>\n<link rel=\"canonical\" href=\"https:\/\/www.xn--bgerogting-0cb.dk\/index.php\/vare\/sallys-loese-tand-af-robert-mccloskey\/\" \/>\n<meta property=\"og:locale\" content=\"da_DK\" \/>\n<meta property=\"og:type\" content=\"article\" \/>\n<meta property=\"og:title\" content=\"Sally&#039;s l\u00f8se tand af Robert McCloskey\" \/>\n<meta property=\"og:description\" content=\"Sally&#039;s l\u00f8se tand af Robert McCloskey - Carlsen\/Illustrationsforlaget, u.\u00e5r (1968) - F\u00f8l bog - Paperback- Fin stand.\" \/>\n<meta property=\"og:url\" content=\"https:\/\/www.xn--bgerogting-0cb.dk\/index.php\/vare\/sallys-loese-tand-af-robert-mccloskey\/\" \/>\n<meta property=\"og:site_name\" content=\"B\u00f8ger og Ting\" \/>\n<meta property=\"article:publisher\" content=\"https:\/\/www.facebook.com\/boegerogting\/\" \/>\n<meta property=\"article:modified_time\" content=\"2024-11-27T15:13:10+00:00\" \/>\n<meta property=\"og:image\" content=\"https:\/\/www.xn--bgerogting-0cb.dk\/wp-content\/uploads\/2024\/11\/Sallys-loese-tand-af-Robert-McCloskey.jpg\" \/>\n\t<meta property=\"og:image:width\" content=\"1920\" \/>\n\t<meta property=\"og:image:height\" content=\"1918\" \/>\n\t<meta property=\"og:image:type\" content=\"image\/jpeg\" \/>\n<meta name=\"twitter:card\" content=\"summary_large_image\" \/>\n<meta name=\"twitter:label1\" content=\"Pris\" \/>\n\t<meta name=\"twitter:data1\" content=\"kr.&nbsp;90,00\" \/>\n\t<meta name=\"twitter:label2\" content=\"Tilg\u00e6ngelighed\" \/>\n\t<meta name=\"twitter:data2\" content=\"P\u00e5 lager\" \/>\n<script type=\"application\/ld+json\" class=\"yoast-schema-graph\">{\"@context\":\"https:\\\/\\\/schema.org\",\"@graph\":[{\"@type\":\"WebPage\",\"@id\":\"https:\\\/\\\/www.xn--bgerogting-0cb.dk\\\/index.php\\\/vare\\\/sallys-loese-tand-af-robert-mccloskey\\\/\",\"url\":\"https:\\\/\\\/www.xn--bgerogting-0cb.dk\\\/index.php\\\/vare\\\/sallys-loese-tand-af-robert-mccloskey\\\/\",\"name\":\"Sally's l\u00f8se tand af Robert McCloskey - B\u00f8ger og Ting\",\"isPartOf\":{\"@id\":\"https:\\\/\\\/www.xn--bgerogting-0cb.dk\\\/#website\"},\"primaryImageOfPage\":{\"@id\":\"https:\\\/\\\/www.xn--bgerogting-0cb.dk\\\/index.php\\\/vare\\\/sallys-loese-tand-af-robert-mccloskey\\\/#primaryimage\"},\"image\":{\"@id\":\"https:\\\/\\\/www.xn--bgerogting-0cb.dk\\\/index.php\\\/vare\\\/sallys-loese-tand-af-robert-mccloskey\\\/#primaryimage\"},\"thumbnailUrl\":\"https:\\\/\\\/i0.wp.com\\\/www.xn--bgerogting-0cb.dk\\\/wp-content\\\/uploads\\\/2024\\\/11\\\/Sallys-loese-tand-af-Robert-McCloskey.jpg?fit=1920%2C1918&ssl=1\",\"datePublished\":\"2024-11-27T15:12:17+00:00\",\"dateModified\":\"2024-11-27T15:13:10+00:00\",\"description\":\"Sally's l\u00f8se tand af Robert McCloskey - Carlsen\\\/Illustrationsforlaget, u.\u00e5r (1968) - F\u00f8l bog - Paperback- Fin stand.\",\"breadcrumb\":{\"@id\":\"https:\\\/\\\/www.xn--bgerogting-0cb.dk\\\/index.php\\\/vare\\\/sallys-loese-tand-af-robert-mccloskey\\\/#breadcrumb\"},\"inLanguage\":\"da-DK\",\"potentialAction\":[{\"@type\":\"ReadAction\",\"target\":[\"https:\\\/\\\/www.xn--bgerogting-0cb.dk\\\/index.php\\\/vare\\\/sallys-loese-tand-af-robert-mccloskey\\\/\"]}]},{\"@type\":\"ImageObject\",\"inLanguage\":\"da-DK\",\"@id\":\"https:\\\/\\\/www.xn--bgerogting-0cb.dk\\\/index.php\\\/vare\\\/sallys-loese-tand-af-robert-mccloskey\\\/#primaryimage\",\"url\":\"https:\\\/\\\/i0.wp.com\\\/www.xn--bgerogting-0cb.dk\\\/wp-content\\\/uploads\\\/2024\\\/11\\\/Sallys-loese-tand-af-Robert-McCloskey.jpg?fit=1920%2C1918&ssl=1\",\"contentUrl\":\"https:\\\/\\\/i0.wp.com\\\/www.xn--bgerogting-0cb.dk\\\/wp-content\\\/uploads\\\/2024\\\/11\\\/Sallys-loese-tand-af-Robert-McCloskey.jpg?fit=1920%2C1918&ssl=1\",\"width\":1920,\"height\":1918,\"caption\":\"Sally's l\u00f8se tand af Robert McCloskey\"},{\"@type\":\"BreadcrumbList\",\"@id\":\"https:\\\/\\\/www.xn--bgerogting-0cb.dk\\\/index.php\\\/vare\\\/sallys-loese-tand-af-robert-mccloskey\\\/#breadcrumb\",\"itemListElement\":[{\"@type\":\"ListItem\",\"position\":1,\"name\":\"Home\",\"item\":\"https:\\\/\\\/www.xn--bgerogting-0cb.dk\\\/\"},{\"@type\":\"ListItem\",\"position\":2,\"name\":\"Butik\",\"item\":\"https:\\\/\\\/www.xn--bgerogting-0cb.dk\\\/index.php\\\/shop\\\/\"},{\"@type\":\"ListItem\",\"position\":3,\"name\":\"Sally&#8217;s l\u00f8se tand af Robert McCloskey\"}]},{\"@type\":\"WebSite\",\"@id\":\"https:\\\/\\\/www.xn--bgerogting-0cb.dk\\\/#website\",\"url\":\"https:\\\/\\\/www.xn--bgerogting-0cb.dk\\\/\",\"name\":\"B\u00f8ger og Ting\",\"description\":\"Antikvarisk, retro, vintage og antik\",\"publisher\":{\"@id\":\"https:\\\/\\\/www.xn--bgerogting-0cb.dk\\\/#organization\"},\"potentialAction\":[{\"@type\":\"SearchAction\",\"target\":{\"@type\":\"EntryPoint\",\"urlTemplate\":\"https:\\\/\\\/www.xn--bgerogting-0cb.dk\\\/?s={search_term_string}\"},\"query-input\":{\"@type\":\"PropertyValueSpecification\",\"valueRequired\":true,\"valueName\":\"search_term_string\"}}],\"inLanguage\":\"da-DK\"},{\"@type\":\"Organization\",\"@id\":\"https:\\\/\\\/www.xn--bgerogting-0cb.dk\\\/#organization\",\"name\":\"B\u00f8ger og Ting\",\"url\":\"https:\\\/\\\/www.xn--bgerogting-0cb.dk\\\/\",\"logo\":{\"@type\":\"ImageObject\",\"inLanguage\":\"da-DK\",\"@id\":\"https:\\\/\\\/www.xn--bgerogting-0cb.dk\\\/#\\\/schema\\\/logo\\\/image\\\/\",\"url\":\"https:\\\/\\\/i0.wp.com\\\/www.xn--bgerogting-0cb.dk\\\/wp-content\\\/uploads\\\/2019\\\/10\\\/webicon.png?fit=205%2C205&ssl=1\",\"contentUrl\":\"https:\\\/\\\/i0.wp.com\\\/www.xn--bgerogting-0cb.dk\\\/wp-content\\\/uploads\\\/2019\\\/10\\\/webicon.png?fit=205%2C205&ssl=1\",\"width\":205,\"height\":205,\"caption\":\"B\u00f8ger og Ting\"},\"image\":{\"@id\":\"https:\\\/\\\/www.xn--bgerogting-0cb.dk\\\/#\\\/schema\\\/logo\\\/image\\\/\"},\"sameAs\":[\"https:\\\/\\\/www.facebook.com\\\/boegerogting\\\/\",\"https:\\\/\\\/www.instagram.com\\\/bogerogting\\\/\"]}]}<\/script>\n<meta property=\"product:price:amount\" content=\"90.00\" \/>\n<meta property=\"product:price:currency\" content=\"DKK\" \/>\n<meta property=\"og:availability\" content=\"instock\" \/>\n<meta property=\"product:availability\" content=\"instock\" \/>\n<meta property=\"product:retailer_item_id\" content=\"10347\" \/>\n<meta property=\"product:condition\" content=\"new\" \/>\n<!-- \/ Yoast SEO Premium plugin. -->","yoast_head_json":{"title":"Sally's l\u00f8se tand af Robert McCloskey - B\u00f8ger og Ting","description":"Sally's l\u00f8se tand af Robert McCloskey - Carlsen\/Illustrationsforlaget, u.\u00e5r (1968) - F\u00f8l bog - Paperback- Fin stand.","robots":{"index":"index","follow":"follow","max-snippet":"max-snippet:-1","max-image-preview":"max-image-preview:large","max-video-preview":"max-video-preview:-1"},"canonical":"https:\/\/www.xn--bgerogting-0cb.dk\/index.php\/vare\/sallys-loese-tand-af-robert-mccloskey\/","og_locale":"da_DK","og_type":"article","og_title":"Sally's l\u00f8se tand af Robert McCloskey","og_description":"Sally's l\u00f8se tand af Robert McCloskey - Carlsen\/Illustrationsforlaget, u.\u00e5r (1968) - F\u00f8l bog - Paperback- Fin stand.","og_url":"https:\/\/www.xn--bgerogting-0cb.dk\/index.php\/vare\/sallys-loese-tand-af-robert-mccloskey\/","og_site_name":"B\u00f8ger og Ting","article_publisher":"https:\/\/www.facebook.com\/boegerogting\/","article_modified_time":"2024-11-27T15:13:10+00:00","og_image":[{"width":1920,"height":1918,"url":"https:\/\/www.xn--bgerogting-0cb.dk\/wp-content\/uploads\/2024\/11\/Sallys-loese-tand-af-Robert-McCloskey.jpg","type":"image\/jpeg"}],"twitter_card":"summary_large_image","twitter_misc":{"Pris":"kr.&nbsp;90,00","Tilg\u00e6ngelighed":"P\u00e5 lager"},"schema":{"@context":"https:\/\/schema.org","@graph":[{"@type":"WebPage","@id":"https:\/\/www.xn--bgerogting-0cb.dk\/index.php\/vare\/sallys-loese-tand-af-robert-mccloskey\/","url":"https:\/\/www.xn--bgerogting-0cb.dk\/index.php\/vare\/sallys-loese-tand-af-robert-mccloskey\/","name":"Sally's l\u00f8se tand af Robert McCloskey - B\u00f8ger og Ting","isPartOf":{"@id":"https:\/\/www.xn--bgerogting-0cb.dk\/#website"},"primaryImageOfPage":{"@id":"https:\/\/www.xn--bgerogting-0cb.dk\/index.php\/vare\/sallys-loese-tand-af-robert-mccloskey\/#primaryimage"},"image":{"@id":"https:\/\/www.xn--bgerogting-0cb.dk\/index.php\/vare\/sallys-loese-tand-af-robert-mccloskey\/#primaryimage"},"thumbnailUrl":"https:\/\/i0.wp.com\/www.xn--bgerogting-0cb.dk\/wp-content\/uploads\/2024\/11\/Sallys-loese-tand-af-Robert-McCloskey.jpg?fit=1920%2C1918&ssl=1","datePublished":"2024-11-27T15:12:17+00:00","dateModified":"2024-11-27T15:13:10+00:00","description":"Sally's l\u00f8se tand af Robert McCloskey - Carlsen\/Illustrationsforlaget, u.\u00e5r (1968) - F\u00f8l bog - Paperback- Fin stand.","breadcrumb":{"@id":"https:\/\/www.xn--bgerogting-0cb.dk\/index.php\/vare\/sallys-loese-tand-af-robert-mccloskey\/#breadcrumb"},"inLanguage":"da-DK","potentialAction":[{"@type":"ReadAction","target":["https:\/\/www.xn--bgerogting-0cb.dk\/index.php\/vare\/sallys-loese-tand-af-robert-mccloskey\/"]}]},{"@type":"ImageObject","inLanguage":"da-DK","@id":"https:\/\/www.xn--bgerogting-0cb.dk\/index.php\/vare\/sallys-loese-tand-af-robert-mccloskey\/#primaryimage","url":"https:\/\/i0.wp.com\/www.xn--bgerogting-0cb.dk\/wp-content\/uploads\/2024\/11\/Sallys-loese-tand-af-Robert-McCloskey.jpg?fit=1920%2C1918&ssl=1","contentUrl":"https:\/\/i0.wp.com\/www.xn--bgerogting-0cb.dk\/wp-content\/uploads\/2024\/11\/Sallys-loese-tand-af-Robert-McCloskey.jpg?fit=1920%2C1918&ssl=1","width":1920,"height":1918,"caption":"Sally's l\u00f8se tand af Robert McCloskey"},{"@type":"BreadcrumbList","@id":"https:\/\/www.xn--bgerogting-0cb.dk\/index.php\/vare\/sallys-loese-tand-af-robert-mccloskey\/#breadcrumb","itemListElement":[{"@type":"ListItem","position":1,"name":"Home","item":"https:\/\/www.xn--bgerogting-0cb.dk\/"},{"@type":"ListItem","position":2,"name":"Butik","item":"https:\/\/www.xn--bgerogting-0cb.dk\/index.php\/shop\/"},{"@type":"ListItem","position":3,"name":"Sally&#8217;s l\u00f8se tand af Robert McCloskey"}]},{"@type":"WebSite","@id":"https:\/\/www.xn--bgerogting-0cb.dk\/#website","url":"https:\/\/www.xn--bgerogting-0cb.dk\/","name":"B\u00f8ger og Ting","description":"Antikvarisk, retro, vintage og antik","publisher":{"@id":"https:\/\/www.xn--bgerogting-0cb.dk\/#organization"},"potentialAction":[{"@type":"SearchAction","target":{"@type":"EntryPoint","urlTemplate":"https:\/\/www.xn--bgerogting-0cb.dk\/?s={search_term_string}"},"query-input":{"@type":"PropertyValueSpecification","valueRequired":true,"valueName":"search_term_string"}}],"inLanguage":"da-DK"},{"@type":"Organization","@id":"https:\/\/www.xn--bgerogting-0cb.dk\/#organization","name":"B\u00f8ger og Ting","url":"https:\/\/www.xn--bgerogting-0cb.dk\/","logo":{"@type":"ImageObject","inLanguage":"da-DK","@id":"https:\/\/www.xn--bgerogting-0cb.dk\/#\/schema\/logo\/image\/","url":"https:\/\/i0.wp.com\/www.xn--bgerogting-0cb.dk\/wp-content\/uploads\/2019\/10\/webicon.png?fit=205%2C205&ssl=1","contentUrl":"https:\/\/i0.wp.com\/www.xn--bgerogting-0cb.dk\/wp-content\/uploads\/2019\/10\/webicon.png?fit=205%2C205&ssl=1","width":205,"height":205,"caption":"B\u00f8ger og Ting"},"image":{"@id":"https:\/\/www.xn--bgerogting-0cb.dk\/#\/schema\/logo\/image\/"},"sameAs":["https:\/\/www.facebook.com\/boegerogting\/","https:\/\/www.instagram.com\/bogerogting\/"]}]},"product_price_amount":"90.00","product_price_currency":"DKK","og_availability":"instock","product_availability":"instock","product_retailer_item_id":"10347","product_condition":"new"},"jetpack_sharing_enabled":true,"_links":{"self":[{"href":"https:\/\/www.xn--bgerogting-0cb.dk\/index.php\/wp-json\/wp\/v2\/product\/16734","targetHints":{"allow":["GET"]}}],"collection":[{"href":"https:\/\/www.xn--bgerogting-0cb.dk\/index.php\/wp-json\/wp\/v2\/product"}],"about":[{"href":"https:\/\/www.xn--bgerogting-0cb.dk\/index.php\/wp-json\/wp\/v2\/types\/product"}],"wp:featuredmedia":[{"embeddable":true,"href":"https:\/\/www.xn--bgerogting-0cb.dk\/index.php\/wp-json\/wp\/v2\/media\/16753"}],"wp:attachment":[{"href":"https:\/\/www.xn--bgerogting-0cb.dk\/index.php\/wp-json\/wp\/v2\/media?parent=16734"}],"wp:term":[{"taxonomy":"product_brand","embeddable":true,"href":"https:\/\/www.xn--bgerogting-0cb.dk\/index.php\/wp-json\/wp\/v2\/product_brand?post=16734"},{"taxonomy":"product_cat","embeddable":true,"href":"https:\/\/www.xn--bgerogting-0cb.dk\/index.php\/wp-json\/wp\/v2\/product_cat?post=16734"},{"taxonomy":"product_tag","embeddable":true,"href":"https:\/\/www.xn--bgerogting-0cb.dk\/index.php\/wp-json\/wp\/v2\/product_tag?post=16734"}],"curies":[{"name":"wp","href":"https:\/\/api.w.org\/{rel}","templated":true}]}}