{"id":16455,"date":"2024-09-25T18:59:17","date_gmt":"2024-09-25T16:59:17","guid":{"rendered":"https:\/\/www.xn--bgerogting-0cb.dk\/?post_type=product&#038;p=16455"},"modified":"2024-09-25T19:00:32","modified_gmt":"2024-09-25T17:00:32","slug":"hubert-faar-jackpot-af-graham-oakley","status":"publish","type":"product","link":"https:\/\/www.xn--bgerogting-0cb.dk\/index.php\/vare\/hubert-faar-jackpot-af-graham-oakley\/","title":{"rendered":"Hubert f\u00e5r jackpot af Graham Oakley"},"content":{"rendered":"<p>Hubert f\u00e5r jackpot af Graham Oakley.<br \/>\nSesam, 1998 \u2013 H\u00e6ftet hardback i tv\u00e6rformat.<br \/>\nIllustreret af forfatteren med meget detaljerede tegninger.<br \/>\nBogen er i meget fin stand &#8211; som ny.<\/p>\n<p>Graham Oakley har skrevet en r\u00e6kke charmerende b\u00f8ger om kirkekatten Samson, der bor sammen med sine venner kirkemusene i en gamle engelske kirke.<br \/>\nI denne historie er er Samson og alle musene ved at plukke bromb\u00e6r p\u00e5 kirkeg\u00e5rden, da de finder en tabt lottokupon. Hubert, som er en af musene, fjerner kuponen og gemmer den p\u00e5 et hemmeligt sted. Der bliver stor opstandelse, da det viser sig at der er Jackpot p\u00e5 kuponen, og Hubert p\u00e5st\u00e5r, at alle pengene er hans!<\/p>\n","protected":false},"excerpt":{"rendered":"<p>Hubert f\u00e5r jackpot af Graham Oakley.<br \/>\nSesam, 1998 \u2013 H\u00e6ftet hardback i tv\u00e6rformat.<br \/>\nIllustreret af forfatteren med meget detaljerede tegninger.<br \/>\nBogen er i meget fin stand &#8211; som ny.<\/p>\n<p>Graham Oakley har skrevet en r\u00e6kke charmerende b\u00f8ger om kirkekatten Samson, der bor sammen med sine venner kirkemusene i en gamle engelske kirke.<br \/>\nI denne historie er er Samson og alle musene ved at plukke bromb\u00e6r p\u00e5 kirkeg\u00e5rden, da de finder en tabt lottokupon. Hubert, som er en af musene, fjerner kuponen og gemmer den p\u00e5 et hemmeligt sted. Der bliver stor opstandelse, da det viser sig at der er Jackpot p\u00e5 kuponen, og Hubert p\u00e5st\u00e5r, at alle pengene er hans!<\/p>\n","protected":false},"featured_media":16462,"template":"","meta":[],"product_brand":[],"product_cat":[54,81,27,35,25],"product_tag":[271,1580,112,171],"class_list":{"0":"post-16455","1":"product","2":"type-product","3":"status-publish","4":"has-post-thumbnail","6":"product_cat-alle-tiders-boerneboeger-1990-1999","7":"product_cat-billedboeger","8":"product_cat-boeger","9":"product_cat-barneboger","10":"product_cat-varia","11":"product_tag-engelsk","12":"product_tag-graham-oakley","13":"product_tag-katte","14":"product_tag-mus","16":"first","17":"instock","18":"shipping-taxable","19":"purchasable","20":"product-type-simple"},"yoast_head":"<!-- This site is optimized with the Yoast SEO Premium plugin v27.4 (Yoast SEO v27.6) - https:\/\/yoast.com\/product\/yoast-seo-premium-wordpress\/ -->\n<title>Hubert f\u00e5r jackpot af Graham Oakley - B\u00f8ger og Ting<\/title>\n<meta name=\"description\" content=\"Hubert f\u00e5r jackpot af Graham Oakley - Sesam, 1998 \u2013 H\u00e6ftet hardback i tv\u00e6rformat - Meget fin stand, som ny.\" \/>\n<meta name=\"robots\" content=\"index, follow, max-snippet:-1, max-image-preview:large, max-video-preview:-1\" \/>\n<link rel=\"canonical\" href=\"https:\/\/www.xn--bgerogting-0cb.dk\/index.php\/vare\/hubert-faar-jackpot-af-graham-oakley\/\" \/>\n<meta property=\"og:locale\" content=\"da_DK\" \/>\n<meta property=\"og:type\" content=\"article\" \/>\n<meta property=\"og:title\" content=\"Hubert f\u00e5r jackpot af Graham Oakley\" \/>\n<meta property=\"og:description\" content=\"Hubert f\u00e5r jackpot af Graham Oakley - Sesam, 1998 \u2013 H\u00e6ftet hardback i tv\u00e6rformat - Meget fin stand, som ny.\" \/>\n<meta property=\"og:url\" content=\"https:\/\/www.xn--bgerogting-0cb.dk\/index.php\/vare\/hubert-faar-jackpot-af-graham-oakley\/\" \/>\n<meta property=\"og:site_name\" content=\"B\u00f8ger og Ting\" \/>\n<meta property=\"article:publisher\" content=\"https:\/\/www.facebook.com\/boegerogting\/\" \/>\n<meta property=\"article:modified_time\" content=\"2024-09-25T17:00:32+00:00\" \/>\n<meta property=\"og:image\" content=\"https:\/\/www.xn--bgerogting-0cb.dk\/wp-content\/uploads\/2024\/09\/Hubert-faar-jackpot-af-Graham-Oakley.jpg\" \/>\n\t<meta property=\"og:image:width\" content=\"1920\" \/>\n\t<meta property=\"og:image:height\" content=\"1920\" \/>\n\t<meta property=\"og:image:type\" content=\"image\/jpeg\" \/>\n<meta name=\"twitter:card\" content=\"summary_large_image\" \/>\n<meta name=\"twitter:label1\" content=\"Pris\" \/>\n\t<meta name=\"twitter:data1\" content=\"kr.&nbsp;90,00\" \/>\n\t<meta name=\"twitter:label2\" content=\"Tilg\u00e6ngelighed\" \/>\n\t<meta name=\"twitter:data2\" content=\"P\u00e5 lager\" \/>\n<script type=\"application\/ld+json\" class=\"yoast-schema-graph\">{\"@context\":\"https:\\\/\\\/schema.org\",\"@graph\":[{\"@type\":\"WebPage\",\"@id\":\"https:\\\/\\\/www.xn--bgerogting-0cb.dk\\\/index.php\\\/vare\\\/hubert-faar-jackpot-af-graham-oakley\\\/\",\"url\":\"https:\\\/\\\/www.xn--bgerogting-0cb.dk\\\/index.php\\\/vare\\\/hubert-faar-jackpot-af-graham-oakley\\\/\",\"name\":\"Hubert f\u00e5r jackpot af Graham Oakley - B\u00f8ger og Ting\",\"isPartOf\":{\"@id\":\"https:\\\/\\\/www.xn--bgerogting-0cb.dk\\\/#website\"},\"primaryImageOfPage\":{\"@id\":\"https:\\\/\\\/www.xn--bgerogting-0cb.dk\\\/index.php\\\/vare\\\/hubert-faar-jackpot-af-graham-oakley\\\/#primaryimage\"},\"image\":{\"@id\":\"https:\\\/\\\/www.xn--bgerogting-0cb.dk\\\/index.php\\\/vare\\\/hubert-faar-jackpot-af-graham-oakley\\\/#primaryimage\"},\"thumbnailUrl\":\"https:\\\/\\\/i0.wp.com\\\/www.xn--bgerogting-0cb.dk\\\/wp-content\\\/uploads\\\/2024\\\/09\\\/Hubert-faar-jackpot-af-Graham-Oakley.jpg?fit=1920%2C1920&ssl=1\",\"datePublished\":\"2024-09-25T16:59:17+00:00\",\"dateModified\":\"2024-09-25T17:00:32+00:00\",\"description\":\"Hubert f\u00e5r jackpot af Graham Oakley - Sesam, 1998 \u2013 H\u00e6ftet hardback i tv\u00e6rformat - Meget fin stand, som ny.\",\"breadcrumb\":{\"@id\":\"https:\\\/\\\/www.xn--bgerogting-0cb.dk\\\/index.php\\\/vare\\\/hubert-faar-jackpot-af-graham-oakley\\\/#breadcrumb\"},\"inLanguage\":\"da-DK\",\"potentialAction\":[{\"@type\":\"ReadAction\",\"target\":[\"https:\\\/\\\/www.xn--bgerogting-0cb.dk\\\/index.php\\\/vare\\\/hubert-faar-jackpot-af-graham-oakley\\\/\"]}]},{\"@type\":\"ImageObject\",\"inLanguage\":\"da-DK\",\"@id\":\"https:\\\/\\\/www.xn--bgerogting-0cb.dk\\\/index.php\\\/vare\\\/hubert-faar-jackpot-af-graham-oakley\\\/#primaryimage\",\"url\":\"https:\\\/\\\/i0.wp.com\\\/www.xn--bgerogting-0cb.dk\\\/wp-content\\\/uploads\\\/2024\\\/09\\\/Hubert-faar-jackpot-af-Graham-Oakley.jpg?fit=1920%2C1920&ssl=1\",\"contentUrl\":\"https:\\\/\\\/i0.wp.com\\\/www.xn--bgerogting-0cb.dk\\\/wp-content\\\/uploads\\\/2024\\\/09\\\/Hubert-faar-jackpot-af-Graham-Oakley.jpg?fit=1920%2C1920&ssl=1\",\"width\":1920,\"height\":1920,\"caption\":\"Hubert f\u00e5r jackpot af Graham Oakley\"},{\"@type\":\"BreadcrumbList\",\"@id\":\"https:\\\/\\\/www.xn--bgerogting-0cb.dk\\\/index.php\\\/vare\\\/hubert-faar-jackpot-af-graham-oakley\\\/#breadcrumb\",\"itemListElement\":[{\"@type\":\"ListItem\",\"position\":1,\"name\":\"Home\",\"item\":\"https:\\\/\\\/www.xn--bgerogting-0cb.dk\\\/\"},{\"@type\":\"ListItem\",\"position\":2,\"name\":\"Butik\",\"item\":\"https:\\\/\\\/www.xn--bgerogting-0cb.dk\\\/index.php\\\/shop\\\/\"},{\"@type\":\"ListItem\",\"position\":3,\"name\":\"Hubert f\u00e5r jackpot af Graham Oakley\"}]},{\"@type\":\"WebSite\",\"@id\":\"https:\\\/\\\/www.xn--bgerogting-0cb.dk\\\/#website\",\"url\":\"https:\\\/\\\/www.xn--bgerogting-0cb.dk\\\/\",\"name\":\"B\u00f8ger og Ting\",\"description\":\"Antikvarisk, retro, vintage og antik\",\"publisher\":{\"@id\":\"https:\\\/\\\/www.xn--bgerogting-0cb.dk\\\/#organization\"},\"potentialAction\":[{\"@type\":\"SearchAction\",\"target\":{\"@type\":\"EntryPoint\",\"urlTemplate\":\"https:\\\/\\\/www.xn--bgerogting-0cb.dk\\\/?s={search_term_string}\"},\"query-input\":{\"@type\":\"PropertyValueSpecification\",\"valueRequired\":true,\"valueName\":\"search_term_string\"}}],\"inLanguage\":\"da-DK\"},{\"@type\":\"Organization\",\"@id\":\"https:\\\/\\\/www.xn--bgerogting-0cb.dk\\\/#organization\",\"name\":\"B\u00f8ger og Ting\",\"url\":\"https:\\\/\\\/www.xn--bgerogting-0cb.dk\\\/\",\"logo\":{\"@type\":\"ImageObject\",\"inLanguage\":\"da-DK\",\"@id\":\"https:\\\/\\\/www.xn--bgerogting-0cb.dk\\\/#\\\/schema\\\/logo\\\/image\\\/\",\"url\":\"https:\\\/\\\/i0.wp.com\\\/www.xn--bgerogting-0cb.dk\\\/wp-content\\\/uploads\\\/2019\\\/10\\\/webicon.png?fit=205%2C205&ssl=1\",\"contentUrl\":\"https:\\\/\\\/i0.wp.com\\\/www.xn--bgerogting-0cb.dk\\\/wp-content\\\/uploads\\\/2019\\\/10\\\/webicon.png?fit=205%2C205&ssl=1\",\"width\":205,\"height\":205,\"caption\":\"B\u00f8ger og Ting\"},\"image\":{\"@id\":\"https:\\\/\\\/www.xn--bgerogting-0cb.dk\\\/#\\\/schema\\\/logo\\\/image\\\/\"},\"sameAs\":[\"https:\\\/\\\/www.facebook.com\\\/boegerogting\\\/\",\"https:\\\/\\\/www.instagram.com\\\/bogerogting\\\/\"]}]}<\/script>\n<meta property=\"product:price:amount\" content=\"90.00\" \/>\n<meta property=\"product:price:currency\" content=\"DKK\" \/>\n<meta property=\"og:availability\" content=\"instock\" \/>\n<meta property=\"product:availability\" content=\"instock\" \/>\n<meta property=\"product:retailer_item_id\" content=\"4246\" \/>\n<meta property=\"product:condition\" content=\"new\" \/>\n<!-- \/ Yoast SEO Premium plugin. -->","yoast_head_json":{"title":"Hubert f\u00e5r jackpot af Graham Oakley - B\u00f8ger og Ting","description":"Hubert f\u00e5r jackpot af Graham Oakley - Sesam, 1998 \u2013 H\u00e6ftet hardback i tv\u00e6rformat - Meget fin stand, som ny.","robots":{"index":"index","follow":"follow","max-snippet":"max-snippet:-1","max-image-preview":"max-image-preview:large","max-video-preview":"max-video-preview:-1"},"canonical":"https:\/\/www.xn--bgerogting-0cb.dk\/index.php\/vare\/hubert-faar-jackpot-af-graham-oakley\/","og_locale":"da_DK","og_type":"article","og_title":"Hubert f\u00e5r jackpot af Graham Oakley","og_description":"Hubert f\u00e5r jackpot af Graham Oakley - Sesam, 1998 \u2013 H\u00e6ftet hardback i tv\u00e6rformat - Meget fin stand, som ny.","og_url":"https:\/\/www.xn--bgerogting-0cb.dk\/index.php\/vare\/hubert-faar-jackpot-af-graham-oakley\/","og_site_name":"B\u00f8ger og Ting","article_publisher":"https:\/\/www.facebook.com\/boegerogting\/","article_modified_time":"2024-09-25T17:00:32+00:00","og_image":[{"width":1920,"height":1920,"url":"https:\/\/www.xn--bgerogting-0cb.dk\/wp-content\/uploads\/2024\/09\/Hubert-faar-jackpot-af-Graham-Oakley.jpg","type":"image\/jpeg"}],"twitter_card":"summary_large_image","twitter_misc":{"Pris":"kr.&nbsp;90,00","Tilg\u00e6ngelighed":"P\u00e5 lager"},"schema":{"@context":"https:\/\/schema.org","@graph":[{"@type":"WebPage","@id":"https:\/\/www.xn--bgerogting-0cb.dk\/index.php\/vare\/hubert-faar-jackpot-af-graham-oakley\/","url":"https:\/\/www.xn--bgerogting-0cb.dk\/index.php\/vare\/hubert-faar-jackpot-af-graham-oakley\/","name":"Hubert f\u00e5r jackpot af Graham Oakley - B\u00f8ger og Ting","isPartOf":{"@id":"https:\/\/www.xn--bgerogting-0cb.dk\/#website"},"primaryImageOfPage":{"@id":"https:\/\/www.xn--bgerogting-0cb.dk\/index.php\/vare\/hubert-faar-jackpot-af-graham-oakley\/#primaryimage"},"image":{"@id":"https:\/\/www.xn--bgerogting-0cb.dk\/index.php\/vare\/hubert-faar-jackpot-af-graham-oakley\/#primaryimage"},"thumbnailUrl":"https:\/\/i0.wp.com\/www.xn--bgerogting-0cb.dk\/wp-content\/uploads\/2024\/09\/Hubert-faar-jackpot-af-Graham-Oakley.jpg?fit=1920%2C1920&ssl=1","datePublished":"2024-09-25T16:59:17+00:00","dateModified":"2024-09-25T17:00:32+00:00","description":"Hubert f\u00e5r jackpot af Graham Oakley - Sesam, 1998 \u2013 H\u00e6ftet hardback i tv\u00e6rformat - Meget fin stand, som ny.","breadcrumb":{"@id":"https:\/\/www.xn--bgerogting-0cb.dk\/index.php\/vare\/hubert-faar-jackpot-af-graham-oakley\/#breadcrumb"},"inLanguage":"da-DK","potentialAction":[{"@type":"ReadAction","target":["https:\/\/www.xn--bgerogting-0cb.dk\/index.php\/vare\/hubert-faar-jackpot-af-graham-oakley\/"]}]},{"@type":"ImageObject","inLanguage":"da-DK","@id":"https:\/\/www.xn--bgerogting-0cb.dk\/index.php\/vare\/hubert-faar-jackpot-af-graham-oakley\/#primaryimage","url":"https:\/\/i0.wp.com\/www.xn--bgerogting-0cb.dk\/wp-content\/uploads\/2024\/09\/Hubert-faar-jackpot-af-Graham-Oakley.jpg?fit=1920%2C1920&ssl=1","contentUrl":"https:\/\/i0.wp.com\/www.xn--bgerogting-0cb.dk\/wp-content\/uploads\/2024\/09\/Hubert-faar-jackpot-af-Graham-Oakley.jpg?fit=1920%2C1920&ssl=1","width":1920,"height":1920,"caption":"Hubert f\u00e5r jackpot af Graham Oakley"},{"@type":"BreadcrumbList","@id":"https:\/\/www.xn--bgerogting-0cb.dk\/index.php\/vare\/hubert-faar-jackpot-af-graham-oakley\/#breadcrumb","itemListElement":[{"@type":"ListItem","position":1,"name":"Home","item":"https:\/\/www.xn--bgerogting-0cb.dk\/"},{"@type":"ListItem","position":2,"name":"Butik","item":"https:\/\/www.xn--bgerogting-0cb.dk\/index.php\/shop\/"},{"@type":"ListItem","position":3,"name":"Hubert f\u00e5r jackpot af Graham Oakley"}]},{"@type":"WebSite","@id":"https:\/\/www.xn--bgerogting-0cb.dk\/#website","url":"https:\/\/www.xn--bgerogting-0cb.dk\/","name":"B\u00f8ger og Ting","description":"Antikvarisk, retro, vintage og antik","publisher":{"@id":"https:\/\/www.xn--bgerogting-0cb.dk\/#organization"},"potentialAction":[{"@type":"SearchAction","target":{"@type":"EntryPoint","urlTemplate":"https:\/\/www.xn--bgerogting-0cb.dk\/?s={search_term_string}"},"query-input":{"@type":"PropertyValueSpecification","valueRequired":true,"valueName":"search_term_string"}}],"inLanguage":"da-DK"},{"@type":"Organization","@id":"https:\/\/www.xn--bgerogting-0cb.dk\/#organization","name":"B\u00f8ger og Ting","url":"https:\/\/www.xn--bgerogting-0cb.dk\/","logo":{"@type":"ImageObject","inLanguage":"da-DK","@id":"https:\/\/www.xn--bgerogting-0cb.dk\/#\/schema\/logo\/image\/","url":"https:\/\/i0.wp.com\/www.xn--bgerogting-0cb.dk\/wp-content\/uploads\/2019\/10\/webicon.png?fit=205%2C205&ssl=1","contentUrl":"https:\/\/i0.wp.com\/www.xn--bgerogting-0cb.dk\/wp-content\/uploads\/2019\/10\/webicon.png?fit=205%2C205&ssl=1","width":205,"height":205,"caption":"B\u00f8ger og Ting"},"image":{"@id":"https:\/\/www.xn--bgerogting-0cb.dk\/#\/schema\/logo\/image\/"},"sameAs":["https:\/\/www.facebook.com\/boegerogting\/","https:\/\/www.instagram.com\/bogerogting\/"]}]},"product_price_amount":"90.00","product_price_currency":"DKK","og_availability":"instock","product_availability":"instock","product_retailer_item_id":"4246","product_condition":"new"},"jetpack_sharing_enabled":true,"_links":{"self":[{"href":"https:\/\/www.xn--bgerogting-0cb.dk\/index.php\/wp-json\/wp\/v2\/product\/16455","targetHints":{"allow":["GET"]}}],"collection":[{"href":"https:\/\/www.xn--bgerogting-0cb.dk\/index.php\/wp-json\/wp\/v2\/product"}],"about":[{"href":"https:\/\/www.xn--bgerogting-0cb.dk\/index.php\/wp-json\/wp\/v2\/types\/product"}],"wp:featuredmedia":[{"embeddable":true,"href":"https:\/\/www.xn--bgerogting-0cb.dk\/index.php\/wp-json\/wp\/v2\/media\/16462"}],"wp:attachment":[{"href":"https:\/\/www.xn--bgerogting-0cb.dk\/index.php\/wp-json\/wp\/v2\/media?parent=16455"}],"wp:term":[{"taxonomy":"product_brand","embeddable":true,"href":"https:\/\/www.xn--bgerogting-0cb.dk\/index.php\/wp-json\/wp\/v2\/product_brand?post=16455"},{"taxonomy":"product_cat","embeddable":true,"href":"https:\/\/www.xn--bgerogting-0cb.dk\/index.php\/wp-json\/wp\/v2\/product_cat?post=16455"},{"taxonomy":"product_tag","embeddable":true,"href":"https:\/\/www.xn--bgerogting-0cb.dk\/index.php\/wp-json\/wp\/v2\/product_tag?post=16455"}],"curies":[{"name":"wp","href":"https:\/\/api.w.org\/{rel}","templated":true}]}}