{"id":15063,"date":"2023-10-13T15:26:52","date_gmt":"2023-10-13T13:26:52","guid":{"rendered":"https:\/\/www.xn--bgerogting-0cb.dk\/?post_type=product&#038;p=15063"},"modified":"2023-10-13T15:26:52","modified_gmt":"2023-10-13T13:26:52","slug":"droemmenes-hersker-af-knud-holten","status":"publish","type":"product","link":"https:\/\/www.xn--bgerogting-0cb.dk\/index.php\/vare\/droemmenes-hersker-af-knud-holten\/","title":{"rendered":"Dr\u00f8mmenes hersker af Knud Holten"},"content":{"rendered":"<p>Dr\u00f8mmenes hersker af Knud Holten<br \/>\nGyldendal, 2001 &#8211; 2. udgave &#8211; 145 sider &#8211; H\u00e6ftet hardback.<br \/>\nUdkom f\u00f8rste gang i 1983.<br \/>\nBogen er i fin stand.<\/p>\n<p>2. bog i serien &#8220;Alex p\u00e5 eventyr&#8221;.<br \/>\nFantastisk historie om den for\u00e6ldrel\u00f8se Alex, der inviteres til at bo det s\u00e6rpr\u00e6gede hus &#8220;Morgenstjernen&#8221; af sin ukendte og \u00e6ldgamle tante Clotilde.<br \/>\nDa det lykkes den gamle s\u00e6rling Frederik Jummersen at skabe en passage fra sit kolonihavehus til dr\u00f8mmenes verden, besegler han ikke blot sin egen sk\u00e6bne, men udl\u00f8ser en katastrofe, der river Alex Morgenstjerne med sig &#8230;<\/p>\n","protected":false},"excerpt":{"rendered":"<p>Dr\u00f8mmenes hersker af Knud Holten<br \/>\nGyldendal, 2001 &#8211; 2. udgave &#8211; 145 sider &#8211; H\u00e6ftet hardback.<br \/>\nUdkom f\u00f8rste gang i 1983.<br \/>\nBogen er i fin stand &#8211; som ny.<\/p>\n<p>2. bog i serien &#8220;Alex p\u00e5 eventyr&#8221;.<br \/>\nFantastisk historie om den for\u00e6ldrel\u00f8se Alex, der inviteres til at bo det s\u00e6rpr\u00e6gede hus &#8220;Morgenstjernen&#8221; af sin ukendte og \u00e6ldgamle tante Clotilde.<br \/>\nDa det lykkes den gamle s\u00e6rling Frederik Jummersen at skabe en passage fra sit kolonihavehus til dr\u00f8mmenes verden, besegler han ikke blot sin egen sk\u00e6bne, men udl\u00f8ser en katastrofe, der river Alex Morgenstjerne med sig &#8230;<\/p>\n","protected":false},"featured_media":15118,"template":"","meta":[],"product_brand":[],"product_cat":[85,27,1435,956,35],"product_tag":[582],"class_list":{"0":"post-15063","1":"product","2":"type-product","3":"status-publish","4":"has-post-thumbnail","6":"product_cat-alle-tiders-boerneboeger-1980-1989","7":"product_cat-boeger","8":"product_cat-boerneromaer","9":"product_cat-fantasy-og-eventyrlige-romaner","10":"product_cat-barneboger","11":"product_tag-knud-holten","13":"first","14":"instock","15":"shipping-taxable","16":"purchasable","17":"product-type-simple"},"yoast_head":"<!-- This site is optimized with the Yoast SEO Premium plugin v26.9 (Yoast SEO v27.4) - https:\/\/yoast.com\/product\/yoast-seo-premium-wordpress\/ -->\n<title>Dr\u00f8mmenes hersker af Knud Holten - B\u00f8ger og Ting<\/title>\n<meta name=\"description\" content=\"Dr\u00f8mmenes hersker af Knud Holten - Gyldendal, 2001 - 2. udgave - 145 sider - H\u00e6ftet hardback. - Bogen er i fin stand, som ny.\" \/>\n<meta name=\"robots\" content=\"index, follow, max-snippet:-1, max-image-preview:large, max-video-preview:-1\" \/>\n<link rel=\"canonical\" href=\"https:\/\/www.xn--bgerogting-0cb.dk\/index.php\/vare\/droemmenes-hersker-af-knud-holten\/\" \/>\n<meta property=\"og:locale\" content=\"da_DK\" \/>\n<meta property=\"og:type\" content=\"article\" \/>\n<meta property=\"og:title\" content=\"Dr\u00f8mmenes hersker af Knud Holten\" \/>\n<meta property=\"og:description\" content=\"Dr\u00f8mmenes hersker af Knud Holten - Gyldendal, 2001 - 2. udgave - 145 sider - H\u00e6ftet hardback. - Bogen er i fin stand, som ny.\" \/>\n<meta property=\"og:url\" content=\"https:\/\/www.xn--bgerogting-0cb.dk\/index.php\/vare\/droemmenes-hersker-af-knud-holten\/\" \/>\n<meta property=\"og:site_name\" content=\"B\u00f8ger og Ting\" \/>\n<meta property=\"article:publisher\" content=\"https:\/\/www.facebook.com\/boegerogting\/\" \/>\n<meta property=\"og:image\" content=\"https:\/\/www.xn--bgerogting-0cb.dk\/wp-content\/uploads\/2023\/10\/Droemmenes-hersker-af-Knud-Holten.jpg\" \/>\n\t<meta property=\"og:image:width\" content=\"1920\" \/>\n\t<meta property=\"og:image:height\" content=\"1920\" \/>\n\t<meta property=\"og:image:type\" content=\"image\/jpeg\" \/>\n<meta name=\"twitter:card\" content=\"summary_large_image\" \/>\n<meta name=\"twitter:label1\" content=\"Pris\" \/>\n\t<meta name=\"twitter:data1\" content=\"kr.&nbsp;80,00\" \/>\n\t<meta name=\"twitter:label2\" content=\"Tilg\u00e6ngelighed\" \/>\n\t<meta name=\"twitter:data2\" content=\"P\u00e5 lager\" \/>\n<script type=\"application\/ld+json\" class=\"yoast-schema-graph\">{\"@context\":\"https:\\\/\\\/schema.org\",\"@graph\":[{\"@type\":\"WebPage\",\"@id\":\"https:\\\/\\\/www.xn--bgerogting-0cb.dk\\\/index.php\\\/vare\\\/droemmenes-hersker-af-knud-holten\\\/\",\"url\":\"https:\\\/\\\/www.xn--bgerogting-0cb.dk\\\/index.php\\\/vare\\\/droemmenes-hersker-af-knud-holten\\\/\",\"name\":\"Dr\u00f8mmenes hersker af Knud Holten - B\u00f8ger og Ting\",\"isPartOf\":{\"@id\":\"https:\\\/\\\/www.xn--bgerogting-0cb.dk\\\/#website\"},\"primaryImageOfPage\":{\"@id\":\"https:\\\/\\\/www.xn--bgerogting-0cb.dk\\\/index.php\\\/vare\\\/droemmenes-hersker-af-knud-holten\\\/#primaryimage\"},\"image\":{\"@id\":\"https:\\\/\\\/www.xn--bgerogting-0cb.dk\\\/index.php\\\/vare\\\/droemmenes-hersker-af-knud-holten\\\/#primaryimage\"},\"thumbnailUrl\":\"https:\\\/\\\/i0.wp.com\\\/www.xn--bgerogting-0cb.dk\\\/wp-content\\\/uploads\\\/2023\\\/10\\\/Droemmenes-hersker-af-Knud-Holten.jpg?fit=1920%2C1920&ssl=1\",\"datePublished\":\"2023-10-13T13:26:52+00:00\",\"description\":\"Dr\u00f8mmenes hersker af Knud Holten - Gyldendal, 2001 - 2. udgave - 145 sider - H\u00e6ftet hardback. - Bogen er i fin stand, som ny.\",\"breadcrumb\":{\"@id\":\"https:\\\/\\\/www.xn--bgerogting-0cb.dk\\\/index.php\\\/vare\\\/droemmenes-hersker-af-knud-holten\\\/#breadcrumb\"},\"inLanguage\":\"da-DK\",\"potentialAction\":[{\"@type\":\"ReadAction\",\"target\":[\"https:\\\/\\\/www.xn--bgerogting-0cb.dk\\\/index.php\\\/vare\\\/droemmenes-hersker-af-knud-holten\\\/\"]}]},{\"@type\":\"ImageObject\",\"inLanguage\":\"da-DK\",\"@id\":\"https:\\\/\\\/www.xn--bgerogting-0cb.dk\\\/index.php\\\/vare\\\/droemmenes-hersker-af-knud-holten\\\/#primaryimage\",\"url\":\"https:\\\/\\\/i0.wp.com\\\/www.xn--bgerogting-0cb.dk\\\/wp-content\\\/uploads\\\/2023\\\/10\\\/Droemmenes-hersker-af-Knud-Holten.jpg?fit=1920%2C1920&ssl=1\",\"contentUrl\":\"https:\\\/\\\/i0.wp.com\\\/www.xn--bgerogting-0cb.dk\\\/wp-content\\\/uploads\\\/2023\\\/10\\\/Droemmenes-hersker-af-Knud-Holten.jpg?fit=1920%2C1920&ssl=1\",\"width\":1920,\"height\":1920,\"caption\":\"Dr\u00f8mmenes hersker af Knud Holten\"},{\"@type\":\"BreadcrumbList\",\"@id\":\"https:\\\/\\\/www.xn--bgerogting-0cb.dk\\\/index.php\\\/vare\\\/droemmenes-hersker-af-knud-holten\\\/#breadcrumb\",\"itemListElement\":[{\"@type\":\"ListItem\",\"position\":1,\"name\":\"Home\",\"item\":\"https:\\\/\\\/www.xn--bgerogting-0cb.dk\\\/\"},{\"@type\":\"ListItem\",\"position\":2,\"name\":\"Butik\",\"item\":\"https:\\\/\\\/www.xn--bgerogting-0cb.dk\\\/index.php\\\/shop\\\/\"},{\"@type\":\"ListItem\",\"position\":3,\"name\":\"Dr\u00f8mmenes hersker af Knud Holten\"}]},{\"@type\":\"WebSite\",\"@id\":\"https:\\\/\\\/www.xn--bgerogting-0cb.dk\\\/#website\",\"url\":\"https:\\\/\\\/www.xn--bgerogting-0cb.dk\\\/\",\"name\":\"B\u00f8ger og Ting\",\"description\":\"Antikvarisk, retro, vintage og antik\",\"publisher\":{\"@id\":\"https:\\\/\\\/www.xn--bgerogting-0cb.dk\\\/#organization\"},\"potentialAction\":[{\"@type\":\"SearchAction\",\"target\":{\"@type\":\"EntryPoint\",\"urlTemplate\":\"https:\\\/\\\/www.xn--bgerogting-0cb.dk\\\/?s={search_term_string}\"},\"query-input\":{\"@type\":\"PropertyValueSpecification\",\"valueRequired\":true,\"valueName\":\"search_term_string\"}}],\"inLanguage\":\"da-DK\"},{\"@type\":\"Organization\",\"@id\":\"https:\\\/\\\/www.xn--bgerogting-0cb.dk\\\/#organization\",\"name\":\"B\u00f8ger og Ting\",\"url\":\"https:\\\/\\\/www.xn--bgerogting-0cb.dk\\\/\",\"logo\":{\"@type\":\"ImageObject\",\"inLanguage\":\"da-DK\",\"@id\":\"https:\\\/\\\/www.xn--bgerogting-0cb.dk\\\/#\\\/schema\\\/logo\\\/image\\\/\",\"url\":\"https:\\\/\\\/i0.wp.com\\\/www.xn--bgerogting-0cb.dk\\\/wp-content\\\/uploads\\\/2019\\\/10\\\/webicon.png?fit=205%2C205&ssl=1\",\"contentUrl\":\"https:\\\/\\\/i0.wp.com\\\/www.xn--bgerogting-0cb.dk\\\/wp-content\\\/uploads\\\/2019\\\/10\\\/webicon.png?fit=205%2C205&ssl=1\",\"width\":205,\"height\":205,\"caption\":\"B\u00f8ger og Ting\"},\"image\":{\"@id\":\"https:\\\/\\\/www.xn--bgerogting-0cb.dk\\\/#\\\/schema\\\/logo\\\/image\\\/\"},\"sameAs\":[\"https:\\\/\\\/www.facebook.com\\\/boegerogting\\\/\",\"https:\\\/\\\/www.instagram.com\\\/bogerogting\\\/\"]}]}<\/script>\n<meta property=\"product:price:amount\" content=\"80.00\" \/>\n<meta property=\"product:price:currency\" content=\"DKK\" \/>\n<meta property=\"og:availability\" content=\"instock\" \/>\n<meta property=\"product:availability\" content=\"instock\" \/>\n<meta property=\"product:retailer_item_id\" content=\"9926\" \/>\n<meta property=\"product:condition\" content=\"new\" \/>\n<!-- \/ Yoast SEO Premium plugin. -->","yoast_head_json":{"title":"Dr\u00f8mmenes hersker af Knud Holten - B\u00f8ger og Ting","description":"Dr\u00f8mmenes hersker af Knud Holten - Gyldendal, 2001 - 2. udgave - 145 sider - H\u00e6ftet hardback. - Bogen er i fin stand, som ny.","robots":{"index":"index","follow":"follow","max-snippet":"max-snippet:-1","max-image-preview":"max-image-preview:large","max-video-preview":"max-video-preview:-1"},"canonical":"https:\/\/www.xn--bgerogting-0cb.dk\/index.php\/vare\/droemmenes-hersker-af-knud-holten\/","og_locale":"da_DK","og_type":"article","og_title":"Dr\u00f8mmenes hersker af Knud Holten","og_description":"Dr\u00f8mmenes hersker af Knud Holten - Gyldendal, 2001 - 2. udgave - 145 sider - H\u00e6ftet hardback. - Bogen er i fin stand, som ny.","og_url":"https:\/\/www.xn--bgerogting-0cb.dk\/index.php\/vare\/droemmenes-hersker-af-knud-holten\/","og_site_name":"B\u00f8ger og Ting","article_publisher":"https:\/\/www.facebook.com\/boegerogting\/","og_image":[{"width":1920,"height":1920,"url":"https:\/\/www.xn--bgerogting-0cb.dk\/wp-content\/uploads\/2023\/10\/Droemmenes-hersker-af-Knud-Holten.jpg","type":"image\/jpeg"}],"twitter_card":"summary_large_image","twitter_misc":{"Pris":"kr.&nbsp;80,00","Tilg\u00e6ngelighed":"P\u00e5 lager"},"schema":{"@context":"https:\/\/schema.org","@graph":[{"@type":"WebPage","@id":"https:\/\/www.xn--bgerogting-0cb.dk\/index.php\/vare\/droemmenes-hersker-af-knud-holten\/","url":"https:\/\/www.xn--bgerogting-0cb.dk\/index.php\/vare\/droemmenes-hersker-af-knud-holten\/","name":"Dr\u00f8mmenes hersker af Knud Holten - B\u00f8ger og Ting","isPartOf":{"@id":"https:\/\/www.xn--bgerogting-0cb.dk\/#website"},"primaryImageOfPage":{"@id":"https:\/\/www.xn--bgerogting-0cb.dk\/index.php\/vare\/droemmenes-hersker-af-knud-holten\/#primaryimage"},"image":{"@id":"https:\/\/www.xn--bgerogting-0cb.dk\/index.php\/vare\/droemmenes-hersker-af-knud-holten\/#primaryimage"},"thumbnailUrl":"https:\/\/i0.wp.com\/www.xn--bgerogting-0cb.dk\/wp-content\/uploads\/2023\/10\/Droemmenes-hersker-af-Knud-Holten.jpg?fit=1920%2C1920&ssl=1","datePublished":"2023-10-13T13:26:52+00:00","description":"Dr\u00f8mmenes hersker af Knud Holten - Gyldendal, 2001 - 2. udgave - 145 sider - H\u00e6ftet hardback. - Bogen er i fin stand, som ny.","breadcrumb":{"@id":"https:\/\/www.xn--bgerogting-0cb.dk\/index.php\/vare\/droemmenes-hersker-af-knud-holten\/#breadcrumb"},"inLanguage":"da-DK","potentialAction":[{"@type":"ReadAction","target":["https:\/\/www.xn--bgerogting-0cb.dk\/index.php\/vare\/droemmenes-hersker-af-knud-holten\/"]}]},{"@type":"ImageObject","inLanguage":"da-DK","@id":"https:\/\/www.xn--bgerogting-0cb.dk\/index.php\/vare\/droemmenes-hersker-af-knud-holten\/#primaryimage","url":"https:\/\/i0.wp.com\/www.xn--bgerogting-0cb.dk\/wp-content\/uploads\/2023\/10\/Droemmenes-hersker-af-Knud-Holten.jpg?fit=1920%2C1920&ssl=1","contentUrl":"https:\/\/i0.wp.com\/www.xn--bgerogting-0cb.dk\/wp-content\/uploads\/2023\/10\/Droemmenes-hersker-af-Knud-Holten.jpg?fit=1920%2C1920&ssl=1","width":1920,"height":1920,"caption":"Dr\u00f8mmenes hersker af Knud Holten"},{"@type":"BreadcrumbList","@id":"https:\/\/www.xn--bgerogting-0cb.dk\/index.php\/vare\/droemmenes-hersker-af-knud-holten\/#breadcrumb","itemListElement":[{"@type":"ListItem","position":1,"name":"Home","item":"https:\/\/www.xn--bgerogting-0cb.dk\/"},{"@type":"ListItem","position":2,"name":"Butik","item":"https:\/\/www.xn--bgerogting-0cb.dk\/index.php\/shop\/"},{"@type":"ListItem","position":3,"name":"Dr\u00f8mmenes hersker af Knud Holten"}]},{"@type":"WebSite","@id":"https:\/\/www.xn--bgerogting-0cb.dk\/#website","url":"https:\/\/www.xn--bgerogting-0cb.dk\/","name":"B\u00f8ger og Ting","description":"Antikvarisk, retro, vintage og antik","publisher":{"@id":"https:\/\/www.xn--bgerogting-0cb.dk\/#organization"},"potentialAction":[{"@type":"SearchAction","target":{"@type":"EntryPoint","urlTemplate":"https:\/\/www.xn--bgerogting-0cb.dk\/?s={search_term_string}"},"query-input":{"@type":"PropertyValueSpecification","valueRequired":true,"valueName":"search_term_string"}}],"inLanguage":"da-DK"},{"@type":"Organization","@id":"https:\/\/www.xn--bgerogting-0cb.dk\/#organization","name":"B\u00f8ger og Ting","url":"https:\/\/www.xn--bgerogting-0cb.dk\/","logo":{"@type":"ImageObject","inLanguage":"da-DK","@id":"https:\/\/www.xn--bgerogting-0cb.dk\/#\/schema\/logo\/image\/","url":"https:\/\/i0.wp.com\/www.xn--bgerogting-0cb.dk\/wp-content\/uploads\/2019\/10\/webicon.png?fit=205%2C205&ssl=1","contentUrl":"https:\/\/i0.wp.com\/www.xn--bgerogting-0cb.dk\/wp-content\/uploads\/2019\/10\/webicon.png?fit=205%2C205&ssl=1","width":205,"height":205,"caption":"B\u00f8ger og Ting"},"image":{"@id":"https:\/\/www.xn--bgerogting-0cb.dk\/#\/schema\/logo\/image\/"},"sameAs":["https:\/\/www.facebook.com\/boegerogting\/","https:\/\/www.instagram.com\/bogerogting\/"]}]},"product_price_amount":"80.00","product_price_currency":"DKK","og_availability":"instock","product_availability":"instock","product_retailer_item_id":"9926","product_condition":"new"},"jetpack_sharing_enabled":true,"_links":{"self":[{"href":"https:\/\/www.xn--bgerogting-0cb.dk\/index.php\/wp-json\/wp\/v2\/product\/15063","targetHints":{"allow":["GET"]}}],"collection":[{"href":"https:\/\/www.xn--bgerogting-0cb.dk\/index.php\/wp-json\/wp\/v2\/product"}],"about":[{"href":"https:\/\/www.xn--bgerogting-0cb.dk\/index.php\/wp-json\/wp\/v2\/types\/product"}],"wp:featuredmedia":[{"embeddable":true,"href":"https:\/\/www.xn--bgerogting-0cb.dk\/index.php\/wp-json\/wp\/v2\/media\/15118"}],"wp:attachment":[{"href":"https:\/\/www.xn--bgerogting-0cb.dk\/index.php\/wp-json\/wp\/v2\/media?parent=15063"}],"wp:term":[{"taxonomy":"product_brand","embeddable":true,"href":"https:\/\/www.xn--bgerogting-0cb.dk\/index.php\/wp-json\/wp\/v2\/product_brand?post=15063"},{"taxonomy":"product_cat","embeddable":true,"href":"https:\/\/www.xn--bgerogting-0cb.dk\/index.php\/wp-json\/wp\/v2\/product_cat?post=15063"},{"taxonomy":"product_tag","embeddable":true,"href":"https:\/\/www.xn--bgerogting-0cb.dk\/index.php\/wp-json\/wp\/v2\/product_tag?post=15063"}],"curies":[{"name":"wp","href":"https:\/\/api.w.org\/{rel}","templated":true}]}}