{"id":14420,"date":"2023-06-10T13:11:07","date_gmt":"2023-06-10T11:11:07","guid":{"rendered":"https:\/\/www.xn--bgerogting-0cb.dk\/?post_type=product&#038;p=14420"},"modified":"2023-06-11T11:48:06","modified_gmt":"2023-06-11T09:48:06","slug":"udklipssamling-danske-scenekunstnere-bd-i-ii","status":"publish","type":"product","link":"https:\/\/www.xn--bgerogting-0cb.dk\/index.php\/vare\/udklipssamling-danske-scenekunstnere-bd-i-ii\/","title":{"rendered":"Udklipssamling: &#8220;Danske scenekunstnere&#8221; bd. I &#8211; II"},"content":{"rendered":"<p>Udklipssamling: &#8220;Danske scenekunstnere&#8221; bd. I &#8211; II professionelt indbundet i smukke ens bind.<br \/>\nHvert bind indeholder 46 ugebladsartikler om danske scenekunstnere kendt fra teater og film og TV.<br \/>\nSamlingen er alfabetisk ordnet fra Anna Karina til Aase Zieler med maskinskrevet indholdsfortegnelse.<br \/>\nAlt er smukt og sirligt udklippet og indkl\u00e6bet.<br \/>\nHovedparten er artikler fra Familie Journalens (?) serie:\u00a0 &#8220;Vi bes\u00f8ger &#8230;&#8221; med tekst af Jan Trudvang og fotos af Carl Georg Gj\u00e6rs\u00f8e omkring 1970.<\/p>\n<p>Sp\u00e6ndende samling i s\u00e6rdeles fin stand!<\/p>\n<p>&nbsp;<\/p>\n","protected":false},"excerpt":{"rendered":"<p>Udklipssamling: &#8220;Danske scenekunstnere&#8221; bd. I &#8211; II professionelt indbundet i smukke ens bind i stort format.<br \/>\nHvert bind indeholder 46 ugebladsartikler om danske scenekunstnere kendt fra teater og film og TV.<br \/>\nSamlingen er alfabetisk ordnet fra Anna Karina til Aase Zieler med maskinskrevet indholdsfortegnelse.<br \/>\nAlt er smukt og sirligt udklippet og indkl\u00e6bet.<br \/>\nHovedparten er artikler fra Familie Journalens (?) serie:\u00a0 &#8220;Vi bes\u00f8ger &#8230;&#8221; med tekst af Jan Trudvang og fotos af Carl Georg Gj\u00e6rs\u00f8e omkring 1970.<\/p>\n<p>Sp\u00e6ndende samling i s\u00e6rdeles fin stand!<\/p>\n","protected":false},"featured_media":14433,"template":"","meta":[],"product_brand":[],"product_cat":[25],"product_tag":[],"class_list":{"0":"post-14420","1":"product","2":"type-product","3":"status-publish","4":"has-post-thumbnail","6":"product_cat-varia","8":"first","9":"instock","10":"shipping-taxable","11":"purchasable","12":"product-type-simple"},"yoast_head":"<!-- This site is optimized with the Yoast SEO Premium plugin v27.4 (Yoast SEO v27.5) - https:\/\/yoast.com\/product\/yoast-seo-premium-wordpress\/ -->\n<title>Udklipssamling: &quot;Danske scenekunstnere&quot; bd. I - II - B\u00f8ger og Ting<\/title>\n<meta name=\"description\" content=\"Udklipssamling: Danske scenekunstnere bd. I - II indbundet i smukke ens bind med i alt 92 ugebladsartikler om danske scenekunstnere kendt fra teater og film og TV.\" \/>\n<meta name=\"robots\" content=\"index, follow, max-snippet:-1, max-image-preview:large, max-video-preview:-1\" \/>\n<link rel=\"canonical\" href=\"https:\/\/www.xn--bgerogting-0cb.dk\/index.php\/vare\/udklipssamling-danske-scenekunstnere-bd-i-ii\/\" \/>\n<meta property=\"og:locale\" content=\"da_DK\" \/>\n<meta property=\"og:type\" content=\"article\" \/>\n<meta property=\"og:title\" content=\"Udklipssamling: &quot;Danske scenekunstnere&quot; bd. I - II\" \/>\n<meta property=\"og:description\" content=\"Udklipssamling: Danske scenekunstnere bd. I - II indbundet i smukke ens bind med i alt 92 ugebladsartikler om danske scenekunstnere kendt fra teater og film og TV.\" \/>\n<meta property=\"og:url\" content=\"https:\/\/www.xn--bgerogting-0cb.dk\/index.php\/vare\/udklipssamling-danske-scenekunstnere-bd-i-ii\/\" \/>\n<meta property=\"og:site_name\" content=\"B\u00f8ger og Ting\" \/>\n<meta property=\"article:publisher\" content=\"https:\/\/www.facebook.com\/boegerogting\/\" \/>\n<meta property=\"article:modified_time\" content=\"2023-06-11T09:48:06+00:00\" \/>\n<meta property=\"og:image\" content=\"https:\/\/www.xn--bgerogting-0cb.dk\/wp-content\/uploads\/2023\/06\/Danske-scenekunstnere.jpg\" \/>\n\t<meta property=\"og:image:width\" content=\"1920\" \/>\n\t<meta property=\"og:image:height\" content=\"1920\" \/>\n\t<meta property=\"og:image:type\" content=\"image\/jpeg\" \/>\n<meta name=\"twitter:card\" content=\"summary_large_image\" \/>\n<meta name=\"twitter:label1\" content=\"Pris\" \/>\n\t<meta name=\"twitter:data1\" content=\"kr.&nbsp;500,00\" \/>\n\t<meta name=\"twitter:label2\" content=\"Tilg\u00e6ngelighed\" \/>\n\t<meta name=\"twitter:data2\" content=\"P\u00e5 lager\" \/>\n<script type=\"application\/ld+json\" class=\"yoast-schema-graph\">{\"@context\":\"https:\\\/\\\/schema.org\",\"@graph\":[{\"@type\":\"WebPage\",\"@id\":\"https:\\\/\\\/www.xn--bgerogting-0cb.dk\\\/index.php\\\/vare\\\/udklipssamling-danske-scenekunstnere-bd-i-ii\\\/\",\"url\":\"https:\\\/\\\/www.xn--bgerogting-0cb.dk\\\/index.php\\\/vare\\\/udklipssamling-danske-scenekunstnere-bd-i-ii\\\/\",\"name\":\"Udklipssamling: \\\"Danske scenekunstnere\\\" bd. I - II - B\u00f8ger og Ting\",\"isPartOf\":{\"@id\":\"https:\\\/\\\/www.xn--bgerogting-0cb.dk\\\/#website\"},\"primaryImageOfPage\":{\"@id\":\"https:\\\/\\\/www.xn--bgerogting-0cb.dk\\\/index.php\\\/vare\\\/udklipssamling-danske-scenekunstnere-bd-i-ii\\\/#primaryimage\"},\"image\":{\"@id\":\"https:\\\/\\\/www.xn--bgerogting-0cb.dk\\\/index.php\\\/vare\\\/udklipssamling-danske-scenekunstnere-bd-i-ii\\\/#primaryimage\"},\"thumbnailUrl\":\"https:\\\/\\\/i0.wp.com\\\/www.xn--bgerogting-0cb.dk\\\/wp-content\\\/uploads\\\/2023\\\/06\\\/Danske-scenekunstnere.jpg?fit=1920%2C1920&ssl=1\",\"datePublished\":\"2023-06-10T11:11:07+00:00\",\"dateModified\":\"2023-06-11T09:48:06+00:00\",\"description\":\"Udklipssamling: Danske scenekunstnere bd. I - II indbundet i smukke ens bind med i alt 92 ugebladsartikler om danske scenekunstnere kendt fra teater og film og TV.\",\"breadcrumb\":{\"@id\":\"https:\\\/\\\/www.xn--bgerogting-0cb.dk\\\/index.php\\\/vare\\\/udklipssamling-danske-scenekunstnere-bd-i-ii\\\/#breadcrumb\"},\"inLanguage\":\"da-DK\",\"potentialAction\":[{\"@type\":\"ReadAction\",\"target\":[\"https:\\\/\\\/www.xn--bgerogting-0cb.dk\\\/index.php\\\/vare\\\/udklipssamling-danske-scenekunstnere-bd-i-ii\\\/\"]}]},{\"@type\":\"ImageObject\",\"inLanguage\":\"da-DK\",\"@id\":\"https:\\\/\\\/www.xn--bgerogting-0cb.dk\\\/index.php\\\/vare\\\/udklipssamling-danske-scenekunstnere-bd-i-ii\\\/#primaryimage\",\"url\":\"https:\\\/\\\/i0.wp.com\\\/www.xn--bgerogting-0cb.dk\\\/wp-content\\\/uploads\\\/2023\\\/06\\\/Danske-scenekunstnere.jpg?fit=1920%2C1920&ssl=1\",\"contentUrl\":\"https:\\\/\\\/i0.wp.com\\\/www.xn--bgerogting-0cb.dk\\\/wp-content\\\/uploads\\\/2023\\\/06\\\/Danske-scenekunstnere.jpg?fit=1920%2C1920&ssl=1\",\"width\":1920,\"height\":1920,\"caption\":\"Danske scenekunstnere bd. I - II\"},{\"@type\":\"BreadcrumbList\",\"@id\":\"https:\\\/\\\/www.xn--bgerogting-0cb.dk\\\/index.php\\\/vare\\\/udklipssamling-danske-scenekunstnere-bd-i-ii\\\/#breadcrumb\",\"itemListElement\":[{\"@type\":\"ListItem\",\"position\":1,\"name\":\"Home\",\"item\":\"https:\\\/\\\/www.xn--bgerogting-0cb.dk\\\/\"},{\"@type\":\"ListItem\",\"position\":2,\"name\":\"Butik\",\"item\":\"https:\\\/\\\/www.xn--bgerogting-0cb.dk\\\/index.php\\\/shop\\\/\"},{\"@type\":\"ListItem\",\"position\":3,\"name\":\"Udklipssamling: &#8220;Danske scenekunstnere&#8221; bd. I &#8211; II\"}]},{\"@type\":\"WebSite\",\"@id\":\"https:\\\/\\\/www.xn--bgerogting-0cb.dk\\\/#website\",\"url\":\"https:\\\/\\\/www.xn--bgerogting-0cb.dk\\\/\",\"name\":\"B\u00f8ger og Ting\",\"description\":\"Antikvarisk, retro, vintage og antik\",\"publisher\":{\"@id\":\"https:\\\/\\\/www.xn--bgerogting-0cb.dk\\\/#organization\"},\"potentialAction\":[{\"@type\":\"SearchAction\",\"target\":{\"@type\":\"EntryPoint\",\"urlTemplate\":\"https:\\\/\\\/www.xn--bgerogting-0cb.dk\\\/?s={search_term_string}\"},\"query-input\":{\"@type\":\"PropertyValueSpecification\",\"valueRequired\":true,\"valueName\":\"search_term_string\"}}],\"inLanguage\":\"da-DK\"},{\"@type\":\"Organization\",\"@id\":\"https:\\\/\\\/www.xn--bgerogting-0cb.dk\\\/#organization\",\"name\":\"B\u00f8ger og Ting\",\"url\":\"https:\\\/\\\/www.xn--bgerogting-0cb.dk\\\/\",\"logo\":{\"@type\":\"ImageObject\",\"inLanguage\":\"da-DK\",\"@id\":\"https:\\\/\\\/www.xn--bgerogting-0cb.dk\\\/#\\\/schema\\\/logo\\\/image\\\/\",\"url\":\"https:\\\/\\\/i0.wp.com\\\/www.xn--bgerogting-0cb.dk\\\/wp-content\\\/uploads\\\/2019\\\/10\\\/webicon.png?fit=205%2C205&ssl=1\",\"contentUrl\":\"https:\\\/\\\/i0.wp.com\\\/www.xn--bgerogting-0cb.dk\\\/wp-content\\\/uploads\\\/2019\\\/10\\\/webicon.png?fit=205%2C205&ssl=1\",\"width\":205,\"height\":205,\"caption\":\"B\u00f8ger og Ting\"},\"image\":{\"@id\":\"https:\\\/\\\/www.xn--bgerogting-0cb.dk\\\/#\\\/schema\\\/logo\\\/image\\\/\"},\"sameAs\":[\"https:\\\/\\\/www.facebook.com\\\/boegerogting\\\/\",\"https:\\\/\\\/www.instagram.com\\\/bogerogting\\\/\"]}]}<\/script>\n<meta property=\"product:price:amount\" content=\"500.00\" \/>\n<meta property=\"product:price:currency\" content=\"DKK\" \/>\n<meta property=\"og:availability\" content=\"instock\" \/>\n<meta property=\"product:availability\" content=\"instock\" \/>\n<meta property=\"product:retailer_item_id\" content=\"9578\" \/>\n<meta property=\"product:condition\" content=\"new\" \/>\n<!-- \/ Yoast SEO Premium plugin. -->","yoast_head_json":{"title":"Udklipssamling: \"Danske scenekunstnere\" bd. I - II - B\u00f8ger og Ting","description":"Udklipssamling: Danske scenekunstnere bd. I - II indbundet i smukke ens bind med i alt 92 ugebladsartikler om danske scenekunstnere kendt fra teater og film og TV.","robots":{"index":"index","follow":"follow","max-snippet":"max-snippet:-1","max-image-preview":"max-image-preview:large","max-video-preview":"max-video-preview:-1"},"canonical":"https:\/\/www.xn--bgerogting-0cb.dk\/index.php\/vare\/udklipssamling-danske-scenekunstnere-bd-i-ii\/","og_locale":"da_DK","og_type":"article","og_title":"Udklipssamling: \"Danske scenekunstnere\" bd. I - II","og_description":"Udklipssamling: Danske scenekunstnere bd. I - II indbundet i smukke ens bind med i alt 92 ugebladsartikler om danske scenekunstnere kendt fra teater og film og TV.","og_url":"https:\/\/www.xn--bgerogting-0cb.dk\/index.php\/vare\/udklipssamling-danske-scenekunstnere-bd-i-ii\/","og_site_name":"B\u00f8ger og Ting","article_publisher":"https:\/\/www.facebook.com\/boegerogting\/","article_modified_time":"2023-06-11T09:48:06+00:00","og_image":[{"width":1920,"height":1920,"url":"https:\/\/www.xn--bgerogting-0cb.dk\/wp-content\/uploads\/2023\/06\/Danske-scenekunstnere.jpg","type":"image\/jpeg"}],"twitter_card":"summary_large_image","twitter_misc":{"Pris":"kr.&nbsp;500,00","Tilg\u00e6ngelighed":"P\u00e5 lager"},"schema":{"@context":"https:\/\/schema.org","@graph":[{"@type":"WebPage","@id":"https:\/\/www.xn--bgerogting-0cb.dk\/index.php\/vare\/udklipssamling-danske-scenekunstnere-bd-i-ii\/","url":"https:\/\/www.xn--bgerogting-0cb.dk\/index.php\/vare\/udklipssamling-danske-scenekunstnere-bd-i-ii\/","name":"Udklipssamling: \"Danske scenekunstnere\" bd. I - II - B\u00f8ger og Ting","isPartOf":{"@id":"https:\/\/www.xn--bgerogting-0cb.dk\/#website"},"primaryImageOfPage":{"@id":"https:\/\/www.xn--bgerogting-0cb.dk\/index.php\/vare\/udklipssamling-danske-scenekunstnere-bd-i-ii\/#primaryimage"},"image":{"@id":"https:\/\/www.xn--bgerogting-0cb.dk\/index.php\/vare\/udklipssamling-danske-scenekunstnere-bd-i-ii\/#primaryimage"},"thumbnailUrl":"https:\/\/i0.wp.com\/www.xn--bgerogting-0cb.dk\/wp-content\/uploads\/2023\/06\/Danske-scenekunstnere.jpg?fit=1920%2C1920&ssl=1","datePublished":"2023-06-10T11:11:07+00:00","dateModified":"2023-06-11T09:48:06+00:00","description":"Udklipssamling: Danske scenekunstnere bd. I - II indbundet i smukke ens bind med i alt 92 ugebladsartikler om danske scenekunstnere kendt fra teater og film og TV.","breadcrumb":{"@id":"https:\/\/www.xn--bgerogting-0cb.dk\/index.php\/vare\/udklipssamling-danske-scenekunstnere-bd-i-ii\/#breadcrumb"},"inLanguage":"da-DK","potentialAction":[{"@type":"ReadAction","target":["https:\/\/www.xn--bgerogting-0cb.dk\/index.php\/vare\/udklipssamling-danske-scenekunstnere-bd-i-ii\/"]}]},{"@type":"ImageObject","inLanguage":"da-DK","@id":"https:\/\/www.xn--bgerogting-0cb.dk\/index.php\/vare\/udklipssamling-danske-scenekunstnere-bd-i-ii\/#primaryimage","url":"https:\/\/i0.wp.com\/www.xn--bgerogting-0cb.dk\/wp-content\/uploads\/2023\/06\/Danske-scenekunstnere.jpg?fit=1920%2C1920&ssl=1","contentUrl":"https:\/\/i0.wp.com\/www.xn--bgerogting-0cb.dk\/wp-content\/uploads\/2023\/06\/Danske-scenekunstnere.jpg?fit=1920%2C1920&ssl=1","width":1920,"height":1920,"caption":"Danske scenekunstnere bd. I - II"},{"@type":"BreadcrumbList","@id":"https:\/\/www.xn--bgerogting-0cb.dk\/index.php\/vare\/udklipssamling-danske-scenekunstnere-bd-i-ii\/#breadcrumb","itemListElement":[{"@type":"ListItem","position":1,"name":"Home","item":"https:\/\/www.xn--bgerogting-0cb.dk\/"},{"@type":"ListItem","position":2,"name":"Butik","item":"https:\/\/www.xn--bgerogting-0cb.dk\/index.php\/shop\/"},{"@type":"ListItem","position":3,"name":"Udklipssamling: &#8220;Danske scenekunstnere&#8221; bd. I &#8211; II"}]},{"@type":"WebSite","@id":"https:\/\/www.xn--bgerogting-0cb.dk\/#website","url":"https:\/\/www.xn--bgerogting-0cb.dk\/","name":"B\u00f8ger og Ting","description":"Antikvarisk, retro, vintage og antik","publisher":{"@id":"https:\/\/www.xn--bgerogting-0cb.dk\/#organization"},"potentialAction":[{"@type":"SearchAction","target":{"@type":"EntryPoint","urlTemplate":"https:\/\/www.xn--bgerogting-0cb.dk\/?s={search_term_string}"},"query-input":{"@type":"PropertyValueSpecification","valueRequired":true,"valueName":"search_term_string"}}],"inLanguage":"da-DK"},{"@type":"Organization","@id":"https:\/\/www.xn--bgerogting-0cb.dk\/#organization","name":"B\u00f8ger og Ting","url":"https:\/\/www.xn--bgerogting-0cb.dk\/","logo":{"@type":"ImageObject","inLanguage":"da-DK","@id":"https:\/\/www.xn--bgerogting-0cb.dk\/#\/schema\/logo\/image\/","url":"https:\/\/i0.wp.com\/www.xn--bgerogting-0cb.dk\/wp-content\/uploads\/2019\/10\/webicon.png?fit=205%2C205&ssl=1","contentUrl":"https:\/\/i0.wp.com\/www.xn--bgerogting-0cb.dk\/wp-content\/uploads\/2019\/10\/webicon.png?fit=205%2C205&ssl=1","width":205,"height":205,"caption":"B\u00f8ger og Ting"},"image":{"@id":"https:\/\/www.xn--bgerogting-0cb.dk\/#\/schema\/logo\/image\/"},"sameAs":["https:\/\/www.facebook.com\/boegerogting\/","https:\/\/www.instagram.com\/bogerogting\/"]}]},"product_price_amount":"500.00","product_price_currency":"DKK","og_availability":"instock","product_availability":"instock","product_retailer_item_id":"9578","product_condition":"new"},"jetpack_sharing_enabled":true,"_links":{"self":[{"href":"https:\/\/www.xn--bgerogting-0cb.dk\/index.php\/wp-json\/wp\/v2\/product\/14420","targetHints":{"allow":["GET"]}}],"collection":[{"href":"https:\/\/www.xn--bgerogting-0cb.dk\/index.php\/wp-json\/wp\/v2\/product"}],"about":[{"href":"https:\/\/www.xn--bgerogting-0cb.dk\/index.php\/wp-json\/wp\/v2\/types\/product"}],"wp:featuredmedia":[{"embeddable":true,"href":"https:\/\/www.xn--bgerogting-0cb.dk\/index.php\/wp-json\/wp\/v2\/media\/14433"}],"wp:attachment":[{"href":"https:\/\/www.xn--bgerogting-0cb.dk\/index.php\/wp-json\/wp\/v2\/media?parent=14420"}],"wp:term":[{"taxonomy":"product_brand","embeddable":true,"href":"https:\/\/www.xn--bgerogting-0cb.dk\/index.php\/wp-json\/wp\/v2\/product_brand?post=14420"},{"taxonomy":"product_cat","embeddable":true,"href":"https:\/\/www.xn--bgerogting-0cb.dk\/index.php\/wp-json\/wp\/v2\/product_cat?post=14420"},{"taxonomy":"product_tag","embeddable":true,"href":"https:\/\/www.xn--bgerogting-0cb.dk\/index.php\/wp-json\/wp\/v2\/product_tag?post=14420"}],"curies":[{"name":"wp","href":"https:\/\/api.w.org\/{rel}","templated":true}]}}