{"id":12482,"date":"2022-03-25T16:41:25","date_gmt":"2022-03-25T15:41:25","guid":{"rendered":"https:\/\/www.xn--bgerogting-0cb.dk\/?post_type=product&#038;p=12482"},"modified":"2022-03-27T11:23:15","modified_gmt":"2022-03-27T09:23:15","slug":"tidspunktet-1-aargang-1902","status":"publish","type":"product","link":"https:\/\/www.xn--bgerogting-0cb.dk\/index.php\/vare\/tidspunktet-1-aargang-1902\/","title":{"rendered":"Tidspunktet 1. \u00e5rgang 1902"},"content":{"rendered":"<p>Tidspunktet 1. \u00e5rgang 1902 &#8211; Redigeret af L.C. Nielsen.<br \/>\nIndbundet i p\u00e6nt halvbind med kunstl\u00e6der og guldtryk p\u00e5 ryggen.<br \/>\nBogen er i god stand, men nogle af bladene har lidt brune pletter og &#8220;nus&#8221; p\u00e5 siderne.<br \/>\nExlibris Ole Rostock p\u00e5 forsats.<\/p>\n<p><strong>&#8220;Tidspunktet<\/strong> er et radikalt, uafh\u00e6ngigt Ugeblad, som vil besk\u00e6ftige sig med alle foreliggende politiske, sociale og kulturkritiske Sp\u00f8rgsmaal.<br \/>\n<strong>Tidspunktet<\/strong> stiller sig udenfor de i \u00d8jeblikket bestaaende Partier som Organ for et rummeligt Frisind.<br \/>\n<strong>Tidspunktet<\/strong> udkommer hver L\u00f8rdag Middag og koster i Abonnement 1,25 Kr. Kvartalet. Enkeltnumre 10 \u00d8re&#8221;.<\/p>\n<p>Indeholder bidrag af blandt andre Ludvig Holstein, Viggo Stuckenberg, Johs. V. Jensen, Albert Engstr\u00f6m\u00a0 m.fl.<\/p>\n","protected":false},"excerpt":{"rendered":"<p>Tidspunktet 1. \u00e5rgang 1902 &#8211; Redigeret af L.C. Nielsen.<br \/>\nIndbundet i p\u00e6nt halvbind med kunstl\u00e6der og guldtryk p\u00e5 ryggen.<br \/>\nBogen er i god stand, men nogle af bladene har lidt brune pletter og &#8220;nus&#8221; p\u00e5 siderne.<br \/>\nExlibris Ole Rostock p\u00e5 forsats.<\/p>\n<p><strong>Tidspunktet<\/strong> er et radikalt, uafh\u00e6ngigt Ugeblad, som vil besk\u00e6ftige sig med alle foreliggende politiske, sociale og kulturkritiske Sp\u00f8rgsmaal.<br \/>\n<strong>Tidspunktet<\/strong> stiller sig udenfor de i \u00d8jeblikket bestaaende Partier som Organ for et rummeligt Frisind.<br \/>\n<strong>Tidspunktet<\/strong> udkommer hver L\u00f8rdag Middag og koster i Abonnement 1,25 Kr. Kvartalet. Enkeltnumre 10 \u00d8re&#8221;.<\/p>\n<p>Indeholder 13 numre med bidrag af blandt andre Ludvig Holstein, Viggo Stuckenberg, Johs. V. Jensen, Albert Engstr\u00f6m\u00a0 m.fl.<\/p>\n","protected":false},"featured_media":12485,"template":"","meta":[],"product_brand":[],"product_cat":[287,914],"product_tag":[],"class_list":{"0":"post-12482","1":"product","2":"type-product","3":"status-publish","4":"has-post-thumbnail","6":"product_cat-blade","7":"product_cat-ugeblade","9":"first","10":"outofstock","11":"shipping-taxable","12":"purchasable","13":"product-type-simple"},"yoast_head":"<!-- This site is optimized with the Yoast SEO Premium plugin v26.9 (Yoast SEO v27.3) - https:\/\/yoast.com\/product\/yoast-seo-premium-wordpress\/ -->\n<title>Tidspunktet 1. \u00e5rgang 1902 - B\u00f8ger og Ting<\/title>\n<meta name=\"description\" content=\"Tidspunktet 1. \u00e5rgang 1902 - Redigeret af L.C. Nielsen - Indbundet i p\u00e6nt halvbind med kunstl\u00e6der og guldtryk p\u00e5 ryggen - God stand.\" \/>\n<meta name=\"robots\" content=\"index, follow, max-snippet:-1, max-image-preview:large, max-video-preview:-1\" \/>\n<link rel=\"canonical\" href=\"https:\/\/www.xn--bgerogting-0cb.dk\/index.php\/vare\/tidspunktet-1-aargang-1902\/\" \/>\n<meta property=\"og:locale\" content=\"da_DK\" \/>\n<meta property=\"og:type\" content=\"article\" \/>\n<meta property=\"og:title\" content=\"Tidspunktet 1. \u00e5rgang 1902\" \/>\n<meta property=\"og:description\" content=\"Tidspunktet 1. \u00e5rgang 1902 - Redigeret af L.C. Nielsen - Indbundet i p\u00e6nt halvbind med kunstl\u00e6der og guldtryk p\u00e5 ryggen - God stand.\" \/>\n<meta property=\"og:url\" content=\"https:\/\/www.xn--bgerogting-0cb.dk\/index.php\/vare\/tidspunktet-1-aargang-1902\/\" \/>\n<meta property=\"og:site_name\" content=\"B\u00f8ger og Ting\" \/>\n<meta property=\"article:publisher\" content=\"https:\/\/www.facebook.com\/boegerogting\/\" \/>\n<meta property=\"article:modified_time\" content=\"2022-03-27T09:23:15+00:00\" \/>\n<meta property=\"og:image\" content=\"https:\/\/www.xn--bgerogting-0cb.dk\/wp-content\/uploads\/2022\/03\/Tidspunktet-1.-aargang-1902.jpg\" \/>\n\t<meta property=\"og:image:width\" content=\"1920\" \/>\n\t<meta property=\"og:image:height\" content=\"1920\" \/>\n\t<meta property=\"og:image:type\" content=\"image\/jpeg\" \/>\n<meta name=\"twitter:card\" content=\"summary_large_image\" \/>\n<meta name=\"twitter:label1\" content=\"Pris\" \/>\n\t<meta name=\"twitter:data1\" content=\"kr.&nbsp;150,00\" \/>\n\t<meta name=\"twitter:label2\" content=\"Tilg\u00e6ngelighed\" \/>\n\t<meta name=\"twitter:data2\" content=\"Ikke p\u00e5 lager\" \/>\n<script type=\"application\/ld+json\" class=\"yoast-schema-graph\">{\"@context\":\"https:\\\/\\\/schema.org\",\"@graph\":[{\"@type\":\"WebPage\",\"@id\":\"https:\\\/\\\/www.xn--bgerogting-0cb.dk\\\/index.php\\\/vare\\\/tidspunktet-1-aargang-1902\\\/\",\"url\":\"https:\\\/\\\/www.xn--bgerogting-0cb.dk\\\/index.php\\\/vare\\\/tidspunktet-1-aargang-1902\\\/\",\"name\":\"Tidspunktet 1. \u00e5rgang 1902 - B\u00f8ger og Ting\",\"isPartOf\":{\"@id\":\"https:\\\/\\\/www.xn--bgerogting-0cb.dk\\\/#website\"},\"primaryImageOfPage\":{\"@id\":\"https:\\\/\\\/www.xn--bgerogting-0cb.dk\\\/index.php\\\/vare\\\/tidspunktet-1-aargang-1902\\\/#primaryimage\"},\"image\":{\"@id\":\"https:\\\/\\\/www.xn--bgerogting-0cb.dk\\\/index.php\\\/vare\\\/tidspunktet-1-aargang-1902\\\/#primaryimage\"},\"thumbnailUrl\":\"https:\\\/\\\/i0.wp.com\\\/www.xn--bgerogting-0cb.dk\\\/wp-content\\\/uploads\\\/2022\\\/03\\\/Tidspunktet-1.-aargang-1902.jpg?fit=1920%2C1920&ssl=1\",\"datePublished\":\"2022-03-25T15:41:25+00:00\",\"dateModified\":\"2022-03-27T09:23:15+00:00\",\"description\":\"Tidspunktet 1. \u00e5rgang 1902 - Redigeret af L.C. Nielsen - Indbundet i p\u00e6nt halvbind med kunstl\u00e6der og guldtryk p\u00e5 ryggen - God stand.\",\"breadcrumb\":{\"@id\":\"https:\\\/\\\/www.xn--bgerogting-0cb.dk\\\/index.php\\\/vare\\\/tidspunktet-1-aargang-1902\\\/#breadcrumb\"},\"inLanguage\":\"da-DK\",\"potentialAction\":[{\"@type\":\"ReadAction\",\"target\":[\"https:\\\/\\\/www.xn--bgerogting-0cb.dk\\\/index.php\\\/vare\\\/tidspunktet-1-aargang-1902\\\/\"]}]},{\"@type\":\"ImageObject\",\"inLanguage\":\"da-DK\",\"@id\":\"https:\\\/\\\/www.xn--bgerogting-0cb.dk\\\/index.php\\\/vare\\\/tidspunktet-1-aargang-1902\\\/#primaryimage\",\"url\":\"https:\\\/\\\/i0.wp.com\\\/www.xn--bgerogting-0cb.dk\\\/wp-content\\\/uploads\\\/2022\\\/03\\\/Tidspunktet-1.-aargang-1902.jpg?fit=1920%2C1920&ssl=1\",\"contentUrl\":\"https:\\\/\\\/i0.wp.com\\\/www.xn--bgerogting-0cb.dk\\\/wp-content\\\/uploads\\\/2022\\\/03\\\/Tidspunktet-1.-aargang-1902.jpg?fit=1920%2C1920&ssl=1\",\"width\":1920,\"height\":1920,\"caption\":\"Tidspunktet 1. \u00e5rgang 1902\"},{\"@type\":\"BreadcrumbList\",\"@id\":\"https:\\\/\\\/www.xn--bgerogting-0cb.dk\\\/index.php\\\/vare\\\/tidspunktet-1-aargang-1902\\\/#breadcrumb\",\"itemListElement\":[{\"@type\":\"ListItem\",\"position\":1,\"name\":\"Home\",\"item\":\"https:\\\/\\\/www.xn--bgerogting-0cb.dk\\\/\"},{\"@type\":\"ListItem\",\"position\":2,\"name\":\"Butik\",\"item\":\"https:\\\/\\\/www.xn--bgerogting-0cb.dk\\\/index.php\\\/shop\\\/\"},{\"@type\":\"ListItem\",\"position\":3,\"name\":\"Tidspunktet 1. \u00e5rgang 1902\"}]},{\"@type\":\"WebSite\",\"@id\":\"https:\\\/\\\/www.xn--bgerogting-0cb.dk\\\/#website\",\"url\":\"https:\\\/\\\/www.xn--bgerogting-0cb.dk\\\/\",\"name\":\"B\u00f8ger og Ting\",\"description\":\"Antikvarisk, retro, vintage og antik\",\"publisher\":{\"@id\":\"https:\\\/\\\/www.xn--bgerogting-0cb.dk\\\/#organization\"},\"potentialAction\":[{\"@type\":\"SearchAction\",\"target\":{\"@type\":\"EntryPoint\",\"urlTemplate\":\"https:\\\/\\\/www.xn--bgerogting-0cb.dk\\\/?s={search_term_string}\"},\"query-input\":{\"@type\":\"PropertyValueSpecification\",\"valueRequired\":true,\"valueName\":\"search_term_string\"}}],\"inLanguage\":\"da-DK\"},{\"@type\":\"Organization\",\"@id\":\"https:\\\/\\\/www.xn--bgerogting-0cb.dk\\\/#organization\",\"name\":\"B\u00f8ger og Ting\",\"url\":\"https:\\\/\\\/www.xn--bgerogting-0cb.dk\\\/\",\"logo\":{\"@type\":\"ImageObject\",\"inLanguage\":\"da-DK\",\"@id\":\"https:\\\/\\\/www.xn--bgerogting-0cb.dk\\\/#\\\/schema\\\/logo\\\/image\\\/\",\"url\":\"https:\\\/\\\/i0.wp.com\\\/www.xn--bgerogting-0cb.dk\\\/wp-content\\\/uploads\\\/2019\\\/10\\\/webicon.png?fit=205%2C205&ssl=1\",\"contentUrl\":\"https:\\\/\\\/i0.wp.com\\\/www.xn--bgerogting-0cb.dk\\\/wp-content\\\/uploads\\\/2019\\\/10\\\/webicon.png?fit=205%2C205&ssl=1\",\"width\":205,\"height\":205,\"caption\":\"B\u00f8ger og Ting\"},\"image\":{\"@id\":\"https:\\\/\\\/www.xn--bgerogting-0cb.dk\\\/#\\\/schema\\\/logo\\\/image\\\/\"},\"sameAs\":[\"https:\\\/\\\/www.facebook.com\\\/boegerogting\\\/\",\"https:\\\/\\\/www.instagram.com\\\/bogerogting\\\/\"]}]}<\/script>\n<meta property=\"product:price:amount\" content=\"150.00\" \/>\n<meta property=\"product:price:currency\" content=\"DKK\" \/>\n<meta property=\"og:availability\" content=\"out of stock\" \/>\n<meta property=\"product:availability\" content=\"out of stock\" \/>\n<meta property=\"product:retailer_item_id\" content=\"7626\" \/>\n<meta property=\"product:condition\" content=\"new\" \/>\n<!-- \/ Yoast SEO Premium plugin. -->","yoast_head_json":{"title":"Tidspunktet 1. \u00e5rgang 1902 - B\u00f8ger og Ting","description":"Tidspunktet 1. \u00e5rgang 1902 - Redigeret af L.C. Nielsen - Indbundet i p\u00e6nt halvbind med kunstl\u00e6der og guldtryk p\u00e5 ryggen - God stand.","robots":{"index":"index","follow":"follow","max-snippet":"max-snippet:-1","max-image-preview":"max-image-preview:large","max-video-preview":"max-video-preview:-1"},"canonical":"https:\/\/www.xn--bgerogting-0cb.dk\/index.php\/vare\/tidspunktet-1-aargang-1902\/","og_locale":"da_DK","og_type":"article","og_title":"Tidspunktet 1. \u00e5rgang 1902","og_description":"Tidspunktet 1. \u00e5rgang 1902 - Redigeret af L.C. Nielsen - Indbundet i p\u00e6nt halvbind med kunstl\u00e6der og guldtryk p\u00e5 ryggen - God stand.","og_url":"https:\/\/www.xn--bgerogting-0cb.dk\/index.php\/vare\/tidspunktet-1-aargang-1902\/","og_site_name":"B\u00f8ger og Ting","article_publisher":"https:\/\/www.facebook.com\/boegerogting\/","article_modified_time":"2022-03-27T09:23:15+00:00","og_image":[{"width":1920,"height":1920,"url":"https:\/\/www.xn--bgerogting-0cb.dk\/wp-content\/uploads\/2022\/03\/Tidspunktet-1.-aargang-1902.jpg","type":"image\/jpeg"}],"twitter_card":"summary_large_image","twitter_misc":{"Pris":"kr.&nbsp;150,00","Tilg\u00e6ngelighed":"Ikke p\u00e5 lager"},"schema":{"@context":"https:\/\/schema.org","@graph":[{"@type":"WebPage","@id":"https:\/\/www.xn--bgerogting-0cb.dk\/index.php\/vare\/tidspunktet-1-aargang-1902\/","url":"https:\/\/www.xn--bgerogting-0cb.dk\/index.php\/vare\/tidspunktet-1-aargang-1902\/","name":"Tidspunktet 1. \u00e5rgang 1902 - B\u00f8ger og Ting","isPartOf":{"@id":"https:\/\/www.xn--bgerogting-0cb.dk\/#website"},"primaryImageOfPage":{"@id":"https:\/\/www.xn--bgerogting-0cb.dk\/index.php\/vare\/tidspunktet-1-aargang-1902\/#primaryimage"},"image":{"@id":"https:\/\/www.xn--bgerogting-0cb.dk\/index.php\/vare\/tidspunktet-1-aargang-1902\/#primaryimage"},"thumbnailUrl":"https:\/\/i0.wp.com\/www.xn--bgerogting-0cb.dk\/wp-content\/uploads\/2022\/03\/Tidspunktet-1.-aargang-1902.jpg?fit=1920%2C1920&ssl=1","datePublished":"2022-03-25T15:41:25+00:00","dateModified":"2022-03-27T09:23:15+00:00","description":"Tidspunktet 1. \u00e5rgang 1902 - Redigeret af L.C. Nielsen - Indbundet i p\u00e6nt halvbind med kunstl\u00e6der og guldtryk p\u00e5 ryggen - God stand.","breadcrumb":{"@id":"https:\/\/www.xn--bgerogting-0cb.dk\/index.php\/vare\/tidspunktet-1-aargang-1902\/#breadcrumb"},"inLanguage":"da-DK","potentialAction":[{"@type":"ReadAction","target":["https:\/\/www.xn--bgerogting-0cb.dk\/index.php\/vare\/tidspunktet-1-aargang-1902\/"]}]},{"@type":"ImageObject","inLanguage":"da-DK","@id":"https:\/\/www.xn--bgerogting-0cb.dk\/index.php\/vare\/tidspunktet-1-aargang-1902\/#primaryimage","url":"https:\/\/i0.wp.com\/www.xn--bgerogting-0cb.dk\/wp-content\/uploads\/2022\/03\/Tidspunktet-1.-aargang-1902.jpg?fit=1920%2C1920&ssl=1","contentUrl":"https:\/\/i0.wp.com\/www.xn--bgerogting-0cb.dk\/wp-content\/uploads\/2022\/03\/Tidspunktet-1.-aargang-1902.jpg?fit=1920%2C1920&ssl=1","width":1920,"height":1920,"caption":"Tidspunktet 1. \u00e5rgang 1902"},{"@type":"BreadcrumbList","@id":"https:\/\/www.xn--bgerogting-0cb.dk\/index.php\/vare\/tidspunktet-1-aargang-1902\/#breadcrumb","itemListElement":[{"@type":"ListItem","position":1,"name":"Home","item":"https:\/\/www.xn--bgerogting-0cb.dk\/"},{"@type":"ListItem","position":2,"name":"Butik","item":"https:\/\/www.xn--bgerogting-0cb.dk\/index.php\/shop\/"},{"@type":"ListItem","position":3,"name":"Tidspunktet 1. \u00e5rgang 1902"}]},{"@type":"WebSite","@id":"https:\/\/www.xn--bgerogting-0cb.dk\/#website","url":"https:\/\/www.xn--bgerogting-0cb.dk\/","name":"B\u00f8ger og Ting","description":"Antikvarisk, retro, vintage og antik","publisher":{"@id":"https:\/\/www.xn--bgerogting-0cb.dk\/#organization"},"potentialAction":[{"@type":"SearchAction","target":{"@type":"EntryPoint","urlTemplate":"https:\/\/www.xn--bgerogting-0cb.dk\/?s={search_term_string}"},"query-input":{"@type":"PropertyValueSpecification","valueRequired":true,"valueName":"search_term_string"}}],"inLanguage":"da-DK"},{"@type":"Organization","@id":"https:\/\/www.xn--bgerogting-0cb.dk\/#organization","name":"B\u00f8ger og Ting","url":"https:\/\/www.xn--bgerogting-0cb.dk\/","logo":{"@type":"ImageObject","inLanguage":"da-DK","@id":"https:\/\/www.xn--bgerogting-0cb.dk\/#\/schema\/logo\/image\/","url":"https:\/\/i0.wp.com\/www.xn--bgerogting-0cb.dk\/wp-content\/uploads\/2019\/10\/webicon.png?fit=205%2C205&ssl=1","contentUrl":"https:\/\/i0.wp.com\/www.xn--bgerogting-0cb.dk\/wp-content\/uploads\/2019\/10\/webicon.png?fit=205%2C205&ssl=1","width":205,"height":205,"caption":"B\u00f8ger og Ting"},"image":{"@id":"https:\/\/www.xn--bgerogting-0cb.dk\/#\/schema\/logo\/image\/"},"sameAs":["https:\/\/www.facebook.com\/boegerogting\/","https:\/\/www.instagram.com\/bogerogting\/"]}]},"product_price_amount":"150.00","product_price_currency":"DKK","og_availability":"out of stock","product_availability":"out of stock","product_retailer_item_id":"7626","product_condition":"new"},"jetpack_sharing_enabled":true,"_links":{"self":[{"href":"https:\/\/www.xn--bgerogting-0cb.dk\/index.php\/wp-json\/wp\/v2\/product\/12482","targetHints":{"allow":["GET"]}}],"collection":[{"href":"https:\/\/www.xn--bgerogting-0cb.dk\/index.php\/wp-json\/wp\/v2\/product"}],"about":[{"href":"https:\/\/www.xn--bgerogting-0cb.dk\/index.php\/wp-json\/wp\/v2\/types\/product"}],"wp:featuredmedia":[{"embeddable":true,"href":"https:\/\/www.xn--bgerogting-0cb.dk\/index.php\/wp-json\/wp\/v2\/media\/12485"}],"wp:attachment":[{"href":"https:\/\/www.xn--bgerogting-0cb.dk\/index.php\/wp-json\/wp\/v2\/media?parent=12482"}],"wp:term":[{"taxonomy":"product_brand","embeddable":true,"href":"https:\/\/www.xn--bgerogting-0cb.dk\/index.php\/wp-json\/wp\/v2\/product_brand?post=12482"},{"taxonomy":"product_cat","embeddable":true,"href":"https:\/\/www.xn--bgerogting-0cb.dk\/index.php\/wp-json\/wp\/v2\/product_cat?post=12482"},{"taxonomy":"product_tag","embeddable":true,"href":"https:\/\/www.xn--bgerogting-0cb.dk\/index.php\/wp-json\/wp\/v2\/product_tag?post=12482"}],"curies":[{"name":"wp","href":"https:\/\/api.w.org\/{rel}","templated":true}]}}