{"id":11687,"date":"2021-12-06T22:03:46","date_gmt":"2021-12-06T21:03:46","guid":{"rendered":"https:\/\/www.xn--bgerogting-0cb.dk\/?post_type=product&#038;p=11687"},"modified":"2021-12-06T22:05:43","modified_gmt":"2021-12-06T21:05:43","slug":"aebletraesjulen-af-trinka-hakes-noble","status":"publish","type":"product","link":"https:\/\/www.xn--bgerogting-0cb.dk\/index.php\/vare\/aebletraesjulen-af-trinka-hakes-noble\/","title":{"rendered":"\u00c6bletr\u00e6sjulen af Trinka Hakes Noble"},"content":{"rendered":"<p>\u00c6bletr\u00e6sjulen af Trinka Hakes Noble.<br \/>\nSesam, 1986 &#8211; 28 sider &#8211; H\u00e6ftet hardback.<br \/>\nIllustreret af forfatteren &#8211; Amerikansk originaltitel: Apple Tree Christmas, 1984.<br \/>\nBogen er i fin stand.<\/p>\n<p>Hyggelig og sp\u00e6ndende beretning fra en helt anden tid.<br \/>\nKatrina bor med sin Mama og Papa og sin lilles\u00f8ster Josie i en gammel staldbygning, fordi der endnu ikke har v\u00e6ret r\u00e5d til at bygge et rigtigt hus.<br \/>\nFamilien har ikke meget, men de har et h\u00f8jtelsket , gammelt \u00e6bletr\u00e6. I en voldsom snestorm fl\u00e6kker det gamle tr\u00e6, men den snarr\u00e5dige far finder en m\u00e5de, s\u00e5 han kan give sine piger deres tr\u00e6 tilbage i julegave &#8230;<br \/>\nHistorien vil kunne tiltale sm\u00e5 fans af Laura-b\u00f8gerne.<\/p>\n","protected":false},"excerpt":{"rendered":"<p>\u00c6bletr\u00e6sjulen af Trinka Hakes Noble.<br \/>\nSesam, 1986 &#8211; 28 sider &#8211; H\u00e6ftet hardback.<br \/>\nIllustreret af forfatteren &#8211; Amerikansk originaltitel: Apple Tree Christmas, 1984.<br \/>\nBogen er i fin stand.<\/p>\n<p>Hyggelig og sp\u00e6ndende beretning fra en helt anden tid. Illustreret med lidt naive, men meget s\u00f8de tegninger.<br \/>\nKatrina bor i slutningen af 1800-tallet sammen med sin Mama og Papa og sin lilles\u00f8ster Josie i en gammel staldbygning, fordi der endnu ikke har v\u00e6ret r\u00e5d til at bygge et rigtigt hus.<br \/>\nFamilien har ikke meget, men de har et h\u00f8jtelsket , gammelt \u00e6bletr\u00e6. I en voldsom snestorm fl\u00e6kker det gamle tr\u00e6, men den snarr\u00e5dige far finder en m\u00e5de, s\u00e5 han kan give sine piger deres tr\u00e6 tilbage i julegave &#8230;<br \/>\nHistorien vil kunne tiltale sm\u00e5 fans af Laura-b\u00f8gerne.<\/p>\n","protected":false},"featured_media":11690,"template":"","meta":[],"product_brand":[],"product_cat":[85,81,27,308,35,48],"product_tag":[1081],"class_list":{"0":"post-11687","1":"product","2":"type-product","3":"status-publish","4":"has-post-thumbnail","6":"product_cat-alle-tiders-boerneboeger-1980-1989","7":"product_cat-billedboeger","8":"product_cat-boeger","9":"product_cat-jul-tema","10":"product_cat-barneboger","11":"product_cat-tema","12":"product_tag-gamle-dage","14":"first","15":"instock","16":"shipping-taxable","17":"purchasable","18":"product-type-simple"},"yoast_head":"<!-- This site is optimized with the Yoast SEO Premium plugin v27.4 (Yoast SEO v27.5) - https:\/\/yoast.com\/product\/yoast-seo-premium-wordpress\/ -->\n<title>\u00c6bletr\u00e6sjulen af Trinka Hakes Noble - B\u00f8ger og Ting<\/title>\n<meta name=\"description\" content=\"\u00c6bletr\u00e6sjulen af Trinka Hakes Noble - Sesam, 1986 - 28 sider - H\u00e6ftet hardback - Bogen er i fin stand.\" \/>\n<meta name=\"robots\" content=\"index, follow, max-snippet:-1, max-image-preview:large, max-video-preview:-1\" \/>\n<link rel=\"canonical\" href=\"https:\/\/www.xn--bgerogting-0cb.dk\/index.php\/vare\/aebletraesjulen-af-trinka-hakes-noble\/\" \/>\n<meta property=\"og:locale\" content=\"da_DK\" \/>\n<meta property=\"og:type\" content=\"article\" \/>\n<meta property=\"og:title\" content=\"\u00c6bletr\u00e6sjulen af Trinka Hakes Noble\" \/>\n<meta property=\"og:description\" content=\"\u00c6bletr\u00e6sjulen af Trinka Hakes Noble - Sesam, 1986 - 28 sider - H\u00e6ftet hardback - Bogen er i fin stand.\" \/>\n<meta property=\"og:url\" content=\"https:\/\/www.xn--bgerogting-0cb.dk\/index.php\/vare\/aebletraesjulen-af-trinka-hakes-noble\/\" \/>\n<meta property=\"og:site_name\" content=\"B\u00f8ger og Ting\" \/>\n<meta property=\"article:publisher\" content=\"https:\/\/www.facebook.com\/boegerogting\/\" \/>\n<meta property=\"article:modified_time\" content=\"2021-12-06T21:05:43+00:00\" \/>\n<meta property=\"og:image\" content=\"https:\/\/www.xn--bgerogting-0cb.dk\/wp-content\/uploads\/2021\/12\/Aebletraesjulen.jpg\" \/>\n\t<meta property=\"og:image:width\" content=\"1920\" \/>\n\t<meta property=\"og:image:height\" content=\"1920\" \/>\n\t<meta property=\"og:image:type\" content=\"image\/jpeg\" \/>\n<meta name=\"twitter:card\" content=\"summary_large_image\" \/>\n<meta name=\"twitter:label1\" content=\"Pris\" \/>\n\t<meta name=\"twitter:data1\" content=\"kr.&nbsp;70,00\" \/>\n\t<meta name=\"twitter:label2\" content=\"Tilg\u00e6ngelighed\" \/>\n\t<meta name=\"twitter:data2\" content=\"P\u00e5 lager\" \/>\n<script type=\"application\/ld+json\" class=\"yoast-schema-graph\">{\"@context\":\"https:\\\/\\\/schema.org\",\"@graph\":[{\"@type\":\"WebPage\",\"@id\":\"https:\\\/\\\/www.xn--bgerogting-0cb.dk\\\/index.php\\\/vare\\\/aebletraesjulen-af-trinka-hakes-noble\\\/\",\"url\":\"https:\\\/\\\/www.xn--bgerogting-0cb.dk\\\/index.php\\\/vare\\\/aebletraesjulen-af-trinka-hakes-noble\\\/\",\"name\":\"\u00c6bletr\u00e6sjulen af Trinka Hakes Noble - B\u00f8ger og Ting\",\"isPartOf\":{\"@id\":\"https:\\\/\\\/www.xn--bgerogting-0cb.dk\\\/#website\"},\"primaryImageOfPage\":{\"@id\":\"https:\\\/\\\/www.xn--bgerogting-0cb.dk\\\/index.php\\\/vare\\\/aebletraesjulen-af-trinka-hakes-noble\\\/#primaryimage\"},\"image\":{\"@id\":\"https:\\\/\\\/www.xn--bgerogting-0cb.dk\\\/index.php\\\/vare\\\/aebletraesjulen-af-trinka-hakes-noble\\\/#primaryimage\"},\"thumbnailUrl\":\"https:\\\/\\\/i0.wp.com\\\/www.xn--bgerogting-0cb.dk\\\/wp-content\\\/uploads\\\/2021\\\/12\\\/Aebletraesjulen.jpg?fit=1920%2C1920&ssl=1\",\"datePublished\":\"2021-12-06T21:03:46+00:00\",\"dateModified\":\"2021-12-06T21:05:43+00:00\",\"description\":\"\u00c6bletr\u00e6sjulen af Trinka Hakes Noble - Sesam, 1986 - 28 sider - H\u00e6ftet hardback - Bogen er i fin stand.\",\"breadcrumb\":{\"@id\":\"https:\\\/\\\/www.xn--bgerogting-0cb.dk\\\/index.php\\\/vare\\\/aebletraesjulen-af-trinka-hakes-noble\\\/#breadcrumb\"},\"inLanguage\":\"da-DK\",\"potentialAction\":[{\"@type\":\"ReadAction\",\"target\":[\"https:\\\/\\\/www.xn--bgerogting-0cb.dk\\\/index.php\\\/vare\\\/aebletraesjulen-af-trinka-hakes-noble\\\/\"]}]},{\"@type\":\"ImageObject\",\"inLanguage\":\"da-DK\",\"@id\":\"https:\\\/\\\/www.xn--bgerogting-0cb.dk\\\/index.php\\\/vare\\\/aebletraesjulen-af-trinka-hakes-noble\\\/#primaryimage\",\"url\":\"https:\\\/\\\/i0.wp.com\\\/www.xn--bgerogting-0cb.dk\\\/wp-content\\\/uploads\\\/2021\\\/12\\\/Aebletraesjulen.jpg?fit=1920%2C1920&ssl=1\",\"contentUrl\":\"https:\\\/\\\/i0.wp.com\\\/www.xn--bgerogting-0cb.dk\\\/wp-content\\\/uploads\\\/2021\\\/12\\\/Aebletraesjulen.jpg?fit=1920%2C1920&ssl=1\",\"width\":1920,\"height\":1920,\"caption\":\"\u00c6bletr\u00e6sjulen\"},{\"@type\":\"BreadcrumbList\",\"@id\":\"https:\\\/\\\/www.xn--bgerogting-0cb.dk\\\/index.php\\\/vare\\\/aebletraesjulen-af-trinka-hakes-noble\\\/#breadcrumb\",\"itemListElement\":[{\"@type\":\"ListItem\",\"position\":1,\"name\":\"Home\",\"item\":\"https:\\\/\\\/www.xn--bgerogting-0cb.dk\\\/\"},{\"@type\":\"ListItem\",\"position\":2,\"name\":\"Butik\",\"item\":\"https:\\\/\\\/www.xn--bgerogting-0cb.dk\\\/index.php\\\/shop\\\/\"},{\"@type\":\"ListItem\",\"position\":3,\"name\":\"\u00c6bletr\u00e6sjulen af Trinka Hakes Noble\"}]},{\"@type\":\"WebSite\",\"@id\":\"https:\\\/\\\/www.xn--bgerogting-0cb.dk\\\/#website\",\"url\":\"https:\\\/\\\/www.xn--bgerogting-0cb.dk\\\/\",\"name\":\"B\u00f8ger og Ting\",\"description\":\"Antikvarisk, retro, vintage og antik\",\"publisher\":{\"@id\":\"https:\\\/\\\/www.xn--bgerogting-0cb.dk\\\/#organization\"},\"potentialAction\":[{\"@type\":\"SearchAction\",\"target\":{\"@type\":\"EntryPoint\",\"urlTemplate\":\"https:\\\/\\\/www.xn--bgerogting-0cb.dk\\\/?s={search_term_string}\"},\"query-input\":{\"@type\":\"PropertyValueSpecification\",\"valueRequired\":true,\"valueName\":\"search_term_string\"}}],\"inLanguage\":\"da-DK\"},{\"@type\":\"Organization\",\"@id\":\"https:\\\/\\\/www.xn--bgerogting-0cb.dk\\\/#organization\",\"name\":\"B\u00f8ger og Ting\",\"url\":\"https:\\\/\\\/www.xn--bgerogting-0cb.dk\\\/\",\"logo\":{\"@type\":\"ImageObject\",\"inLanguage\":\"da-DK\",\"@id\":\"https:\\\/\\\/www.xn--bgerogting-0cb.dk\\\/#\\\/schema\\\/logo\\\/image\\\/\",\"url\":\"https:\\\/\\\/i0.wp.com\\\/www.xn--bgerogting-0cb.dk\\\/wp-content\\\/uploads\\\/2019\\\/10\\\/webicon.png?fit=205%2C205&ssl=1\",\"contentUrl\":\"https:\\\/\\\/i0.wp.com\\\/www.xn--bgerogting-0cb.dk\\\/wp-content\\\/uploads\\\/2019\\\/10\\\/webicon.png?fit=205%2C205&ssl=1\",\"width\":205,\"height\":205,\"caption\":\"B\u00f8ger og Ting\"},\"image\":{\"@id\":\"https:\\\/\\\/www.xn--bgerogting-0cb.dk\\\/#\\\/schema\\\/logo\\\/image\\\/\"},\"sameAs\":[\"https:\\\/\\\/www.facebook.com\\\/boegerogting\\\/\",\"https:\\\/\\\/www.instagram.com\\\/bogerogting\\\/\"]}]}<\/script>\n<meta property=\"product:price:amount\" content=\"70.00\" \/>\n<meta property=\"product:price:currency\" content=\"DKK\" \/>\n<meta property=\"og:availability\" content=\"instock\" \/>\n<meta property=\"product:availability\" content=\"instock\" \/>\n<meta property=\"product:retailer_item_id\" content=\"7102\" \/>\n<meta property=\"product:condition\" content=\"new\" \/>\n<!-- \/ Yoast SEO Premium plugin. -->","yoast_head_json":{"title":"\u00c6bletr\u00e6sjulen af Trinka Hakes Noble - B\u00f8ger og Ting","description":"\u00c6bletr\u00e6sjulen af Trinka Hakes Noble - Sesam, 1986 - 28 sider - H\u00e6ftet hardback - Bogen er i fin stand.","robots":{"index":"index","follow":"follow","max-snippet":"max-snippet:-1","max-image-preview":"max-image-preview:large","max-video-preview":"max-video-preview:-1"},"canonical":"https:\/\/www.xn--bgerogting-0cb.dk\/index.php\/vare\/aebletraesjulen-af-trinka-hakes-noble\/","og_locale":"da_DK","og_type":"article","og_title":"\u00c6bletr\u00e6sjulen af Trinka Hakes Noble","og_description":"\u00c6bletr\u00e6sjulen af Trinka Hakes Noble - Sesam, 1986 - 28 sider - H\u00e6ftet hardback - Bogen er i fin stand.","og_url":"https:\/\/www.xn--bgerogting-0cb.dk\/index.php\/vare\/aebletraesjulen-af-trinka-hakes-noble\/","og_site_name":"B\u00f8ger og Ting","article_publisher":"https:\/\/www.facebook.com\/boegerogting\/","article_modified_time":"2021-12-06T21:05:43+00:00","og_image":[{"width":1920,"height":1920,"url":"https:\/\/www.xn--bgerogting-0cb.dk\/wp-content\/uploads\/2021\/12\/Aebletraesjulen.jpg","type":"image\/jpeg"}],"twitter_card":"summary_large_image","twitter_misc":{"Pris":"kr.&nbsp;70,00","Tilg\u00e6ngelighed":"P\u00e5 lager"},"schema":{"@context":"https:\/\/schema.org","@graph":[{"@type":"WebPage","@id":"https:\/\/www.xn--bgerogting-0cb.dk\/index.php\/vare\/aebletraesjulen-af-trinka-hakes-noble\/","url":"https:\/\/www.xn--bgerogting-0cb.dk\/index.php\/vare\/aebletraesjulen-af-trinka-hakes-noble\/","name":"\u00c6bletr\u00e6sjulen af Trinka Hakes Noble - B\u00f8ger og Ting","isPartOf":{"@id":"https:\/\/www.xn--bgerogting-0cb.dk\/#website"},"primaryImageOfPage":{"@id":"https:\/\/www.xn--bgerogting-0cb.dk\/index.php\/vare\/aebletraesjulen-af-trinka-hakes-noble\/#primaryimage"},"image":{"@id":"https:\/\/www.xn--bgerogting-0cb.dk\/index.php\/vare\/aebletraesjulen-af-trinka-hakes-noble\/#primaryimage"},"thumbnailUrl":"https:\/\/i0.wp.com\/www.xn--bgerogting-0cb.dk\/wp-content\/uploads\/2021\/12\/Aebletraesjulen.jpg?fit=1920%2C1920&ssl=1","datePublished":"2021-12-06T21:03:46+00:00","dateModified":"2021-12-06T21:05:43+00:00","description":"\u00c6bletr\u00e6sjulen af Trinka Hakes Noble - Sesam, 1986 - 28 sider - H\u00e6ftet hardback - Bogen er i fin stand.","breadcrumb":{"@id":"https:\/\/www.xn--bgerogting-0cb.dk\/index.php\/vare\/aebletraesjulen-af-trinka-hakes-noble\/#breadcrumb"},"inLanguage":"da-DK","potentialAction":[{"@type":"ReadAction","target":["https:\/\/www.xn--bgerogting-0cb.dk\/index.php\/vare\/aebletraesjulen-af-trinka-hakes-noble\/"]}]},{"@type":"ImageObject","inLanguage":"da-DK","@id":"https:\/\/www.xn--bgerogting-0cb.dk\/index.php\/vare\/aebletraesjulen-af-trinka-hakes-noble\/#primaryimage","url":"https:\/\/i0.wp.com\/www.xn--bgerogting-0cb.dk\/wp-content\/uploads\/2021\/12\/Aebletraesjulen.jpg?fit=1920%2C1920&ssl=1","contentUrl":"https:\/\/i0.wp.com\/www.xn--bgerogting-0cb.dk\/wp-content\/uploads\/2021\/12\/Aebletraesjulen.jpg?fit=1920%2C1920&ssl=1","width":1920,"height":1920,"caption":"\u00c6bletr\u00e6sjulen"},{"@type":"BreadcrumbList","@id":"https:\/\/www.xn--bgerogting-0cb.dk\/index.php\/vare\/aebletraesjulen-af-trinka-hakes-noble\/#breadcrumb","itemListElement":[{"@type":"ListItem","position":1,"name":"Home","item":"https:\/\/www.xn--bgerogting-0cb.dk\/"},{"@type":"ListItem","position":2,"name":"Butik","item":"https:\/\/www.xn--bgerogting-0cb.dk\/index.php\/shop\/"},{"@type":"ListItem","position":3,"name":"\u00c6bletr\u00e6sjulen af Trinka Hakes Noble"}]},{"@type":"WebSite","@id":"https:\/\/www.xn--bgerogting-0cb.dk\/#website","url":"https:\/\/www.xn--bgerogting-0cb.dk\/","name":"B\u00f8ger og Ting","description":"Antikvarisk, retro, vintage og antik","publisher":{"@id":"https:\/\/www.xn--bgerogting-0cb.dk\/#organization"},"potentialAction":[{"@type":"SearchAction","target":{"@type":"EntryPoint","urlTemplate":"https:\/\/www.xn--bgerogting-0cb.dk\/?s={search_term_string}"},"query-input":{"@type":"PropertyValueSpecification","valueRequired":true,"valueName":"search_term_string"}}],"inLanguage":"da-DK"},{"@type":"Organization","@id":"https:\/\/www.xn--bgerogting-0cb.dk\/#organization","name":"B\u00f8ger og Ting","url":"https:\/\/www.xn--bgerogting-0cb.dk\/","logo":{"@type":"ImageObject","inLanguage":"da-DK","@id":"https:\/\/www.xn--bgerogting-0cb.dk\/#\/schema\/logo\/image\/","url":"https:\/\/i0.wp.com\/www.xn--bgerogting-0cb.dk\/wp-content\/uploads\/2019\/10\/webicon.png?fit=205%2C205&ssl=1","contentUrl":"https:\/\/i0.wp.com\/www.xn--bgerogting-0cb.dk\/wp-content\/uploads\/2019\/10\/webicon.png?fit=205%2C205&ssl=1","width":205,"height":205,"caption":"B\u00f8ger og Ting"},"image":{"@id":"https:\/\/www.xn--bgerogting-0cb.dk\/#\/schema\/logo\/image\/"},"sameAs":["https:\/\/www.facebook.com\/boegerogting\/","https:\/\/www.instagram.com\/bogerogting\/"]}]},"product_price_amount":"70.00","product_price_currency":"DKK","og_availability":"instock","product_availability":"instock","product_retailer_item_id":"7102","product_condition":"new"},"jetpack_sharing_enabled":true,"_links":{"self":[{"href":"https:\/\/www.xn--bgerogting-0cb.dk\/index.php\/wp-json\/wp\/v2\/product\/11687","targetHints":{"allow":["GET"]}}],"collection":[{"href":"https:\/\/www.xn--bgerogting-0cb.dk\/index.php\/wp-json\/wp\/v2\/product"}],"about":[{"href":"https:\/\/www.xn--bgerogting-0cb.dk\/index.php\/wp-json\/wp\/v2\/types\/product"}],"wp:featuredmedia":[{"embeddable":true,"href":"https:\/\/www.xn--bgerogting-0cb.dk\/index.php\/wp-json\/wp\/v2\/media\/11690"}],"wp:attachment":[{"href":"https:\/\/www.xn--bgerogting-0cb.dk\/index.php\/wp-json\/wp\/v2\/media?parent=11687"}],"wp:term":[{"taxonomy":"product_brand","embeddable":true,"href":"https:\/\/www.xn--bgerogting-0cb.dk\/index.php\/wp-json\/wp\/v2\/product_brand?post=11687"},{"taxonomy":"product_cat","embeddable":true,"href":"https:\/\/www.xn--bgerogting-0cb.dk\/index.php\/wp-json\/wp\/v2\/product_cat?post=11687"},{"taxonomy":"product_tag","embeddable":true,"href":"https:\/\/www.xn--bgerogting-0cb.dk\/index.php\/wp-json\/wp\/v2\/product_tag?post=11687"}],"curies":[{"name":"wp","href":"https:\/\/api.w.org\/{rel}","templated":true}]}}